000
CXUS54 KHGX 020713
CF6HOU
PRELIMINARY LOCAL CLIMATOLOGICAL DATA (WS FORM: F-6)
STATION: HOUSTON/HOBBY AIRPORT
MONTH: MAY
YEAR: 2022
LATITUDE: 29 38 N
LONGITUDE: 95 17 W
TEMPERATURE IN F: :PCPN: SNOW: WIND :SUNSHINE: SKY :PK WND
================================================================================
1 2 3 4 5 6A 6B 7 8 9 10 11 12 13 14 15 16 17 18
12Z AVG MX 2MIN
DY MAX MIN AVG DEP HDD CDD WTR SNW DPTH SPD SPD DIR MIN PSBL S-S WX SPD DR
================================================================================
1 88 73 81 7 0 16 0.09 0.0 0 8.6 20 180 M M 8 26 170
2 87 75 81 7 0 16 0.00 0.0 0 14.9 26 150 M M 7 34 180
3 87 76 82 8 0 17 T 0.0 0 12.1 20 170 M M 7 26 170
4 88 76 82 7 0 17 0.00 0.0 0 12.7 23 160 M M 7 30 130
5 89 69 79 4 0 14 0.50 0.0 0 14.8 35 150 M M 9 138 46 10
6 91 67 79 4 0 14 0.10 0.0 0 6.4 28 180 M M 4 13 39 240
7 91 76 84 9 0 19 0.00 0.0 0 9.1 17 150 M M 7 1 22 140
8 91 77 84 8 0 19 0.00 0.0 0 12.6 21 160 M M 5 18 29 160
9 90 78 84 8 0 19 0.00 0.0 0 13.8 22 130 M M 6 29 170
10 91 76 84 8 0 19 0.00 0.0 0 12.4 21 120 M M 4 27 110
11 88 72 80 4 0 15 0.00 0.0 0 7.9 18 110 M M 5 26 110
12 90 69 80 3 0 15 0.00 0.0 0 6.4 15 160 M M 1 21 180
13 90 69 80 3 0 15 0.00 0.0 0 7.7 16 160 M M 4 23 200
14 90 71 81 4 0 16 0.00 0.0 0 7.4 17 190 M M 6 24 150
15 92 69 81 4 0 16 0.00 0.0 0 8.8 20 190 M M 4 27 190
16 94 73 84 6 0 19 0.00 0.0 0 8.2 26 220 M M 8 32 220
17 92 72 82 4 0 17 0.00 0.0 0 8.1 18 180 M M 5 29 200
18 94 73 84 6 0 19 0.00 0.0 0 11.6 21 180 M M 4 34 170
19 92 76 84 6 0 19 0.00 0.0 0 13.6 23 160 M M 5 30 150
20 93 77 85 6 0 20 T 0.0 0 16.7 30 130 M M 7 8 39 140
21 93 80 87 8 0 22 T 0.0 0 13.2 21 140 M M 7 28 140
22 85 70 78 -1 0 13 1.02 0.0 0 9.7 29 270 M M 9 13 41 280
23 85 71 78 -1 0 13 0.00 0.0 0 9.7 16 70 M M 8 22 60
24 82 69 76 -4 0 11 0.45 0.0 0 8.4 36 160 M M 10 13 48 160
25 85 65 75 -5 0 10 0.92 0.0 0 9.6 33 310 M M 6 13 48 310
26 93 63 78 -2 0 13 0.00 0.0 0 7.0 16 290 M M 0 22 220
27 95 71 83 3 0 18 0.00 0.0 0 7.8 17 290 M M 2 22 290
28 94 71 83 3 0 18 0.00 0.0 0 6.9 17 150 M M 2 22 160
29 91 74 83 2 0 18 0.00 0.0 0 11.7 23 170 M M 4 32 180
30 91 79 85 4 0 20 T 0.0 0 15.7 24 150 M M 4 35 160
31 92 79 86 5 0 21 T 0.0 0 12.7 23 120 M M 4 29 120
================================================================================
SM 2794 2256 0 518 3.08 0.0 326.2 M 169
================================================================================
AV 90.1 72.8 10.5 FASTST M M 5 MAX(MPH)
MISC ----> 36 160 # 48 160
================================================================================
NOTES:
# LAST OF SEVERAL OCCURRENCES
COLUMN 17 PEAK WIND IN M.P.H.
PRELIMINARY LOCAL CLIMATOLOGICAL DATA (WS FORM: F-6) , PAGE 2
STATION: HOUSTON/HOBBY AIRPORT
MONTH: MAY
YEAR: 2022
LATITUDE: 29 38 N
LONGITUDE: 95 17 W
[TEMPERATURE DATA] [PRECIPITATION DATA] SYMBOLS USED IN COLUMN 16
AVERAGE MONTHLY: 81.5 TOTAL FOR MONTH: 3.08 1 = FOG OR MIST
DPTR FM NORMAL: 3.9 DPTR FM NORMAL: -2.34 2 = FOG REDUCING VISIBILITY
HIGHEST: 95 ON 27 GRTST 24HR 1.37 ON 24-25 TO 1/4 MILE OR LESS
LOWEST: 63 ON 26 3 = THUNDER
SNOW, ICE PELLETS, HAIL 4 = ICE PELLETS
TOTAL MONTH: 0.0 INCH 5 = HAIL
GRTST 24HR 0.0 6 = FREEZING RAIN OR DRIZZLE
GRTST DEPTH: 0 7 = DUSTSTORM OR SANDSTORM:
VSBY 1/2 MILE OR LESS
8 = SMOKE OR HAZE
[NO. OF DAYS WITH] [WEATHER - DAYS WITH] 9 = BLOWING SNOW
X = TORNADO
MAX 32 OR BELOW: 0 0.01 INCH OR MORE: 6
MAX 90 OR ABOVE: 21 0.10 INCH OR MORE: 5
MIN 32 OR BELOW: 0 0.50 INCH OR MORE: 3
MIN 0 OR BELOW: 0 1.00 INCH OR MORE: 1
[HDD (BASE 65) ]
TOTAL THIS MO. 0 CLEAR (SCALE 0-3) 4
DPTR FM NORMAL -1 PTCLDY (SCALE 4-7) 24
TOTAL FM JUL 1 928 CLOUDY (SCALE 8-10) 3
DPTR FM NORMAL -170
[CDD (BASE 65) ]
TOTAL THIS MO. 518
DPTR FM NORMAL 127 [PRESSURE DATA]
TOTAL FM JAN 1 914 HIGHEST SLP 30.17 ON 22
DPTR FM NORMAL 192 LOWEST SLP 29.68 ON 24
[REMARKS]
#FINAL-05-22#