000
CXUS54 KHGX 011510
CF6HOU
PRELIMINARY LOCAL CLIMATOLOGICAL DATA (WS FORM: F-6)
STATION: HOUSTON/HOBBY AIRPORT
MONTH: FEBRUARY
YEAR: 2021
LATITUDE: 29 38 N
LONGITUDE: 95 17 W
TEMPERATURE IN F: :PCPN: SNOW: WIND :SUNSHINE: SKY :PK WND
================================================================================
1 2 3 4 5 6A 6B 7 8 9 10 11 12 13 14 15 16 17 18
12Z AVG MX 2MIN
DY MAX MIN AVG DEP HDD CDD WTR SNW DPTH SPD SPD DIR MIN PSBL S-S WX SPD DR
================================================================================
1 65 44 55 0 10 0 0.00 0.0 0 9.6 18 10 M M 1 23 340
2 66 45 56 1 9 0 0.00 0.0 0 6.4 15 110 M M 4 18 110
3 69 48 59 4 6 0 0.00 0.0 0 9.5 17 140 M M 3 22 170
4 80 61 71 16 0 6 0.00 0.0 0 12.2 28 210 M M 7 33 220
5 63 48 56 0 9 0 0.03 0.0 0 12.7 23 40 M M 10 28 40
6 68 50 59 3 6 0 0.00 0.0 0 8.2 17 10 M M 7 18 22 360
7 64 43 54 -2 11 0 0.00 0.0 0 8.9 17 100 M M 1 21 110
8 72 51 62 6 3 0 0.00 0.0 0 9.4 18 120 M M 9 1 21 110
9 72 63 68 12 0 3 0.00 0.0 0 6.4 15 120 M M 10 12 17 110
10 68 48 58 2 7 0 0.07 0.0 0 7.9 17 350 M M 10 128 20 340
11 48 40 44 -12 21 0 1.41 0.0 0 14.6 23 360 M M 10 138 28 20
12 42 35 39 -18 26 0 0.01 0.0 0 16.2 24 360 M M 10 18 31 350
13 44 36 40 -17 25 0 0.01 0.0 0 14.0 20 360 M M 10 24 350
14 39 28 34 -23 31 0 0.11 T 0 14.1 23 10 M M 10 146 30 350
15 28 17 23 -34 42 0 0.04 0.5 T 19.2 29 330 M M 6 1468 38 330
16 36 15 26 -31 39 0 0.00 0.0 0 8.8 17 90 M M 4 21 100
17 39 33 36 -22 29 0 0.16 0.0 0 14.1 22 60 M M 10 18 27 20
18 44 31 38 -20 27 0 0.00 0.0 0 16.1 25 340 M M 8 29 350
19 51 26 39 -19 26 0 0.00 0.0 0 6.4 17 350 M M 1 21 340
20 60 31 46 -12 19 0 0.00 0.0 0 7.5 17 140 M M 1 20 170
21 73 45 59 1 6 0 0.00 0.0 0 8.7 22 190 M M 6 27 170
22 77 51 64 5 1 0 0.00 0.0 0 6.9 15 40 M M 3 19 40
23 79 44 62 3 3 0 0.00 0.0 0 8.2 17 160 M M 1 18 22 180
24 81 57 69 10 0 4 0.00 0.0 0 9.8 21 200 M M 7 26 210
25 72 66 69 10 0 4 0.06 0.0 0 10.3 20 160 M M 9 1 24 160
26 81 69 75 15 0 10 0.00 0.0 0 11.2 23 160 M M 9 18 28 170
27 78 70 74 14 0 9 T 0.0 0 12.6 22 160 M M 10 1 27 150
28 82 71 77 17 0 12 T 0.0 0 11.2 18 170 M M 9 18 24 180
================================================================================
SM 1741 1266 356 48 1.90 0.5 301.1 M 186
================================================================================
AV 62.2 45.2 10.8 FASTST M M 7 MAX(MPH)
MISC ----> 29 330 38 330
================================================================================
NOTES:
# LAST OF SEVERAL OCCURRENCES
COLUMN 17 PEAK WIND IN M.P.H.
PRELIMINARY LOCAL CLIMATOLOGICAL DATA (WS FORM: F-6) , PAGE 2
STATION: HOUSTON/HOBBY AIRPORT
MONTH: FEBRUARY
YEAR: 2021
LATITUDE: 29 38 N
LONGITUDE: 95 17 W
[TEMPERATURE DATA] [PRECIPITATION DATA] SYMBOLS USED IN COLUMN 16
AVERAGE MONTHLY: 53.7 TOTAL FOR MONTH: 1.90 1 = FOG OR MIST
DPTR FM NORMAL: -3.6 DPTR FM NORMAL: -1.31 2 = FOG REDUCING VISIBILITY
HIGHEST: 82 ON 28 GRTST 24HR 1.41 ON 11-11 TO 1/4 MILE OR LESS
LOWEST: 15 ON 16 3 = THUNDER
SNOW, ICE PELLETS, HAIL 4 = ICE PELLETS
TOTAL MONTH: 0.5 INCH 5 = HAIL
GRTST 24HR 0.5 ON 15-15 6 = FREEZING RAIN OR DRIZZLE
GRTST DEPTH: T 7 = DUSTSTORM OR SANDSTORM:
VSBY 1/2 MILE OR LESS
8 = SMOKE OR HAZE
[NO. OF DAYS WITH] [WEATHER - DAYS WITH] 9 = BLOWING SNOW
X = TORNADO
MAX 32 OR BELOW: 1 0.01 INCH OR MORE: 9
MAX 90 OR ABOVE: 0 0.10 INCH OR MORE: 3
MIN 32 OR BELOW: 6 0.50 INCH OR MORE: 1
MIN 0 OR BELOW: 0 1.00 INCH OR MORE: 1
[HDD (BASE 65) ]
TOTAL THIS MO. 356 CLEAR (SCALE 0-3) 6
DPTR FM NORMAL 117 PTCLDY (SCALE 4-7) 8
TOTAL FM JUL 1 929 CLOUDY (SCALE 8-10) 14
DPTR FM NORMAL -140
[CDD (BASE 65) ]
TOTAL THIS MO. 48
DPTR FM NORMAL 26 [PRESSURE DATA]
TOTAL FM JAN 1 74 HIGHEST SLP 30.57 ON 19
DPTR FM NORMAL 30 LOWEST SLP 29.78 ON 4
[REMARKS]
#FINAL-02-21#