000
CXUS54 KLZK 011130
CF6HRO
PRELIMINARY LOCAL CLIMATOLOGICAL DATA (WS FORM: F-6)
STATION: HARRISON
MONTH: MARCH
YEAR: 2021
LATITUDE: 36 15 N
LONGITUDE: 93 9 W
TEMPERATURE IN F: :PCPN: SNOW: WIND :SUNSHINE: SKY :PK WND
================================================================================
1 2 3 4 5 6A 6B 7 8 9 10 11 12 13 14 15 16 17 18
12Z AVG MX 2MIN
DY MAX MIN AVG DEP HDD CDD WTR SNW DPTH SPD SPD DIR MIN PSBL S-S WX SPD DR
================================================================================
1 54 31 43 -1 22 0 0.00 0.0 0 4.6 13 40 M M 0 16 340
2 57 28 43 -1 22 0 0.00 0.0 0 3.5 15 140 M M 0 26 170
3 69 34 52 7 13 0 0.00 0.0 0 5.0 14 270 M M 0 20 270
4 71 40 56 11 9 0 0.00 0.0 0 5.3 15 120 M M 0 19 110
5 52 34 43 -2 22 0 0.08 0.0 0 6.5 16 100 M M 6 22 90
6 60 27 44 -2 21 0 0.00 0.0 0 3.4 12 150 M M 0 15 170
7 66 35 51 5 14 0 0.00 0.0 M 7.1 18 150 M M 0 8 27 160
8 68 36 52 6 13 0 0.00 0.0 0 8.3 17 170 M M 1 8 22 170
9 68 47 58 11 7 0 0.00 0.0 0 10.4 22 190 M M 4 30 170
10 66 58 62 15 3 0 0.00 0.0 0 13.3 23 200 M M 6 36 160
11 71 51 61 14 4 0 0.03 0.0 0 8.2 23 300 M M 8 1 28 210
12 54 47 51 3 14 0 1.38 0.0 0 7.2 15 110 M M 10 123 20 120
13 57 46 52 4 13 0 1.20 0.0 0 9.8 15 110 M M 10 12 19 110
14 62 47 55 7 10 0 1.62 0.0 M 10.7 22 120 M M 10 123 31 120
15 69 41 55 7 10 0 0.00 0.0 M 9.0 24 170 M M 3 12 34 260
16 71 41 56 7 9 0 0.00 0.0 M 6.9 15 120 M M 0 19 130
17 73 42 58 9 7 0 0.08 0.0 0 8.6 22 290 M M 6 13 29 290
18 42 33 38 -11 27 0 0.04 T 0 14.5 22 330 M M 10 1 32 320
19 60 37 49 -1 16 0 0.00 0.0 0 8.9 16 20 M M 3 22 360
20 61 31 46 -4 19 0 0.00 0.0 0 6.8 18 150 M M 0 25 120
21 68 39 54 4 11 0 0.00 0.0 0 8.9 24 170 M M 0 30 160
22 65 41 53 2 12 0 0.09 0.0 0 10.1 24 160 M M 2 30 150
23 65 49 57 6 8 0 0.63 0.0 0 11.7 23 160 M M 7 1 31 220
24 69 44 57 6 8 0 T 0.0 0 6.4 14 250 M M 0 8 18 250
25 55 45 50 -2 15 0 1.69 0.0 0 8.5 23 120 M M 10 1 36 110
26 72 42 57 5 8 0 0.00 0.0 0 8.1 15 150 M M 4 12 19 150
27 81 48 65 13 0 0 T 0.0 0 8.5 20 320 M M 3 3 26 330
28 59 39 49 -4 16 0 0.00 0.0 0 9.9 22 330 M M 0 33 320
29 71 35 53 0 12 0 0.00 0.0 0 11.3 17 150 M M 0 8 30 170
30 73 51 62 9 3 0 0.00 0.0 0 11.4 21 170 M M 5 25 180
31 58 38 48 -6 17 0 T 0.0 0 9.7 21 320 M M 4 30 300
================================================================================
SM 1987 1257 385 0 6.84 T 262.5 M 112
================================================================================
AV 64.1 40.5 8.5 FASTST M M 4 MAX(MPH)
MISC ----> # 24 170 36 160
================================================================================
NOTES:
# LAST OF SEVERAL OCCURRENCES
COLUMN 17 PEAK WIND IN M.P.H.
PRELIMINARY LOCAL CLIMATOLOGICAL DATA (WS FORM: F-6) , PAGE 2
STATION: HARRISON
MONTH: MARCH
YEAR: 2021
LATITUDE: 36 15 N
LONGITUDE: 93 9 W
[TEMPERATURE DATA] [PRECIPITATION DATA] SYMBOLS USED IN COLUMN 16
AVERAGE MONTHLY: 52.3 TOTAL FOR MONTH: 6.84 1 = FOG OR MIST
DPTR FM NORMAL: 3.5 DPTR FM NORMAL: 3.05 2 = FOG REDUCING VISIBILITY
HIGHEST: 81 ON 27 GRTST 24HR 2.52 ON 12-13 TO 1/4 MILE OR LESS
LOWEST: 27 ON 6 3 = THUNDER
SNOW, ICE PELLETS, HAIL 4 = ICE PELLETS
TOTAL MONTH: T 5 = HAIL
GRTST 24HR T ON 18-18 6 = FREEZING RAIN OR DRIZZLE
GRTST DEPTH: 0 7 = DUSTSTORM OR SANDSTORM:
VSBY 1/2 MILE OR LESS
8 = SMOKE OR HAZE
[NO. OF DAYS WITH] [WEATHER - DAYS WITH] 9 = BLOWING SNOW
X = TORNADO
MAX 32 OR BELOW: 0 0.01 INCH OR MORE: 10
MAX 90 OR ABOVE: 0 0.10 INCH OR MORE: 5
MIN 32 OR BELOW: 4 0.50 INCH OR MORE: 5
MIN 0 OR BELOW: 0 1.00 INCH OR MORE: 4
[HDD (BASE 65) ]
TOTAL THIS MO. 385 CLEAR (SCALE 0-3) 16
DPTR FM NORMAL -123 PTCLDY (SCALE 4-7) 10
TOTAL FM JUL 1 3577 CLOUDY (SCALE 8-10) 5
DPTR FM NORMAL -103
[CDD (BASE 65) ]
TOTAL THIS MO. 0
DPTR FM NORMAL -6 [PRESSURE DATA]
TOTAL FM JAN 1 0 HIGHEST SLP 30.47 ON 31
DPTR FM NORMAL -6 LOWEST SLP 29.44 ON 17
[REMARKS]
#FINAL-03-21#