000
CXUS54 KLZK 011637
CLSHRO
CLIMATE REPORT
NATIONAL WEATHER SERVICE LITTLE ROCK AR
1137 AM CDT WED JUN 01 2022
...................................
...THE HARRISON CLIMATE SUMMARY FOR THE SEASON, FROM
3/1/2022 TO 5/31/2022...
CLIMATE NORMAL PERIOD 1991 TO 2020
CLIMATE RECORD PERIOD 1891 TO 2022
WEATHER OBSERVED NORMAL DEPART LAST YEAR`S
VALUE DATE(S) VALUE FROM VALUE DATE(S)
NORMAL
................................................................
TEMPERATURE (F)
RECORD
HIGH 99 04/27/1927
05/29/1926
05/28/1926
LOW -10 03/12/1948
HIGHEST 91 05/12 68 23 85 04/26
05/26
LOWEST 15 03/12 47 -32 27 03/06
AVG. MAXIMUM 68.8 68.8 0.0 68.1
AVG. MINIMUM 47.7 46.9 0.8 46.4
MEAN 58.2 57.9 0.3 57.3
DAYS MAX >= 90 2 0.9 1.1 0
DAYS MAX <= 32 0 0.3 -0.3 0
DAYS MIN <= 32 9 10.3 -1.3 8
DAYS MIN <= 0 0 0.0 0.0 0
PRECIPITATION (INCHES)
RECORD
MAXIMUM 31.98 1945
MINIMUM 5.15 1982
TOTALS 17.55 13.70 3.85 13.83
DAILY AVG. 0.19 0.15 0.04 0.21
DAYS >= .01 40 32.1 7.9 23
DAYS >= .10 27 13
DAYS >= .50 10 10
DAYS >= 1.00 6 3.8 2.2 7
GREATEST
24 HR. TOTAL 3.08 04/13 TO 04/13
SNOWFALL (INCHES)
RECORDS
TOTAL 16.0 1988
24 HR TOTAL 13.0 03/08/1994 TO 03/08/1994
03/17/1988 TO 03/17/1988
SNOW DEPTH 13 03/09/1994
TOTALS 3.0 2.3 0.7 T
LIQUID EQUIV 0.30 0.20 0.10 T
SINCE 7/1 25.3
LIQUID 7/1 2.53 1.00 1.53 MM
SNOWDEPTH AVG. 0 0
DAYS >= TRACE 5 MM MM 2
DAYS >= 1.0 1 MM MM 0
GREATEST
SNOW DEPTH 2 03/12 0 MM
24 HR TOTAL 3.0 03/11 TO 03/11 0.0 03/18 TO 03/18
DEGREE DAYS
HEATING TOTAL 788 804 -16 767
SINCE 7/1 3473 3881 -408 MM
COOLING TOTAL 189 150 39 79
SINCE 1/1 189 152 37 MM
FREEZE DATES
RECORD
EARLIEST 09/13/1902
LATEST 05/17/1912
EARLIEST 11/04
LATEST 04/22
................................................................
WIND (MPH)
AVERAGE WIND SPEED 8.8
HIGHEST WIND SPEED/DIRECTION 33/170 DATE 04/23
HIGHEST GUST SPEED/DIRECTION 48/290 DATE 04/13
SKY COVER
POSSIBLE SUNSHINE (PERCENT) MM
AVERAGE SKY COVER 0.41
NUMBER OF DAYS FAIR 47
NUMBER OF DAYS PC 19
NUMBER OF DAYS CLOUDY 26
WEATHER CONDITIONS. NUMBER OF DAYS WITH
THUNDERSTORM 25 MIXED PRECIP 0
HEAVY RAIN 22 RAIN 26
LIGHT RAIN 45 FREEZING RAIN 0
LT FREEZING RAIN 0 HAIL 0
HEAVY SNOW 1 SLEET 2
FOG 42 FOG W/VIS <= 1/4 MILE 10
HAZE 1
- INDICATES NEGATIVE NUMBERS.
R INDICATES RECORD WAS SET OR TIED.
MM INDICATES DATA IS MISSING.
T INDICATES TRACE AMOUNT.
&&
...ADDITIONAL DATA FOR HARRISON FOR SPRING 2022...
.SEASONAL TEMPERATURES...
THE AVERAGE HIGH TEMPERATURE WAS THE WARMEST SINCE 2018. THE AVERAGE
LOW TEMPERATURE WAS THE WARMEST SINCE 2017. THE AVERAGE MONTHLY
TEMPERATURE WAS THE WARMEST SINCE 2018.
THERE WERE TWO DAYS WITH HIGH TEMPERATURES AT OR ABOVE 90, WHICH WAS
THE MOST SINCE 2019. THERE WERE NINE DAYS WITH LOW TEMPERATURES AT
OR BELOW FREEZING, WHICH WAS THE MOST SINCE 2019.
.SEASONAL RAINFALL...
EVEN THOUGH RAINFALL WAS ABOVE AVERAGE, IT WAS THE DRIEST SPRING IN
TWO YEARS. THERE WERE 41 DAYS WITH MEASURABLE RAINFALL, WHICH WAS
THE MOST IN TWO YEARS.
.SEASONAL SNOWFALL...
IT WAS THE SNOWIEST SPRING IN SEVEN YEARS (SINCE 2015).
$$
57