000
CXUS52 KMHX 011822
CF6HSE
PRELIMINARY LOCAL CLIMATOLOGICAL DATA (WS FORM: F-6)
STATION: CAPE HATTERAS NC
MONTH: FEBRUARY
YEAR: 2024
LATITUDE: 35 13 N
LONGITUDE: 75 37 W
TEMPERATURE IN F: :PCPN: SNOW: WIND :SUNSHINE: SKY :PK WND
================================================================================
1 2 3 4 5 6A 6B 7 8 9 10 11 12 13 14 15 16 17 18
12Z AVG MX 2MIN
DY MAX MIN AVG DEP HDD CDD WTR SNW DPTH SPD SPD DIR MIN PSBL S-S WX SPD DR
================================================================================
1 50 36 43 -5 22 0 0.00 0.0 0 9.9 17 10 M M 4 1 29 20
2 55 46 51 3 14 0 0.00 0.0 0 M M M M M 3 M M
3 49 41 45 -3 20 0 0.00 0.0 0 M M M M M 3 M M
4 51 41 46 -2 19 0 0.00 0.0 0 M M M M M 0 M M
5 52 43 48 0 17 0 0.00 0.0 0 M M M M M 5 M M
6 50 42 46 -2 19 0 0.00 0.0 M M M M M M 5 M M
7 48 42 45 -3 20 0 0.00 0.0 M M M M M M 2 M M
8 51 38 45 -3 20 0 0.00 0.0 M M M M M M 0 M M
9 53 40 47 -1 18 0 0.00 0.0 M M M M M M 1 18 M M
10 57 50 54 6 11 0 T 0.0 M M M M M M 2 M M
11 58 50 54 5 11 0 T 0.0 0 M M M M M 4 1 M M
12 56 49 53 4 12 0 0.98 0.0 0 M M M M M 10 12 M M
13 60 37 49 0 16 0 0.09 0.0 0 M M M M M 5 12 M M
14 57 32 45 -4 20 0 0.00 0.0 0 M M M M M 0 1 M M
15 55 39 47 -2 18 0 0.00 0.0 0 M M M M M M M M
16 59 45 52 3 13 0 0.00 0.0 0 M M M M M 0 M M
17 55 40 48 -1 17 0 0.00 0.0 0 M M M M M 0 1 M M
18 47 38 43 -6 22 0 0.00 0.0 0 M M M M M 1 M M
19 51 43 47 -3 18 0 0.00 0.0 0 M M M M M 0 M M
20 49 44 47 -3 18 0 0.04 0.0 0 M M M M M 8 1 M M
21 50 44 47 -3 18 0 0.00 0.0 0 M M M M M 4 M M
22 53 42 48 -2 17 0 0.00 0.0 0 M M M M M 3 M M
23 58 50 54 4 11 0 0.11 0.0 0 M M M M M 5 18 M M
24 57 44 51 1 14 0 T 0.0 0 M M M M M 4 1 M M
25 48 31 40 -10 25 0 0.00 0.0 0 M M M M M 2 M M
26 58 28 43 -7 22 0 0.00 0.0 0 M M M M M 1 M M
27 63 52 58 7 7 0 0.04 0.0 0 11.7 15 190 M M 3 1 24 200
28 62 57 60 9 5 0 0.07 0.0 0 14.9 20 240 M M 6 18 36 230
29 61 38 50 -1 15 0 0.11 0.0 0 8.1 18 320 M M 2 1 38 340
================================================================================
SM 1573 1222 479 0 1.44 0.0 44.6 M 83
================================================================================
AV 54.2 42.1 11.1 FASTST M M 3 MAX(MPH)
MISC ----> 20 240 38 340
================================================================================
NOTES:
# LAST OF SEVERAL OCCURRENCES
COLUMN 17 PEAK WIND IN M.P.H.
PRELIMINARY LOCAL CLIMATOLOGICAL DATA (WS FORM: F-6) , PAGE 2
STATION: CAPE HATTERAS NC
MONTH: FEBRUARY
YEAR: 2024
LATITUDE: 35 13 N
LONGITUDE: 75 37 W
[TEMPERATURE DATA] [PRECIPITATION DATA] SYMBOLS USED IN COLUMN 16
AVERAGE MONTHLY: 48.2 TOTAL FOR MONTH: 1.44 1 = FOG OR MIST
DPTR FM NORMAL: -0.9 DPTR FM NORMAL: -2.90 2 = FOG REDUCING VISIBILITY
HIGHEST: 63 ON 27 GRTST 24HR 1.07 ON 12-13 TO 1/4 MILE OR LESS
LOWEST: 28 ON 26 3 = THUNDER
SNOW, ICE PELLETS, HAIL 4 = ICE PELLETS
TOTAL MONTH: 0.0 INCH 5 = HAIL
GRTST 24HR 0.0 6 = FREEZING RAIN OR DRIZZLE
GRTST DEPTH: 0 7 = DUSTSTORM OR SANDSTORM:
VSBY 1/2 MILE OR LESS
8 = SMOKE OR HAZE
[NO. OF DAYS WITH] [WEATHER - DAYS WITH] 9 = BLOWING SNOW
X = TORNADO
MAX 32 OR BELOW: 0 0.01 INCH OR MORE: 7
MAX 90 OR ABOVE: 0 0.10 INCH OR MORE: 3
MIN 32 OR BELOW: 3 0.50 INCH OR MORE: 1
MIN 0 OR BELOW: 0 1.00 INCH OR MORE: 0
[HDD (BASE 65) ]
TOTAL THIS MO. 479 CLEAR (SCALE 0-3) 16
DPTR FM NORMAL 32 PTCLDY (SCALE 4-7) 11
TOTAL FM JUL 1 1621 CLOUDY (SCALE 8-10) 2
DPTR FM NORMAL -50
[CDD (BASE 65) ]
TOTAL THIS MO. 0
DPTR FM NORMAL -1 [PRESSURE DATA]
TOTAL FM JAN 1 0 HIGHEST SLP 30.51 ON 29
DPTR FM NORMAL -2 LOWEST SLP 29.34 ON 13
[REMARKS]
#FINAL-02-24#