000
CXUS53 KGID 041354 CCA
CF6HSI
PRELIMINARY LOCAL CLIMATOLOGICAL DATA (WS FORM: F-6)
STATION: HASTINGS NE
MONTH: OCTOBER
YEAR: 2020
LATITUDE: 40 35 N
LONGITUDE: 98 26 W
TEMPERATURE IN F: :PCPN: SNOW: WIND :SUNSHINE: SKY :PK WND
================================================================================
1 2 3 4 5 6A 6B 7 8 9 10 11 12 13 14 15 16 17 18
12Z AVG MX 2MIN
DY MAX MIN AVG DEP HDD CDD WTR SNW DPTH SPD SPD DIR MIN PSBL S-S WX SPD DR
================================================================================
1 61 35 48 -11 17 0 0.00 0.0 0 11.3 26 350 M M 0 8 34 340
2 70 36 53 -6 12 0 T 0.0 0 8.9 28 360 M M 1 35 350
3 62 40 51 -7 14 0 0.00 0.0 0 8.5 16 30 M M 1 24 360
4 71 39 55 -3 10 0 0.00 0.0 0 9.8 20 180 M M 0 29 180
5 84 51 68 10 0 3 0.00 0.0 0 10.7 22 210 M M 0 8 32 220
6 85 47 66 9 0 1 0.00 0.0 0 7.1 17 250 M M 0 29 220
7 86 48 67 10 0 2 0.00 0.0 0 8.9 18 70 M M 0 8 25 80
8 86 54 70 14 0 5 0.00 0.0 0 12.5 21 170 M M 0 8 33 170
9 89 57 73 17 0 8 0.00 0.0 0 8.2 20 200 M M 0 28 200
10 81 48 65 10 0 0 0.00 0.0 0 9.2 18 80 M M 0 25 80
11 88 51 70 15 0 5 0.05 0.0 0 16.1 44 330 M M 2 3 56 330
12 74 41 58 4 7 0 0.00 0.0 0 9.8 21 250 M M 1 37 260
13 71 48 60 6 5 0 0.00 0.0 0 8.7 22 360 M M 0 28 360
14 74 52 63 9 2 0 0.00 0.0 0 14.1 29 350 M M 2 38 360
15 56 33 45 -8 20 0 0.00 0.0 0 10.7 22 330 M M 2 8 36 330
16 62 32 47 -6 18 0 0.00 0.0 0 9.8 20 210 M M 3 30 230
17 71 39 55 3 10 0 T 0.0 0 13.3 24 40 M M 0 34 10
18 44 32 38 -14 27 0 0.01 0.1 0 12.2 24 30 M M 8 1 31 30
19 51 32 42 -9 23 0 T 0.0 0 7.9 17 160 M M 4 25 160
20 58 41 50 -1 15 0 0.00 0.0 0 7.4 16 180 M M 6 23 210
21 50 39 45 -5 20 0 0.00 0.0 0 9.6 15 120 M M 7 18 20 150
22 45 34 40 -10 25 0 0.01 0.0 0 16.6 29 350 M M 10 12 38 350
23 36 30 33 -17 32 0 0.00 0.0 0 16.5 30 10 M M 10 40 350
24 34 29 32 -17 33 0 0.00 0.0 0 9.1 14 60 M M 10 20 140
25 31 20 26 -23 39 0 0.07 1.0 0 16.2 26 10 M M 10 168 33 10
26 28 17 23 -25 42 0 0.07 1.7 2 8.0 21 10 M M 8 12 27 360
27 36 14 25 -23 40 0 0.00 0.0 2 6.7 17 250 M M 0 23 210
28 59 20 40 -7 25 0 0.00 0.0 0 8.2 25 360 M M 0 33 360
29 51 29 40 -7 25 0 0.00 0.0 0 7.7 23 10 M M 0 33 20
30 69 34 52 6 13 0 0.00 0.0 0 7.1 13 190 M M 0 20 140
31 68 40 54 8 11 0 0.00 0.0 0 14.6 31 330 M M 0 40 330
================================================================================
SM 1931 1162 485 24 0.21 2.8 325.4 M 85
================================================================================
AV 62.3 37.5 10.5 FASTST M M 3 MAX(MPH)
MISC ----> 44 330 56 330
================================================================================
NOTES:
# LAST OF SEVERAL OCCURRENCES
COLUMN 17 PEAK WIND IN M.P.H.
PRELIMINARY LOCAL CLIMATOLOGICAL DATA (WS FORM: F-6) , PAGE 2
STATION: HASTINGS NE
MONTH: OCTOBER
YEAR: 2020
LATITUDE: 40 35 N
LONGITUDE: 98 26 W
[TEMPERATURE DATA] [PRECIPITATION DATA] SYMBOLS USED IN COLUMN 16
AVERAGE MONTHLY: 49.9 TOTAL FOR MONTH: 0.21 1 = FOG OR MIST
DPTR FM NORMAL: -2.7 DPTR FM NORMAL: -1.78 2 = FOG REDUCING VISIBILITY
HIGHEST: 89 ON 9 GRTST 24HR 0.07 ON 25-25 TO 1/4 MILE OR LESS
LOWEST: 14 ON 27 3 = THUNDER
SNOW, ICE PELLETS, HAIL 4 = ICE PELLETS
TOTAL MONTH: 2.8 INCHES 5 = HAIL
GRTST 24HR 1.7 ON 26-26 6 = FREEZING RAIN OR DRIZZLE
GRTST DEPTH: 2 ON 27,26 7 = DUSTSTORM OR SANDSTORM:
VSBY 1/2 MILE OR LESS
8 = SMOKE OR HAZE
[NO. OF DAYS WITH] [WEATHER - DAYS WITH] 9 = BLOWING SNOW
X = TORNADO
MAX 32 OR BELOW: 2 0.01 INCH OR MORE: 5
MAX 90 OR ABOVE: 0 0.10 INCH OR MORE: 0
MIN 32 OR BELOW: 10 0.50 INCH OR MORE: 0
MIN 0 OR BELOW: 0 1.00 INCH OR MORE: 0
[HDD (BASE 65) ]
TOTAL THIS MO. 485 CLEAR (SCALE 0-3) 22
DPTR FM NORMAL 88 PTCLDY (SCALE 4-7) 4
TOTAL FM JUL 1 585 CLOUDY (SCALE 8-10) 5
DPTR FM NORMAL 92
[CDD (BASE 65) ]
TOTAL THIS MO. 24
DPTR FM NORMAL 10 [PRESSURE DATA]
TOTAL FM JAN 1 1271 HIGHEST SLP 30.56 ON 26
DPTR FM NORMAL 194 LOWEST SLP 29.44 ON 11
[REMARKS]
#FINAL-10-20#