000
CXUS51 KCAR 010600
CF6HUL
PRELIMINARY LOCAL CLIMATOLOGICAL DATA (WS FORM: F-6)
STATION: HOULTON ME
MONTH: JULY
YEAR: 2020
LATITUDE: 46 7 N
LONGITUDE: 67 48 W
TEMPERATURE IN F: :PCPN: SNOW: WIND :SUNSHINE: SKY :PK WND
================================================================================
1 2 3 4 5 6A 6B 7 8 9 10 11 12 13 14 15 16 17 18
12Z AVG MX 2MIN
DY MAX MIN AVG DEP HDD CDD WTR SNW DPTH SPD SPD DIR MIN PSBL S-S WX SPD DR
================================================================================
1 82 62 72 8 0 7 0.00 M M 3.2 9 220 M M 7 13 220
2 87 59 73 9 0 8 0.61 M M 7.1 21 50 M M 6 138 31 60
3 76 58 67 2 0 2 0.00 M M 5.1 10 210 M M 5 14 230
4 78 55 67 2 0 2 0.78 M M 6.3 31 110 M M 3 138 47 320
5 70 56 63 -2 2 0 0.21 M M 5.3 12 160 M M 8 13 16 170
6 74 51 63 -2 2 0 0.00 M M 5.3 15 10 M M 5 1 19 360
7 78 50 64 -1 1 0 0.00 M M 6.1 14 200 M M 4 12 22 200
8 67 59 63 -2 2 0 0.35 M M 5.8 15 190 M M 10 13 24 190
9 80 64 72 6 0 7 0.01 M M 2.9 10 220 M M 6 13 14 230
10 88 63 76 10 0 11 0.00 M M 6.1 14 220 M M 1 12 20 210
11 78 68 73 7 0 8 0.07 M M 7.1 16 190 M M 8 18 24 190
12 81 67 74 8 0 9 0.06 M M 6.9 13 210 M M 7 1 19 200
13 84 61 73 7 0 8 0.03 M M 5.9 17 240 M M 2 26 210
14 68 58 63 -3 2 0 0.00 M M 8.1 15 60 M M 10 1 19 50
15 76 50 63 -3 2 0 0.00 M M 8.3 21 30 M M 2 33 30
16 73 38 56 -10 9 0 0.00 M M 3.6 10 120 M M 1 14 200
17 61 53 57 -9 8 0 0.07 M M 7.4 14 190 M M 7 1 21 190
18 80 58 69 3 0 4 0.00 M M 3.9 10 50 M M 8 13 15 70
19 81 57 69 3 0 4 T M M 4.4 10 180 M M 3 12 15 180
20 90 68 79 13 0 14 T M M 8.7 21 260 M M 3 25 280
21 82 53 68 2 0 3 0.00 M M 5.3 14 250 M M 2 21 280
22 81 46 64 -2 1 0 T M M 1.9 10 230 M M 1 14 290
23 80 61 71 5 0 6 0.02 M M 3.1 10 140 M M 7 14 150
24 87 56 72 6 0 7 0.03 M M 3.7 13 10 M M 2 123 18 10
25 89 53 71 5 0 6 0.00 M M 4.5 16 250 M M 1 20 250
26 79 64 72 6 0 7 0.53 M M 6.3 17 250 M M 6 1 24 260
27 85 69 77 11 0 12 0.10 M M 3.8 12 240 M M 5 12 18 230
28 85 65 75 9 0 10 0.06 M M 5.8 16 290 M M 5 13 22 280
29 84 58 71 5 0 6 T M M 3.7 16 240 M M 3 1 23 220
30 81 60 71 5 0 6 0.20 M M 3.6 14 340 M M 4 13 20 340
31 79 57 68 2 0 3 0.00 M M 4.5 14 20 M M 3 1 20 350
================================================================================
SM 2464 1797 29 150 3.13 M 163.7 M 145
================================================================================
AV 79.5 58.0 5.3 FASTST M M 5 MAX(MPH)
MISC ----> # 31 110 # 47 320
================================================================================
NOTES:
# LAST OF SEVERAL OCCURRENCES
COLUMN 17 PEAK WIND IN M.P.H.
PRELIMINARY LOCAL CLIMATOLOGICAL DATA (WS FORM: F-6) , PAGE 2
STATION: HOULTON ME
MONTH: JULY
YEAR: 2020
LATITUDE: 46 7 N
LONGITUDE: 67 48 W
[TEMPERATURE DATA] [PRECIPITATION DATA] SYMBOLS USED IN COLUMN 16
AVERAGE MONTHLY: 68.7 TOTAL FOR MONTH: 3.13 1 = FOG OR MIST
DPTR FM NORMAL: 3.0 DPTR FM NORMAL: -0.53 2 = FOG REDUCING VISIBILITY
HIGHEST: 90 ON 20 GRTST 24HR 0.78 ON 4- 4 TO 1/4 MILE OR LESS
LOWEST: 38 ON 16 3 = THUNDER
SNOW, ICE PELLETS, HAIL 4 = ICE PELLETS
TOTAL MONTH: M 5 = HAIL
GRTST 24HR M ON M 6 = FREEZING RAIN OR DRIZZLE
GRTST DEPTH: M ON M 7 = DUSTSTORM OR SANDSTORM:
VSBY 1/2 MILE OR LESS
8 = SMOKE OR HAZE
[NO. OF DAYS WITH] [WEATHER - DAYS WITH] 9 = BLOWING SNOW
X = TORNADO
MAX 32 OR BELOW: 0 0.01 INCH OR MORE: 15
MAX 90 OR ABOVE: 1 0.10 INCH OR MORE: 7
MIN 32 OR BELOW: 0 0.50 INCH OR MORE: 3
MIN 0 OR BELOW: 0 1.00 INCH OR MORE: 0
[HDD (BASE 65) ]
TOTAL THIS MO. 29 CLEAR (SCALE 0-3) 11
DPTR FM NORMAL -31 PTCLDY (SCALE 4-7) 16
TOTAL FM JUL 1 29 CLOUDY (SCALE 8-10) 4
DPTR FM NORMAL -31
[CDD (BASE 65) ]
TOTAL THIS MO. 150
DPTR FM NORMAL 69 [PRESSURE DATA]
TOTAL FM JAN 1 288 HIGHEST SLP 30.42 ON 16
DPTR FM NORMAL 168 LOWEST SLP 29.44 ON 12
[REMARKS]
#FINAL-07-20#