418
CXUS56 KMTR 020218
CF6HWD
PRELIMINARY LOCAL CLIMATOLOGICAL DATA (WS FORM: F-6)
STATION: HAYWARD AIRPORT
MONTH: MAY
YEAR: 2020
LATITUDE: 37 39 N
LONGITUDE: 122 7 W
TEMPERATURE IN F: :PCPN: SNOW: WIND :SUNSHINE: SKY :PK WND
================================================================================
1 2 3 4 5 6A 6B 7 8 9 10 11 12 13 14 15 16 17 18
12Z AVG MX 2MIN
DY MAX MIN AVG DEP HDD CDD WTR SNW DPTH SPD SPD DIR MIN PSBL S-S WX SPD DR
================================================================================
1 71 50 61 2 4 0 0.00 M M 8.8 23 280 M M 0 26 280
2 70 55 63 4 2 0 T M M 8.4 17 280 M M 7 22 280
3 67 51 59 -1 6 0 0.00 M M 8.6 21 270 M M 0 25 290
4 74 48 61 1 4 0 0.00 M M 6.9 21 280 M M 0 25 280
5 70 48 59 -1 6 0 0.00 M M 9.1 21 290 M M 1 24 270
6 77 51 64 4 1 0 0.00 0.0 M 7.0 21 280 M M 0 24 280
7 85 52 69 9 0 4 0.00 M M 5.9 17 290 M M 0 22 290
8 88 52 70 10 0 5 0.00 M M 6.0 17 290 M M 0 19 290
9 69 51 60 0 5 0 0.00 M M 9.1 20 300 M M 4 24 300
10 68 56 62 2 3 0 0.00 M M 8.6 18 300 M M 4 23 310
11 77 52 65 5 0 0 T M M 9.1 24 260 M M 4 31 260
12 67 56 62 2 3 0 0.07 M M 9.6 20 290 M M 7 1 25 280
13 68 51 60 0 5 0 T M M 7.5 18 260 M M 5 27 250
14 69 57 63 3 2 0 0.04 M M 7.0 17 290 M M 7 1 21 290
15 69 56 63 3 2 0 0.02 M M 9.5 20 290 M M 4 1 25 280
16 73 55 64 4 1 0 T M M 8.4 20 290 M M 2 23 290
17 78 58 68 7 0 3 0.26 0.0 M 11.2 24 240 M M 8 1 31 230
18 67 57 62 1 3 0 0.22 0.0 M 10.4 20 290 M M 6 1 26 290
19 67 55 61 0 4 0 0.08 M M 10.9 21 270 M M 6 27 280
20 69 56 63 2 2 0 0.00 M M 8.9 17 270 M M 5 23 270
21 75 55 65 4 0 0 0.00 M M 8.1 21 280 M M 1 24 290
22 69 54 62 1 3 0 0.00 M M 9.4 20 270 M M 2 24 280
23 76 51 64 3 1 0 0.00 M M 7.1 20 290 M M 0 24 290
24 85 53 69 8 0 4 0.00 0.0 M 6.2 20 300 M M 0 22 300
25 92 60 76 15 0 11 0.00 0.0 M 6.5 16 290 M M 0 20 280
26 92 62 77 16 0 12 0.00 M M 4.7 17 290 M M 0 25 270
27 87 57 72 10 0 7 0.00 M M 6.8 16 280 M M 0 20 290
28 77 55 66 4 0 1 0.00 M M 8.6 17 310 M M 3 22 310
29 73 58 66 4 0 1 0.00 M M 10.5 20 220 M M 5 24 190
30 75 60 68 6 0 3 T M M 8.7 18 280 M M 9 25 280
31 69 58 64 2 1 0 0.00 M M 7.9 16 300 M M 4 19 300
================================================================================
SM 2313 1690 58 51 0.69 0.0 255.4 M 94
================================================================================
AV 74.6 54.5 8.2 FASTST M M 3 MAX(MPH)
MISC ----> # 24 260 # 31 260
================================================================================
NOTES:
# LAST OF SEVERAL OCCURRENCES
COLUMN 17 PEAK WIND IN M.P.H.
PRELIMINARY LOCAL CLIMATOLOGICAL DATA (WS FORM: F-6) , PAGE 2
STATION: HAYWARD AIRPORT
MONTH: MAY
YEAR: 2020
LATITUDE: 37 39 N
LONGITUDE: 122 7 W
[TEMPERATURE DATA] [PRECIPITATION DATA] SYMBOLS USED IN COLUMN 16
AVERAGE MONTHLY: 64.6 TOTAL FOR MONTH: 0.69 1 = FOG OR MIST
DPTR FM NORMAL: 4.1 DPTR FM NORMAL: 0.14 2 = FOG REDUCING VISIBILITY
HIGHEST: 92 ON 26,25 GRTST 24HR 0.47 ON 17-18 TO 1/4 MILE OR LESS
LOWEST: 48 ON 5, 4 3 = THUNDER
SNOW, ICE PELLETS, HAIL 4 = ICE PELLETS
TOTAL MONTH: 0.0 INCH 5 = HAIL
GRTST 24HR 0.0 6 = FREEZING RAIN OR DRIZZLE
GRTST DEPTH: M ON M 7 = DUSTSTORM OR SANDSTORM:
VSBY 1/2 MILE OR LESS
8 = SMOKE OR HAZE
[NO. OF DAYS WITH] [WEATHER - DAYS WITH] 9 = BLOWING SNOW
X = TORNADO
MAX 32 OR BELOW: 0 0.01 INCH OR MORE: 6
MAX 90 OR ABOVE: 2 0.10 INCH OR MORE: 2
MIN 32 OR BELOW: 0 0.50 INCH OR MORE: 0
MIN 0 OR BELOW: 0 1.00 INCH OR MORE: 0
[HDD (BASE 65) ]
TOTAL THIS MO. 58 CLEAR (SCALE 0-3) 16
DPTR FM NORMAL -99 PTCLDY (SCALE 4-7) 14
TOTAL FM JUL 1 2080 CLOUDY (SCALE 8-10) 1
DPTR FM NORMAL -368
[CDD (BASE 65) ]
TOTAL THIS MO. 51
DPTR FM NORMAL 32 [PRESSURE DATA]
TOTAL FM JAN 1 54 HIGHEST SLP 30.23 ON 6
DPTR FM NORMAL 23 LOWEST SLP 29.82 ON 17
[REMARKS]
#FINAL-05-20#