000
CXUS55 KPIH 011100
CF6IDA
PRELIMINARY LOCAL CLIMATOLOGICAL DATA (WS FORM: F-6)
STATION: IDAHO FALLS
MONTH: MAY
YEAR: 2021
LATITUDE: 43 31 N
LONGITUDE: 112 4 W
TEMPERATURE IN F: :PCPN: SNOW: WIND :SUNSHINE: SKY :PK WND
================================================================================
1 2 3 4 5 6A 6B 7 8 9 10 11 12 13 14 15 16 17 18
12Z AVG MX 2MIN
DY MAX MIN AVG DEP HDD CDD WTR SNW DPTH SPD SPD DIR MIN PSBL S-S WX SPD DR
================================================================================
1 74 45 60 12 5 0 0.00 M M 12.9 31 220 M M 2 43 210
2 64 43 54 6 11 0 T M M 10.4 23 330 M M 9 29 10
3 63 41 52 3 13 0 0.00 M M 9.8 17 360 M M 6 25 360
4 59 43 51 2 14 0 0.03 M M 6.9 24 240 M M 7 32 220
5 65 31 48 -1 17 0 0.00 M M 5.1 14 210 M M 2 20 190
6 80 33 57 7 8 0 0.00 M M 5.6 15 170 M M 0 24 170
7 74 43 59 9 6 0 0.00 M M 18.2 35 220 M M 3 8 45 220
8 53 33 43 -7 22 0 T M M 12.2 25 210 M M 6 34 230
9 56 25 41 -10 24 0 0.00 M M 5.4 13 350 M M 3 19 340
10 56 29 43 -8 22 0 T M M 8.1 22 300 M M 6 27 290
11 60 26 43 -8 22 0 0.00 M M 3.8 15 200 M M 3 1 20 200
12 68 31 50 -2 15 0 0.00 M M 7.7 21 200 M M 1 29 210
13 73 44 59 7 6 0 T M M 5.5 31 280 M M 3 8 45 300
14 74 39 57 5 8 0 T M M 4.1 21 220 M M 2 32 210
15 66 41 54 1 11 0 T M M 8.6 21 140 M M 2 28 130
16 77 40 59 6 6 0 T M M 9.6 25 190 M M 1 33 190
17 78 41 60 7 5 0 0.00 M M 6.9 17 210 M M 1 27 210
18 78 47 63 9 2 0 0.00 M M 16.4 32 220 M M 0 45 200
19 75 43 59 5 6 0 T M M 12.0 24 210 M M 3 33 250
20 61 39 50 -4 15 0 0.02 M M 11.3 23 220 M M 6 31 220
21 53 39 46 -8 19 0 0.42 M M 11.9 29 360 M M 10 1 40 50
22 62 34 48 -7 17 0 0.05 M M 6.7 18 330 M M 6 26 330
23 57 41 49 -6 16 0 0.54 M M 15.5 29 210 M M 7 1 39 210
24 62 43 53 -2 12 0 T M M 19.3 33 220 M M 6 49 220
25 67 39 53 -3 12 0 0.19 M M 9.9 32 230 M M 4 13 51 240
26 64 44 54 -2 11 0 0.11 M M 14.6 25 220 M M 8 36 230
27 74 37 56 0 9 0 0.00 M M 8.1 21 220 M M 1 32 230
28 70 47 59 3 6 0 0.00 M M 19.8 36 210 M M 1 46 210
29 70 34 52 -4 13 0 0.00 M M 5.5 14 210 M M 0 18 220
30 76 36 56 -1 9 0 0.00 M M 6.2 14 20 M M 0 17 30
31 80 36 58 1 7 0 0.00 M M 6.0 14 200 M M 0 20 200
================================================================================
SM 2089 1187 369 0 1.36 M 304.0 M 109
================================================================================
AV 67.4 38.3 9.8 FASTST M M 4 MAX(MPH)
MISC ----> 36 210 51 240
================================================================================
NOTES:
# LAST OF SEVERAL OCCURRENCES
COLUMN 17 PEAK WIND IN M.P.H.
PRELIMINARY LOCAL CLIMATOLOGICAL DATA (WS FORM: F-6) , PAGE 2
STATION: IDAHO FALLS
MONTH: MAY
YEAR: 2021
LATITUDE: 43 31 N
LONGITUDE: 112 4 W
[TEMPERATURE DATA] [PRECIPITATION DATA] SYMBOLS USED IN COLUMN 16
AVERAGE MONTHLY: 52.8 TOTAL FOR MONTH: 1.36 1 = FOG OR MIST
DPTR FM NORMAL: 0.0 DPTR FM NORMAL: -0.21 2 = FOG REDUCING VISIBILITY
HIGHEST: 80 ON 31, 6 GRTST 24HR 0.59 ON 22-23 TO 1/4 MILE OR LESS
LOWEST: 25 ON 9 3 = THUNDER
SNOW, ICE PELLETS, HAIL 4 = ICE PELLETS
TOTAL MONTH: M 5 = HAIL
GRTST 24HR M ON M 6 = FREEZING RAIN OR DRIZZLE
GRTST DEPTH: M ON M 7 = DUSTSTORM OR SANDSTORM:
VSBY 1/2 MILE OR LESS
8 = SMOKE OR HAZE
[NO. OF DAYS WITH] [WEATHER - DAYS WITH] 9 = BLOWING SNOW
X = TORNADO
MAX 32 OR BELOW: 0 0.01 INCH OR MORE: 7
MAX 90 OR ABOVE: 0 0.10 INCH OR MORE: 4
MIN 32 OR BELOW: 5 0.50 INCH OR MORE: 1
MIN 0 OR BELOW: 0 1.00 INCH OR MORE: 0
[HDD (BASE 65) ]
TOTAL THIS MO. 369 CLEAR (SCALE 0-3) 17
DPTR FM NORMAL -11 PTCLDY (SCALE 4-7) 11
TOTAL FM JUL 1 7652 CLOUDY (SCALE 8-10) 3
DPTR FM NORMAL 23
[CDD (BASE 65) ]
TOTAL THIS MO. 0
DPTR FM NORMAL -2 [PRESSURE DATA]
TOTAL FM JAN 1 0 HIGHEST SLP 30.28 ON 5
DPTR FM NORMAL -2 LOWEST SLP 29.51 ON 19
[REMARKS]
#FINAL-05-21#