000
CXUS55 KVEF 010910
CF6IGM
PRELIMINARY LOCAL CLIMATOLOGICAL DATA (WS FORM: F-6)
STATION: KINGMAN AZ
MONTH: JUNE
YEAR: 2023
LATITUDE: 35 16 N
LONGITUDE: 113 57 W
TEMPERATURE IN F: :PCPN: SNOW: WIND :SUNSHINE: SKY :PK WND
================================================================================
1 2 3 4 5 6A 6B 7 8 9 10 11 12 13 14 15 16 17 18
12Z AVG MX 2MIN
DY MAX MIN AVG DEP HDD CDD WTR SNW DPTH SPD SPD DIR MIN PSBL S-S WX SPD DR
================================================================================
1 84 52 68 -6 0 3 0.00 M M 11.6 22 230 M M 0 8 30 240
2 86 57 72 -3 0 7 0.00 M M 10.3 20 240 M M 0 28 250
3 93 56 75 0 0 10 0.00 M M 7.7 21 260 M M 0 31 260
4 94 60 77 2 0 12 0.00 M M 7.7 28 80 M M 0 8 35 90
5 96 58 77 1 0 12 0.00 M M 12.0 29 200 M M 0 41 160
6 89 55 72 -4 0 7 0.00 M M 12.2 28 240 M M 0 40 220
7 85 55 70 -6 0 5 0.00 M M 11.5 26 240 M M 0 42 240
8 85 54 70 -7 0 5 0.00 M M 12.3 25 240 M M 0 37 250
9 88 58 73 -4 0 8 0.00 M M 11.6 23 240 M M 0 31 260
10 91 60 76 -1 0 11 0.00 M M 8.7 21 130 M M 0 30 180
11 83 60 72 -6 0 7 0.00 M M 12.2 29 230 M M 0 38 210
12 82 54 68 -10 0 3 0.00 M M 10.4 25 260 M M 1 37 260
13 89 55 72 -6 0 7 0.00 M M 6.2 15 220 M M 0 21 270
14 89 62 76 -2 0 11 0.00 M M 10.4 21 260 M M 0 29 220
15 91 67 79 0 0 14 0.00 M M 10.6 23 250 M M 1 32 250
16 89 64 77 -2 0 12 0.00 M M 9.0 20 350 M M 1 3 26 10
17 94 56 75 -4 0 10 0.00 M M 6.2 17 260 M M 0 23 250
18 95 67 81 1 0 16 0.00 M M 15.5 32 210 M M 0 44 230
19 91 61 76 -4 0 11 0.00 M M 17.1 32 220 M M 0 52 210
20 89 62 76 -4 0 11 0.00 M M 12.6 26 240 M M 0 38 240
21 92 55 74 -6 0 9 0.00 M 0 11.3 26 240 M M 0 35 240
22 91 57 74 -7 0 9 0.00 M M 15.5 30 220 M M 0 45 210
23 86 55 71 -10 0 6 0.00 M M 12.9 25 210 M M 0 32 220
24 92 49 71 -10 0 6 0.00 M M 10.0 24 240 M M 0 35 240
25 95 58 77 -4 0 12 0.00 M M 14.3 29 210 M M 0 37 220
26 95 59 77 -5 0 12 0.00 M M 13.9 30 220 M M 0 42 220
27 94 56 75 -7 0 10 0.00 M M 11.1 25 260 M M 0 33 190
28 94 56 75 -7 0 10 0.00 M M 10.9 26 230 M M 0 35 250
29 97 62 80 -2 0 15 0.00 M M 6.9 20 320 M M 0 26 330
30 102 64 83 1 0 18 0.00 M M 6.5 22 360 M M 0 33 340
================================================================================
SM 2721 1744 0 289 0.00 M 329.1 M 3
================================================================================
AV 90.7 58.1 11.0 FASTST M M 0 MAX(MPH)
MISC ----> # 32 210 52 210
================================================================================
NOTES:
# LAST OF SEVERAL OCCURRENCES
COLUMN 17 PEAK WIND IN M.P.H.
PRELIMINARY LOCAL CLIMATOLOGICAL DATA (WS FORM: F-6) , PAGE 2
STATION: KINGMAN AZ
MONTH: JUNE
YEAR: 2023
LATITUDE: 35 16 N
LONGITUDE: 113 57 W
[TEMPERATURE DATA] [PRECIPITATION DATA] SYMBOLS USED IN COLUMN 16
AVERAGE MONTHLY: 74.4 TOTAL FOR MONTH: 0.00 1 = FOG OR MIST
DPTR FM NORMAL: -4.3 DPTR FM NORMAL: -0.11 2 = FOG REDUCING VISIBILITY
HIGHEST: 102 ON 30 GRTST 24HR 0.00 ON 1- 1 TO 1/4 MILE OR LESS
LOWEST: 49 ON 24 3 = THUNDER
SNOW, ICE PELLETS, HAIL 4 = ICE PELLETS
TOTAL MONTH: M 5 = HAIL
GRTST 24HR M ON M 6 = FREEZING RAIN OR DRIZZLE
GRTST DEPTH: 0 7 = DUSTSTORM OR SANDSTORM:
VSBY 1/2 MILE OR LESS
8 = SMOKE OR HAZE
[NO. OF DAYS WITH] [WEATHER - DAYS WITH] 9 = BLOWING SNOW
X = TORNADO
MAX 32 OR BELOW: 0 0.01 INCH OR MORE: 0
MAX 90 OR ABOVE: 17 0.10 INCH OR MORE: 0
MIN 32 OR BELOW: 0 0.50 INCH OR MORE: 0
MIN 0 OR BELOW: 0 1.00 INCH OR MORE: 0
[HDD (BASE 65) ]
TOTAL THIS MO. 0 CLEAR (SCALE 0-3) 30
DPTR FM NORMAL -2 PTCLDY (SCALE 4-7) 0
TOTAL FM JUL 1 3380 CLOUDY (SCALE 8-10) 0
DPTR FM NORMAL 372
[CDD (BASE 65) ]
TOTAL THIS MO. 289
DPTR FM NORMAL -124 [PRESSURE DATA]
TOTAL FM JAN 1 474 HIGHEST SLP 29.88 ON 24
DPTR FM NORMAL -138 LOWEST SLP 29.56 ON 5
[REMARKS]
#FINAL-06-23#