000
CXUS54 KFWD 010732
CF6ILE
PRELIMINARY LOCAL CLIMATOLOGICAL DATA (WS FORM: F-6)
STATION: KILLEEN SKYLARK
MONTH: AUGUST
YEAR: 2021
LATITUDE: 31 4 N
LONGITUDE: 97 41 W
TEMPERATURE IN F: :PCPN: SNOW: WIND :SUNSHINE: SKY :PK WND
================================================================================
1 2 3 4 5 6A 6B 7 8 9 10 11 12 13 14 15 16 17 18
12Z AVG MX 2MIN
DY MAX MIN AVG DEP HDD CDD WTR SNW DPTH SPD SPD DIR MIN PSBL S-S WX SPD DR
================================================================================
1 95 76 86 2 0 21 0.00 M M 6.0 15 300 M M 2 20 300
2 86 74 80 -4 0 15 0.02 M M 5.4 12 330 M M 6 M M
3 89 72 81 -3 0 16 0.00 M M 6.5 12 40 M M 4 M M
4 91 68 80 -4 0 15 0.00 M M 4.6 10 80 M M 2 M M
5 87 72 80 -4 0 15 0.00 M M 6.0 12 140 M M 3 M M
6 93 73 83 -1 0 18 0.00 M M 7.9 16 160 M M 4 23 160
7 94 74 84 0 0 19 0.00 M M 10.6 16 180 M M 3 25 170
8 95 78 87 3 0 22 0.00 M M 14.9 21 160 M M 2 28 160
9 95 77 86 2 0 21 0.00 M M 14.7 20 190 M M 2 30 180
10 95 76 86 2 0 21 0.00 M M 12.7 18 180 M M 2 25 200
11 95 73 84 0 0 19 0.00 M M 10.6 16 170 M M 2 23 190
12 95 74 85 1 0 20 0.00 M M 10.1 15 150 M M 1 21 130
13 95 75 85 1 0 20 0.00 M M 8.2 15 160 M M 1 23 160
14 95 74 85 1 0 20 0.00 M M 6.1 16 20 M M 0 M M
15 86 71 79 -5 0 14 0.56 M M 4.7 18 30 M M 2 13 21 30
16 94 71 83 -1 0 18 M M M 4.7 12 150 M M 0 M M
17 91 74 83 -1 0 18 0.00 M M 8.2 14 190 M M 2 17 180
18 92 74 83 -1 0 18 0.03 M M 9.7 15 140 M M 5 3 20 170
19 96 78 87 3 0 22 0.00 M M 13.0 18 180 M M 3 22 190
20 95 77 86 2 0 21 0.00 M M 11.8 17 190 M M 2 22 190
21 97 74 86 2 0 21 0.00 M M 9.5 15 180 M M 2 20 180
22 96 72 84 0 0 19 0.00 M M 7.8 12 150 M M 0 17 150
23 96 73 85 1 0 20 0.00 M M 7.7 13 150 M M 0 20 180
24 97 75 86 3 0 21 0.00 M M 7.5 13 140 M M 0 16 110
25 97 74 86 3 0 21 0.00 M M 6.2 12 120 M M 0 17 110
26 97 76 87 4 0 22 0.00 M M 6.2 14 50 M M 0 20 50
27 92 75 84 1 0 19 0.00 M M 7.7 15 110 M M 2 20 110
28 93 71 82 -1 0 17 0.00 M M 5.0 9 100 M M 1 M M
29 92 75 84 2 0 19 0.00 M M 5.6 13 50 M M 3 M M
30 95 74 85 3 0 20 0.00 M M 4.8 13 50 M M 2 16 50
31 99 74 87 5 0 22 0.00 M M 3.7 8 160 M M 1 M M
================================================================================
SM 2905 2294 0 594 0.61 M 248.2 M 59
================================================================================
AV 93.7 74.0 8.0 FASTST M M 2 MAX(MPH)
MISC ----> 21 160 30 180
================================================================================
NOTES:
# LAST OF SEVERAL OCCURRENCES
COLUMN 17 PEAK WIND IN M.P.H.
PRELIMINARY LOCAL CLIMATOLOGICAL DATA (WS FORM: F-6) , PAGE 2
STATION: KILLEEN SKYLARK
MONTH: AUGUST
YEAR: 2021
LATITUDE: 31 4 N
LONGITUDE: 97 41 W
[TEMPERATURE DATA] [PRECIPITATION DATA] SYMBOLS USED IN COLUMN 16
AVERAGE MONTHLY: 83.9 TOTAL FOR MONTH: 0.61 1 = FOG OR MIST
DPTR FM NORMAL: 0.1 DPTR FM NORMAL: -1.26 2 = FOG REDUCING VISIBILITY
HIGHEST: 99 ON 31 GRTST 24HR 0.56 ON 15-15 TO 1/4 MILE OR LESS
LOWEST: 68 ON 4 3 = THUNDER
SNOW, ICE PELLETS, HAIL 4 = ICE PELLETS
TOTAL MONTH: M 5 = HAIL
GRTST 24HR M ON M 6 = FREEZING RAIN OR DRIZZLE
GRTST DEPTH: M ON M 7 = DUSTSTORM OR SANDSTORM:
VSBY 1/2 MILE OR LESS
8 = SMOKE OR HAZE
[NO. OF DAYS WITH] [WEATHER - DAYS WITH] 9 = BLOWING SNOW
X = TORNADO
MAX 32 OR BELOW: 0 0.01 INCH OR MORE: 3
MAX 90 OR ABOVE: 27 0.10 INCH OR MORE: 1
MIN 32 OR BELOW: 0 0.50 INCH OR MORE: 1
MIN 0 OR BELOW: 0 1.00 INCH OR MORE: 0
[HDD (BASE 65) ]
TOTAL THIS MO. 0 CLEAR (SCALE 0-3) 27
DPTR FM NORMAL 0 PTCLDY (SCALE 4-7) 4
TOTAL FM JUL 1 0 CLOUDY (SCALE 8-10) 0
DPTR FM NORMAL 0
[CDD (BASE 65) ]
TOTAL THIS MO. 594
DPTR FM NORMAL 10 [PRESSURE DATA]
TOTAL FM JAN 1 1945 HIGHEST SLP M ON M
DPTR FM NORMAL -39 LOWEST SLP M ON M
[REMARKS]
#FINAL-08-21#