000
CXUS51 KPHI 010815
CF6ILG
PRELIMINARY LOCAL CLIMATOLOGICAL DATA (WS FORM: F-6)
STATION: WILMINGTON DE
MONTH: MARCH
YEAR: 2021
LATITUDE: 39 40 N
LONGITUDE: 75 36 W
TEMPERATURE IN F: :PCPN: SNOW: WIND :SUNSHINE: SKY :PK WND
================================================================================
1 2 3 4 5 6A 6B 7 8 9 10 11 12 13 14 15 16 17 18
12Z AVG MX 2MIN
DY MAX MIN AVG DEP HDD CDD WTR SNW DPTH SPD SPD DIR MIN PSBL S-S WX SPD DR
================================================================================
1 49 35 42 4 23 0 0.13 0.0 0 12.2 37 300 M M 7 12 49 300
2 40 26 33 -6 32 0 0.00 0.0 0 13.7 30 320 M M 0 41 310
3 56 26 41 2 24 0 0.00 0.0 0 6.8 16 240 M M 0 20 240
4 50 31 41 2 24 0 T 0.0 0 13.0 24 320 M M 5 33 300
5 41 25 33 -7 32 0 0.00 0.0 0 17.9 30 290 M M 0 39 290
6 41 28 35 -5 30 0 0.00 0.0 0 11.3 23 290 M M 6 27 300
7 44 23 34 -6 31 0 0.00 0.0 0 6.3 20 310 M M 1 30 290
8 48 21 35 -5 30 0 0.00 0.0 0 6.4 16 290 M M 0 23 310
9 69 33 51 10 14 0 0.00 0.0 0 5.9 16 250 M M 2 20 250
10 62 40 51 10 14 0 0.00 0.0 0 7.7 17 180 M M 0 21 180
11 74 40 57 16 8 0 0.00 0.0 0 7.1 16 210 M M 0 18 21 210
12 72 53 63 21 2 0 0.00 0.0 0 10.4 21 320 M M 2 30 300
13 54 37 46 4 19 0 0.00 0.0 0 10.2 25 310 M M 0 32 330
14 60 35 48 6 17 0 0.00 0.0 0 15.8 33 310 M M 0 47 310
15 44 25 35 -8 30 0 0.00 0.0 0 10.3 22 330 M M 0 29 350
16 41 34 38 -5 27 0 0.02 0.0 0 7.5 15 130 M M 9 17 120
17 48 38 43 0 22 0 0.00 0.0 0 5.9 10 40 M M 10 18 13 50
18 50 44 47 3 18 0 1.05 0.0 0 8.5 22 30 M M 10 1 28 30
19 49 33 41 -3 24 0 0.01 0.0 0 15.6 29 20 M M 3 1 39 20
20 57 28 43 -1 22 0 0.00 0.0 0 5.4 12 180 M M 0 15 190
21 64 27 46 1 19 0 0.00 0.0 0 4.2 15 170 M M 0 1 19 150
22 65 30 48 3 17 0 0.00 0.0 0 6.0 14 160 M M 0 15 160
23 67 39 53 8 12 0 0.00 0.0 0 7.0 14 110 M M 1 8 17 120
24 58 50 54 8 11 0 1.78 0.0 0 6.5 14 90 M M 10 1 M M
25 61 52 57 11 8 0 0.01 0.0 0 4.6 10 160 M M 10 128 13 150
26 84 52 68 22 0 3 T 0.0 0 16.5 33 280 M M 3 1 43 240
27 69 46 58 11 7 0 0.00 0.0 0 8.3 20 160 M M 1 24 160
28 70 49 60 13 5 0 0.80 0.0 0 13.2 48 300 M M 8 128 60 310
29 56 39 48 1 17 0 0.00 0.0 0 14.2 32 280 M M 2 43 290
30 64 33 49 1 16 0 0.00 0.0 0 10.8 22 160 M M 0 26 150
31 66 46 56 8 9 0 1.00 0.0 0 5.9 17 200 M M 7 1 23 190
================================================================================
SM 1773 1118 564 3 4.80 0.0 295.1 M 97
================================================================================
AV 57.2 36.1 9.5 FASTST M M 3 MAX(MPH)
MISC ----> 48 300 60 310
================================================================================
NOTES:
# LAST OF SEVERAL OCCURRENCES
COLUMN 17 PEAK WIND IN M.P.H.
PRELIMINARY LOCAL CLIMATOLOGICAL DATA (WS FORM: F-6) , PAGE 2
STATION: WILMINGTON DE
MONTH: MARCH
YEAR: 2021
LATITUDE: 39 40 N
LONGITUDE: 75 36 W
[TEMPERATURE DATA] [PRECIPITATION DATA] SYMBOLS USED IN COLUMN 16
AVERAGE MONTHLY: 46.6 TOTAL FOR MONTH: 4.80 1 = FOG OR MIST
DPTR FM NORMAL: 3.6 DPTR FM NORMAL: 0.88 2 = FOG REDUCING VISIBILITY
HIGHEST: 84 ON 26 GRTST 24HR 1.78 ON 24-24 TO 1/4 MILE OR LESS
LOWEST: 21 ON 8 3 = THUNDER
SNOW, ICE PELLETS, HAIL 4 = ICE PELLETS
TOTAL MONTH: 0.0 INCH 5 = HAIL
GRTST 24HR 0.0 6 = FREEZING RAIN OR DRIZZLE
GRTST DEPTH: 0 7 = DUSTSTORM OR SANDSTORM:
VSBY 1/2 MILE OR LESS
8 = SMOKE OR HAZE
[NO. OF DAYS WITH] [WEATHER - DAYS WITH] 9 = BLOWING SNOW
X = TORNADO
MAX 32 OR BELOW: 0 0.01 INCH OR MORE: 8
MAX 90 OR ABOVE: 0 0.10 INCH OR MORE: 5
MIN 32 OR BELOW: 11 0.50 INCH OR MORE: 4
MIN 0 OR BELOW: 0 1.00 INCH OR MORE: 3
[HDD (BASE 65) ]
TOTAL THIS MO. 564 CLEAR (SCALE 0-3) 20
DPTR FM NORMAL -119 PTCLDY (SCALE 4-7) 6
TOTAL FM JUL 1 3878 CLOUDY (SCALE 8-10) 5
DPTR FM NORMAL -426
[CDD (BASE 65) ]
TOTAL THIS MO. 3
DPTR FM NORMAL 2 [PRESSURE DATA]
TOTAL FM JAN 1 3 HIGHEST SLP 30.61 ON 20
DPTR FM NORMAL 2 LOWEST SLP 29.47 ON 28
[REMARKS]
#FINAL-03-21#