000
CXUS52 KILM 012045
CF6ILM
PRELIMINARY LOCAL CLIMATOLOGICAL DATA (WS FORM: F-6)
STATION: WILMINGTON NORTH CAROLINA
MONTH: FEBRUARY
YEAR: 2024
LATITUDE: 34 16 N
LONGITUDE: 77 55 W
TEMPERATURE IN F: :PCPN: SNOW: WIND :SUNSHINE: SKY :PK WND
================================================================================
1 2 3 4 5 6A 6B 7 8 9 10 11 12 13 14 15 16 17 18
12Z AVG MX 2MIN
DY MAX MIN AVG DEP HDD CDD WTR SNW DPTH SPD SPD DIR MIN PSBL S-S WX SPD DR
================================================================================
1 60 33 47 0 18 0 0.00 0.0 0 5.5 13 180 M M 0 1 17 290
2 66 40 53 6 12 0 0.00 0.0 0 6.0 17 60 M M 1 25 60
3 57 34 46 -2 19 0 0.00 0.0 0 7.4 17 360 M M 1 24 50
4 57 30 44 -4 21 0 0.00 0.0 0 7.9 16 60 M M 0 1 23 70
5 62 40 51 3 14 0 0.00 0.0 0 13.6 22 30 M M 2 31 20
6 56 37 47 -1 18 0 0.00 0.0 0 16.1 24 20 M M 2 37 360
7 57 33 45 -3 20 0 0.00 0.0 0 10.1 20 20 M M 0 28 360
8 56 30 43 -5 22 0 0.00 0.0 0 3.6 10 100 M M 0 14 90
9 64 39 52 4 13 0 0.00 0.0 0 3.3 12 200 M M 0 16 200
10 74 50 62 14 3 0 0.00 0.0 0 8.1 17 250 M M 1 23 250
11 73 58 66 17 0 1 0.08 0.0 0 10.3 26 240 M M 5 1 37 260
12 63 60 62 13 3 0 1.21 0.0 0 5.7 13 130 M M 10 1 20 120
13 67 40 54 5 11 0 0.10 0.0 0 14.9 35 250 M M 3 1 53 280
14 64 34 49 0 16 0 0.00 0.0 0 5.5 18 310 M M 0 25 270
15 68 37 53 4 12 0 0.00 0.0 0 9.2 21 200 M M 0 31 180
16 65 47 56 6 9 0 0.00 0.0 0 6.2 14 250 M M 0 20 240
17 60 44 52 2 13 0 0.00 0.0 0 10.1 20 320 M M 2 26 320
18 48 37 43 -7 22 0 0.00 0.0 0 5.4 16 10 M M 0 20 10
19 58 33 46 -4 19 0 0.00 0.0 0 6.0 15 10 M M 1 20 50
20 61 34 48 -2 17 0 0.00 0.0 0 8.9 17 20 M M 1 24 20
21 62 35 49 -1 16 0 0.00 0.0 0 8.3 18 360 M M 0 24 350
22 65 32 49 -2 16 0 0.00 0.0 0 5.2 17 170 M M 0 26 170
23 61 48 55 4 10 0 0.46 0.0 0 12.7 23 210 M M 5 1 37 230
24 64 42 53 2 12 0 T 0.0 0 8.4 28 290 M M 3 1 37 300
25 55 37 46 -5 19 0 0.00 0.0 0 4.9 15 40 M M 3 1 21 40
26 67 36 52 1 13 0 T 0.0 0 7.0 16 200 M M 3 1 25 190
27 67 43 55 3 10 0 T 0.0 0 8.1 22 180 M M 4 1 38 180
28 75 62 69 17 0 4 T 0.0 0 18.2 36 210 M M 2 55 220
29 62 44 53 1 12 0 T 0.0 0 9.1 25 320 M M 2 33 330
================================================================================
SM 1814 1169 390 5 1.85 0.0 245.7 M 51
================================================================================
AV 62.6 40.3 8.5 FASTST M M 2 MAX(MPH)
MISC ----> 36 210 55 220
================================================================================
NOTES:
# LAST OF SEVERAL OCCURRENCES
COLUMN 17 PEAK WIND IN M.P.H.
PRELIMINARY LOCAL CLIMATOLOGICAL DATA (WS FORM: F-6) , PAGE 2
STATION: WILMINGTON NORTH CAROLINA
MONTH: FEBRUARY
YEAR: 2024
LATITUDE: 34 16 N
LONGITUDE: 77 55 W
[TEMPERATURE DATA] [PRECIPITATION DATA] SYMBOLS USED IN COLUMN 16
AVERAGE MONTHLY: 51.4 TOTAL FOR MONTH: 1.85 1 = FOG OR MIST
DPTR FM NORMAL: 2.1 DPTR FM NORMAL: -1.62 2 = FOG REDUCING VISIBILITY
HIGHEST: 75 ON 28 GRTST 24HR 1.30 ON 12-13 TO 1/4 MILE OR LESS
LOWEST: 30 ON 8, 4 3 = THUNDER
SNOW, ICE PELLETS, HAIL 4 = ICE PELLETS
TOTAL MONTH: 0.0 INCH 5 = HAIL
GRTST 24HR 0.0 6 = FREEZING RAIN OR DRIZZLE
GRTST DEPTH: 0 7 = DUSTSTORM OR SANDSTORM:
VSBY 1/2 MILE OR LESS
8 = SMOKE OR HAZE
[NO. OF DAYS WITH] [WEATHER - DAYS WITH] 9 = BLOWING SNOW
X = TORNADO
MAX 32 OR BELOW: 0 0.01 INCH OR MORE: 4
MAX 90 OR ABOVE: 0 0.10 INCH OR MORE: 3
MIN 32 OR BELOW: 3 0.50 INCH OR MORE: 1
MIN 0 OR BELOW: 0 1.00 INCH OR MORE: 1
[HDD (BASE 65) ]
TOTAL THIS MO. 390 CLEAR (SCALE 0-3) 24
DPTR FM NORMAL -53 PTCLDY (SCALE 4-7) 4
TOTAL FM JUL 1 1654 CLOUDY (SCALE 8-10) 1
DPTR FM NORMAL -238
[CDD (BASE 65) ]
TOTAL THIS MO. 5
DPTR FM NORMAL 0 [PRESSURE DATA]
TOTAL FM JAN 1 19 HIGHEST SLP 30.48 ON 29
DPTR FM NORMAL 11 LOWEST SLP 29.42 ON 13
[REMARKS]
#FINAL-02-24#