000
CXUS52 KILM 011401
CLMILM
CLIMATE REPORT
NATIONAL WEATHER SERVICE WILMINGTON NC
1001 AM EDT SAT JUL 01 2023
...................................
...THE WILMINGTON NORTH CAROLINA CLIMATE SUMMARY FOR THE MONTH OF JUNE 2023...
CLIMATE NORMAL PERIOD 1991 TO 2020
CLIMATE RECORD PERIOD 1871 TO 2023
WEATHER OBSERVED NORMAL DEPART LAST YEAR`S
VALUE DATE(S) VALUE FROM VALUE DATE(S)
NORMAL
................................................................
TEMPERATURE (F)
RECORD
HIGH 104 06/27/1952
LOW 48 06/02/1983
HIGHEST 91 06/26 MM MM 98 06/02
06/27
06/30
LOWEST 52 06/05 MM MM 56 06/20
AVG. MAXIMUM 85.9 87.0 -1.1 89.1
AVG. MINIMUM 66.5 69.3 -2.8 69.1
MEAN 76.2 78.2 -2.0 79.1
DAYS MAX >= 90 6 9.7 -3.7 13
DAYS MAX <= 32 0 0.0 0.0 0
DAYS MIN <= 32 0 0.0 0.0 0
DAYS MIN <= 0 0 0.0 0.0 0
PRECIPITATION (INCHES)
RECORD
MAXIMUM 12.87 1962
MINIMUM 0.89 1984
TOTALS 5.20 5.67 -0.47 4.83
DAILY AVG. 0.17 0.19 -0.02
DAYS >= .01 10 11.2 -1.2
DAYS >= .10 7 7.4 -0.4
DAYS >= .50 4 3.6 0.4
DAYS >= 1.00 2 1.6 0.4
GREATEST
24 HR. TOTAL 1.73 06/27 TO 06/27
SNOWFALL (INCHES)
RECORDS
TOTAL MM MM
24 HR TOTAL MM
TOTALS 0.0 0.0 0.0 0.0
SINCE 7/1 T 0.9 -0.9 MM
DAYS >= TRACE 0 0.0 0.0 0
DAYS >= 1.0 0 0.0 0.0 0
GREATEST
SNOW DEPTH 0 0 MM
24 HR TOTAL MM MM
STORM TOTAL 0.0
(MM/DD(HH))
DEGREE DAYS
HEATING TOTAL 1 1 0 0
SINCE 7/1 1682 2324 -642
COOLING TOTAL 344 396 -52 433
SINCE 1/1 752 709 43
FREEZE DATES
RECORD
EARLIEST 10/16/1876
LATEST 04/21/1983
EARLIEST 11/18 11/18
LATEST 03/21 03/14
................................................................
WIND (MPH)
AVERAGE WIND SPEED 7.5
RESULTANT WIND SPEED/DIRECTION 2/210
HIGHEST WIND SPEED/DIRECTION 31/260 DATE 06/14
HIGHEST GUST SPEED/DIRECTION 40/260 DATE 06/14
SKY COVER
AVERAGE SKY COVER 0.30
AVERAGE RH (PERCENT) 70
WEATHER CONDITIONS. NUMBER OF DAYS WITH
THUNDERSTORM 7 MIXED PRECIP 0
HEAVY RAIN 5 RAIN 6
LIGHT RAIN 11 FREEZING RAIN 0
LT FREEZING RAIN 0 HAIL 0
HEAVY SNOW 0 SNOW 0
LIGHT SNOW 0 SLEET 0
FOG 17 FOG W/VIS <= 1/4 MILE 1
HAZE 11
- INDICATES NEGATIVE NUMBERS.
R INDICATES RECORD WAS SET OR TIED.
MM INDICATES DATA IS MISSING.
T INDICATES TRACE AMOUNT.
$$