000
CXUS52 KILM 011229
CLMILM
CLIMATE REPORT
NATIONAL WEATHER SERVICE WILMINGTON NC
829 AM EDT SAT APR 01 2023
...................................
...THE WILMINGTON NORTH CAROLINA CLIMATE SUMMARY FOR THE MONTH OF MARCH 2023...
CLIMATE NORMAL PERIOD 1991 TO 2020
CLIMATE RECORD PERIOD 1871 TO 2023
WEATHER OBSERVED NORMAL DEPART LAST YEAR`S
VALUE DATE(S) VALUE FROM VALUE DATE(S)
NORMAL
................................................................
TEMPERATURE (F)
RECORD
HIGH 94 03/23/1907
LOW 9 03/04/1980
HIGHEST 86 03/25 MM MM 84 03/03
LOWEST 28 03/21 MM MM 25 03/13
AVG. MAXIMUM 70.4 66.5 3.9 71.0
AVG. MINIMUM 47.7 44.1 3.6 47.2
MEAN 59.0 55.3 3.7 59.1
DAYS MAX >= 90 0 0.0 0.0 0
DAYS MAX <= 32 0 0.0 0.0 0
DAYS MIN <= 32 3 3.9 -0.9 3
DAYS MIN <= 0 0 0.0 0.0 0
PRECIPITATION (INCHES)
RECORD
MAXIMUM 10.43 1936
MINIMUM 0.26 1945
TOTALS 2.74 3.97 -1.23 2.43
DAILY AVG. 0.09 0.13 -0.04
DAYS >= .01 8 9.6 -1.6
DAYS >= .10 5 6.0 -1.0
DAYS >= .50 2 2.8 -0.8
DAYS >= 1.00 1 1.3 -0.3
GREATEST
24 HR. TOTAL 1.77 03/26 TO 03/27
SNOWFALL (INCHES)
RECORDS
TOTAL 6.6 1980
24 HR TOTAL 5.2 03/02/1980 TO 03/02/1980
TOTALS 0.0 0.0 0.0 0.0
SINCE 7/1 T 0.9 -0.9 MM
DAYS >= TRACE 0 0.0 0.0 0
DAYS >= 1.0 0 0.0 0.0 0
GREATEST
SNOW DEPTH 0 0 MM
24 HR TOTAL MM MM
STORM TOTAL 0.0
(MM/DD(HH))
DEGREE DAYS
HEATING TOTAL 246 320 -74 213
SINCE 7/1 1606 2186 -580
COOLING TOTAL 68 19 49 39
SINCE 1/1 109 27 82
FREEZE DATES
RECORD
EARLIEST 10/16/1876
LATEST 04/21/1983
EARLIEST 11/18
LATEST 03/14
................................................................
WIND (MPH)
AVERAGE WIND SPEED 9.2
RESULTANT WIND SPEED/DIRECTION 2/270
HIGHEST WIND SPEED/DIRECTION 35/220 DATE 03/04
HIGHEST GUST SPEED/DIRECTION 51/210 DATE 03/03
SKY COVER
AVERAGE SKY COVER 0.30
AVERAGE RH (PERCENT) 64
WEATHER CONDITIONS. NUMBER OF DAYS WITH
THUNDERSTORM 2 MIXED PRECIP 0
HEAVY RAIN 4 RAIN 7
LIGHT RAIN 14 FREEZING RAIN 0
LT FREEZING RAIN 0 HAIL 0
HEAVY SNOW 0 SNOW 0
LIGHT SNOW 0 SLEET 0
FOG 14 FOG W/VIS <= 1/4 MILE 1
HAZE 2
- INDICATES NEGATIVE NUMBERS.
R INDICATES RECORD WAS SET OR TIED.
MM INDICATES DATA IS MISSING.
T INDICATES TRACE AMOUNT.
$$