000
CXUS53 KILX 010900
CF6ILX
PRELIMINARY LOCAL CLIMATOLOGICAL DATA (WS FORM: F-6)
STATION: LINCOLN IL
MONTH: AUGUST
YEAR: 2023
LATITUDE: 40 9 N
LONGITUDE: 89 20 W
TEMPERATURE IN F: :PCPN: SNOW: WIND :SUNSHINE: SKY :PK WND
================================================================================
1 2 3 4 5 6A 6B 7 8 9 10 11 12 13 14 15 16 17 18
12Z AVG MX 2MIN
DY MAX MIN AVG DEP HDD CDD WTR SNW DPTH SPD SPD DIR MIN PSBL S-S WX SPD DR
================================================================================
1 83 59 71 -3 0 6 0.00 0.0 0 M M M M M M M M
2 73 65 69 -5 0 4 0.10 0.0 0 M M M M M M M M
3 85 61 73 -1 0 8 0.00 0.0 0 M M M M M M M M
4 87 63 75 1 0 10 T 0.0 0 M M M M M M 1 M M
5 79 66 73 -1 0 8 2.82 0.0 0 M M M M M M 3 M M
6 75 65 70 -3 0 5 0.43 0.0 0 M M M M M M 3 M M
7 75 63 69 -4 0 4 0.65 0.0 0 M M M M M M M M
8 82 58 70 -3 0 5 0.02 0.0 0 M M M M M M 1 M M
9 78 58 68 -5 0 3 0.94 0.0 0 M M M M M M 3 M M
10 84 64 74 1 0 9 T 0.0 0 M M M M M M 1 M M
11 87 63 75 2 0 10 0.83 0.0 0 M M M M M M 13 M M
12 85 62 74 1 0 9 T 0.0 0 M M M M M M 1 M M
13 82 59 71 -2 0 6 0.01 0.0 0 M M M M M M M M
14 79 63 71 -2 0 6 0.00 0.0 0 M M M M M M M M
15 77 57 67 -6 0 2 T 0.0 0 M M M M M M M M
16 79 51 65 -8 0 0 0.00 0.0 0 M M M M M M 1 M M
17 80 60 70 -3 0 5 0.34 0.0 0 M M M M M M 13 M M
18 78 53 66 -7 0 1 0.00 0.0 0 M M M M M M M M
19 84 57 71 -2 0 6 0.00 0.0 0 M M M M M M M M
20 90 66 78 6 0 13 T 0.0 0 M M M M M M M M
21 89 73 81 9 0 16 0.00 0.0 0 M M M M M M M M
22 92 69 81 9 0 16 0.00 0.0 0 M M M M M M 1 M M
23 95 72 84 12 0 19 0.00 0.0 0 M M M M M M 1 M M
24 97 77 87 15 0 22 0.00 0.0 0 M M M M M M M M
25 94 70 82 10 0 17 0.44 0.0 0 M M M M M M 3 M M
26 83 64 74 2 0 9 T 0.0 0 M M M M M M M M
27 78 58 68 -4 0 3 0.00 0.0 0 M M M M M M M M
28 79 53 66 -6 0 1 0.00 0.0 0 M M M M M M 1 M M
29 84 54 69 -2 0 4 0.36 0.0 0 M M M M M M 1 M M
30 73 52 63 -8 2 0 0.00 0.0 0 M M M M M M 1 M M
31 76 48 62 -9 3 0 0.00 0.0 0 M M M M M M M M
================================================================================
SM 2562 1903 5 227 6.94 0.0 M M M
================================================================================
AV 82.6 61.4 M FASTST M M M MAX(MPH)
MISC ----> M M M M
================================================================================
NOTES:
# LAST OF SEVERAL OCCURRENCES
COLUMN 17 PEAK WIND IN M.P.H.
PRELIMINARY LOCAL CLIMATOLOGICAL DATA (WS FORM: F-6) , PAGE 2
STATION: LINCOLN IL
MONTH: AUGUST
YEAR: 2023
LATITUDE: 40 9 N
LONGITUDE: 89 20 W
[TEMPERATURE DATA] [PRECIPITATION DATA] SYMBOLS USED IN COLUMN 16
AVERAGE MONTHLY: 72.0 TOTAL FOR MONTH: 6.94 1 = FOG OR MIST
DPTR FM NORMAL: -0.6 DPTR FM NORMAL: 3.47 2 = FOG REDUCING VISIBILITY
HIGHEST: 97 ON 24 GRTST 24HR 2.82 ON 5- 5 TO 1/4 MILE OR LESS
LOWEST: 48 ON 31 3 = THUNDER
SNOW, ICE PELLETS, HAIL 4 = ICE PELLETS
TOTAL MONTH: 0.0 INCH 5 = HAIL
GRTST 24HR 0.0 6 = FREEZING RAIN OR DRIZZLE
GRTST DEPTH: 0 7 = DUSTSTORM OR SANDSTORM:
VSBY 1/2 MILE OR LESS
8 = SMOKE OR HAZE
[NO. OF DAYS WITH] [WEATHER - DAYS WITH] 9 = BLOWING SNOW
X = TORNADO
MAX 32 OR BELOW: 0 0.01 INCH OR MORE: 11
MAX 90 OR ABOVE: 5 0.10 INCH OR MORE: 9
MIN 32 OR BELOW: 0 0.50 INCH OR MORE: 4
MIN 0 OR BELOW: 0 1.00 INCH OR MORE: 1
[HDD (BASE 65) ]
TOTAL THIS MO. 5 CLEAR (SCALE 0-3) 0
DPTR FM NORMAL -1 PTCLDY (SCALE 4-7) 0
TOTAL FM JUL 1 5 CLOUDY (SCALE 8-10) 31
DPTR FM NORMAL 3
[CDD (BASE 65) ]
TOTAL THIS MO. 227
DPTR FM NORMAL -16 [PRESSURE DATA]
TOTAL FM JAN 1 770 HIGHEST SLP M ON M
DPTR FM NORMAL -109 LOWEST SLP M ON M
[REMARKS]
#FINAL-08-23#