000
CXUS55 KLBF 011510
CF6IML
PRELIMINARY LOCAL CLIMATOLOGICAL DATA (WS FORM: F-6)
STATION: IMPERIAL
MONTH: FEBRUARY
YEAR: 2022
LATITUDE: 40 31 N
LONGITUDE: 101 37 W
TEMPERATURE IN F: :PCPN: SNOW: WIND :SUNSHINE: SKY :PK WND
================================================================================
1 2 3 4 5 6A 6B 7 8 9 10 11 12 13 14 15 16 17 18
12Z AVG MX 2MIN
DY MAX MIN AVG DEP HDD CDD WTR SNW DPTH SPD SPD DIR MIN PSBL S-S WX SPD DR
================================================================================
1 35 15 25 -5 40 0 0.00 M M 12.5 20 23 M M 4 32 30
2 16 -1 8 -22 57 0 T M M 11.0 17 40 M M 9 8 27 60
3 21 -2 10 -20 55 0 0.00 M M 9.0 16 220 M M 3 27 240
4 42 8 25 -5 40 0 0.00 M M 11.5 18 320 M M 0 30 270
5 55 11 33 3 32 0 0.00 M M 11.7 26 310 M M 0 41 320
6 48 26 37 7 28 0 0.00 M M 13.4 25 350 M M 3 34 350
7 57 26 42 12 23 0 0.00 M M 12.4 21 320 M M 0 30 290
8 55 24 40 10 25 0 0.00 M M 15.5 32 340 M M 0 48 320
9 57 29 43 13 22 0 T M M 13.7 29 350 M M 5 37 350
10 61 22 42 12 23 0 0.00 M M 12.1 29 280 M M 2 46 270
11 47 20 34 4 31 0 T M M 17.5 36 330 M M 4 47 320
12 47 16 32 1 33 0 0.00 M M 11.1 22 310 M M 4 35 300
13 60 16 38 7 27 0 0.00 M M 9.5 24 260 M M 1 39 250
14 55 17 36 5 29 0 0.00 M M 12.3 26 160 M M 0 8 34 160
15 53 22 38 7 27 0 0.00 M M 4.0 24 10 M M 0 32 10
16 35 22 29 -2 36 0 T M M 15.2 26 10 M M 8 1 35 30
17 35 7 21 -11 44 0 0.00 M M 9.3 20 360 M M 2 31 250
18 56 24 40 8 25 0 0.00 M M 13.5 25 330 M M 3 43 310
19 60 17 39 7 26 0 0.00 M M 13.5 33 220 M M 0 47 220
20 66 29 48 16 17 0 0.00 M M 11.7 23 340 M M 0 33 350
21 42 1 22 -11 43 0 0.00 M M 19.1 33 360 M M 5 45 360
22 14 -3 6 -27 59 0 T M M 21.0 31 350 M M 8 43 340
23 15 -3 6 -27 59 0 T M M 9.3 17 10 M M 6 25 100
24 18 -2 8 -26 57 0 T M M 5.8 15 120 M M 6 8 20 120
25 37 -8 15 -19 50 0 0.00 M M 5.1 15 290 M M 0 19 290
26 44 9 27 -7 38 0 0.00 M M 9.4 22 320 M M 1 34 320
27 61 12 37 2 28 0 0.00 M M 9.4 17 310 M M 0 26 280
28 67 28 48 13 17 0 0.00 M M 10.7 17 330 M M 0 30 280
================================================================================
SM 1259 382 991 0 T M 330.2 M 74
================================================================================
AV 45.0 13.6 11.8 FASTST M M 3 MAX(MPH)
MISC ----> 36 330 48 320
================================================================================
NOTES:
# LAST OF SEVERAL OCCURRENCES
COLUMN 17 PEAK WIND IN M.P.H.
PRELIMINARY LOCAL CLIMATOLOGICAL DATA (WS FORM: F-6) , PAGE 2
STATION: IMPERIAL
MONTH: FEBRUARY
YEAR: 2022
LATITUDE: 40 31 N
LONGITUDE: 101 37 W
[TEMPERATURE DATA] [PRECIPITATION DATA] SYMBOLS USED IN COLUMN 16
AVERAGE MONTHLY: 29.3 TOTAL FOR MONTH: T 1 = FOG OR MIST
DPTR FM NORMAL: -2.2 DPTR FM NORMAL: -0.36 2 = FOG REDUCING VISIBILITY
HIGHEST: 67 ON 28 GRTST 24HR T ON 2- 2 TO 1/4 MILE OR LESS
LOWEST: -8 ON 25 3 = THUNDER
SNOW, ICE PELLETS, HAIL 4 = ICE PELLETS
TOTAL MONTH: M 5 = HAIL
GRTST 24HR M ON M 6 = FREEZING RAIN OR DRIZZLE
GRTST DEPTH: M ON M 7 = DUSTSTORM OR SANDSTORM:
VSBY 1/2 MILE OR LESS
8 = SMOKE OR HAZE
[NO. OF DAYS WITH] [WEATHER - DAYS WITH] 9 = BLOWING SNOW
X = TORNADO
MAX 32 OR BELOW: 5 0.01 INCH OR MORE: 0
MAX 90 OR ABOVE: 0 0.10 INCH OR MORE: 0
MIN 32 OR BELOW: 28 0.50 INCH OR MORE: 0
MIN 0 OR BELOW: 6 1.00 INCH OR MORE: 0
[HDD (BASE 65) ]
TOTAL THIS MO. 991 CLEAR (SCALE 0-3) 17
DPTR FM NORMAL 55 PTCLDY (SCALE 4-7) 10
TOTAL FM JUL 1 4053 CLOUDY (SCALE 8-10) 1
DPTR FM NORMAL -426
[CDD (BASE 65) ]
TOTAL THIS MO. 0
DPTR FM NORMAL 0 [PRESSURE DATA]
TOTAL FM JAN 1 0 HIGHEST SLP 30.71 ON 22
DPTR FM NORMAL 0 LOWEST SLP 29.54 ON 21
[REMARKS]
#FINAL-02-22#