000
CXUS53 KDLH 012250
CLMINL
CLIMATE REPORT
NATIONAL WEATHER SERVICE DULUTH MN
450 PM CST THU FEB 01 2024
...................................
...THE INTERNATIONAL FALLS CLIMATE SUMMARY FOR THE MONTH OF JANUARY 2024...
CLIMATE NORMAL PERIOD: 1991 TO 2020
CLIMATE RECORD PERIOD: 1895 TO 2024
WEATHER OBSERVED NORMAL DEPART LAST YEAR`S
VALUE DATE(S) VALUE FROM VALUE DATE(S)
NORMAL
................................................................
TEMPERATURE (F)
RECORD
HIGH 53 01/31/2024
LOW -55 01/06/1909
HIGHEST 53R 01/31 MM MM 38 01/15
LOWEST -23 01/20 MM MM -34 01/29
AVG. MAXIMUM 20.2 15.7 4.5 20.8
AVG. MINIMUM 7.8 -5.8 13.6 5.1
MEAN 14.0 5.0 9.0 13.0
DAYS MAX >= 90 0 0.0 0.0 0
DAYS MAX <= 32 26 27.7 -1.7 28
DAYS MIN <= 32 31 30.9 0.1 31
DAYS MIN <= 0 10 19.0 -9.0 10
PRECIPITATION (INCHES)
RECORD
MAXIMUM 3.03 1975
MINIMUM 0.02 1908
TOTALS 0.67 0.79 -0.12 0.26
DAILY AVG. 0.02 0.03 -0.01 0.01
DAYS >= .01 9 10.1 -1.1 4
DAYS >= .10 4 2.6 1.4 1
DAYS >= .50 0 0.1 -0.1 0
DAYS >= 1.00 0 0.0 0.0 0
GREATEST
24 HR. TOTAL 0.26 01/05 TO 01/06
SNOWFALL (INCHES)
RECORDS
TOTAL 43.0 1975
TOTALS 11.9 15.7 -3.8 9.7
SINCE 7/1 23.3 45.3 -22.0 MM
SNOWDEPTH AVG. 5 15
DAYS >= 1.0 4 4.8 -0.8 2
GREATEST
SNOW DEPTH 8 01/22 19 01/27
01/23
01/28
01/29
24 HR TOTAL MM
DEGREE DAYS
HEATING TOTAL 1573 1861 -288 1608
SINCE 7/1 4428 5940 -1512 MM
COOLING TOTAL 0 0 0 0
SINCE 1/1 0 0 0 MM
................................................................
WIND (MPH)
AVERAGE WIND SPEED 6.1
HIGHEST WIND SPEED/DIRECTION 21/330 DATE 01/29
HIGHEST GUST SPEED/DIRECTION 30/240 DATE 01/15
SKY COVER
POSSIBLE SUNSHINE (PERCENT) MM
AVERAGE SKY COVER 0.75
NUMBER OF DAYS FAIR 3
NUMBER OF DAYS PC 10
NUMBER OF DAYS CLOUDY 18
AVERAGE RH (PERCENT) 78
WEATHER CONDITIONS. NUMBER OF DAYS WITH
THUNDERSTORM 0 MIXED PRECIP 0
HEAVY RAIN 0 RAIN 0
LIGHT RAIN 0 FREEZING RAIN 0
LT FREEZING RAIN 0 HAIL 0
HEAVY SNOW 0 SNOW 2
LIGHT SNOW 22 SLEET 0
FOG 21 FOG W/VIS <= 1/4 MILE 1
HAZE 16
- INDICATES NEGATIVE NUMBERS.
R INDICATES RECORD WAS SET OR TIED.
MM INDICATES DATA IS MISSING.
T INDICATES TRACE AMOUNT.
$$