000
CXUS53 KDVN 011425
CLMIOW
CLIMATE REPORT
NATIONAL WEATHER SERVICE QUAD CITIES IA IL
825 AM CST FRI MAR 01 2024
...................................
...THE IOWA CITY IA CLIMATE SUMMARY FOR THE MONTH OF FEBRUARY 2024...
CLIMATE NORMAL PERIOD 1991 TO 2020
CLIMATE RECORD PERIOD 9999 TO 9999
WEATHER OBSERVED NORMAL DEPART LAST YEAR`S
VALUE DATE(S) VALUE FROM VALUE
NORMAL
..............................................................
TEMPERATURE (F)
HIGHEST 77 02/27 40 37
LOWEST 8 02/17 15 -7
AVG. MAXIMUM 51.5 35.5 16.0
AVG. MINIMUM 25.4 18.5 6.9
MEAN 38.5 27.0 11.5
DAYS MAX >= 90 0
DAYS MAX <= 32 2
DAYS MIN <= 32 22
DAYS MIN <= 0 0
PRECIPITATION (INCHES)
TOTALS 0.15 1.21 -1.06
DAILY AVG. 0.01
DAYS >= .01 2
DAYS >= .10 1
DAYS >= .50 0
DAYS >= 1.00 0
GREATEST
24 HR. TOTAL 0.13 02/15 TO 02/15
DEGREE DAYS
HEATING TOTAL 762 1064 -302
SINCE 7/1 4032 4811 -779
COOLING TOTAL 0 0 0
SINCE 1/1 0 0 0
..............................................................
WIND (MPH)
AVERAGE WIND SPEED 8.1
HIGHEST WIND SPEED/DIRECTION 37/300 DATE 02/27
HIGHEST GUST SPEED/DIRECTION 50/300 DATE 02/27
SKY COVER
AVERAGE SKY COVER 0.19
NUMBER OF DAYS FAIR 23
NUMBER OF DAYS PC 6
NUMBER OF DAYS CLOUDY 0
AVERAGE RH (PERCENT) 62
WEATHER CONDITIONS. NUMBER OF DAYS WITH
THUNDERSTORM 0 HAIL 0
SLEET 0 FOG 7
FOG W/VIS <= 1/4 MILE 0 HAZE 2
- INDICATES NEGATIVE NUMBERS.
R INDICATES RECORD WAS SET OR TIED.
MM INDICATES DATA IS MISSING.
T INDICATES TRACE AMOUNT.
$$