000
CXUS51 KCTP 010800
CF6IPT
PRELIMINARY LOCAL CLIMATOLOGICAL DATA (WS FORM: F-6)
STATION: WILLIAMSPORT PA
MONTH: OCTOBER
YEAR: 2022
LATITUDE: 41 15 N
LONGITUDE: 76 55 W
TEMPERATURE IN F: :PCPN: SNOW: WIND :SUNSHINE: SKY :PK WND
================================================================================
1 2 3 4 5 6A 6B 7 8 9 10 11 12 13 14 15 16 17 18
12Z AVG MX 2MIN
DY MAX MIN AVG DEP HDD CDD WTR SNW DPTH SPD SPD DIR MIN PSBL S-S WX SPD DR
================================================================================
1 65 50 58 -1 7 0 0.81 0.0 0 3.4 12 50 M M 9 1 16 60
2 61 47 54 -4 11 0 0.23 0.0 0 5.6 14 30 M M 6 1 19 30
3 57 45 51 -7 14 0 0.00 0.0 0 4.7 13 250 M M 0 14 250
4 51 47 49 -9 16 0 0.75 0.0 0 6.3 15 250 M M 10 1 18 270
5 72 47 60 3 5 0 0.15 0.0 0 3.9 13 240 M M 6 1 19 260
6 76 44 60 3 5 0 T 0.0 0 3.1 10 290 M M 2 15 260
7 67 50 59 3 6 0 0.00 0.0 0 6.2 18 300 M M 7 12 23 300
8 58 36 47 -9 18 0 0.00 0.0 0 5.8 17 260 M M 7 21 250
9 64 34 49 -7 16 0 0.00 0.0 0 3.9 16 250 M M 3 12 20 250
10 68 42 55 0 10 0 0.00 0.0 0 3.1 17 260 M M 4 22 270
11 70 41 56 1 9 0 0.00 0.0 0 2.0 12 180 M M 3 1 15 180
12 67 41 54 0 11 0 0.00 0.0 0 9.5 24 150 M M 1 1 32 160
13 65 51 58 4 7 0 0.91 0.0 0 6.9 24 260 M M 10 1 31 150
14 62 47 55 1 10 0 0.00 0.0 0 3.1 17 170 M M 6 1 21 160
15 70 42 56 3 9 0 0.00 0.0 0 6.1 21 160 M M 2 28 250
16 64 38 51 -2 14 0 0.00 0.0 0 2.0 8 180 M M 3 11 180
17 60 39 50 -2 15 0 0.00 0.0 0 5.6 22 260 M M 4 27 270
18 49 31 40 -12 25 0 0.00 0.0 0 5.4 20 250 M M 6 24 260
19 50 35 43 -9 22 0 T 0.0 0 9.3 18 240 M M 9 23 240
20 57 35 46 -5 19 0 0.00 0.0 0 6.8 22 230 M M 2 30 230
21 61 31 46 -5 19 0 0.00 0.0 0 3.4 16 170 M M 0 23 160
22 69 32 51 0 14 0 0.00 0.0 0 1.7 10 180 M M 0 14 150
23 66 34 50 0 15 0 0.02 0.0 0 1.1 5 240 M M 5 12 7 230
24 64 54 59 9 6 0 0.16 0.0 0 2.5 8 240 M M 10 1 14 230
25 66 57 62 12 3 0 T 0.0 0 3.0 12 120 M M 10 1 19 90
26 64 55 60 11 5 0 T 0.0 0 6.9 18 250 M M 7 24 240
27 61 38 50 1 15 0 0.00 0.0 0 9.1 21 310 M M 4 28 320
28 58 32 45 -3 20 0 0.00 0.0 0 0.8 7 250 M M 0 9 10
29 60 30 45 -3 20 0 0.00 0.0 0 0.6 6 260 M M 2 12 7 290
30 59 28 44 -4 21 0 0.00 0.0 0 2.3 13 130 M M 0 12 19 120
31 59 39 49 2 16 0 0.05 0.0 0 2.7 13 110 M M 6 1 21 110
================================================================================
SM 1940 1272 403 0 3.08 0.0 136.8 M 144
================================================================================
AV 62.6 41.0 4.4 FASTST M M 5 MAX(MPH)
MISC ----> # 24 150 32 160
================================================================================
NOTES:
# LAST OF SEVERAL OCCURRENCES
COLUMN 17 PEAK WIND IN M.P.H.
PRELIMINARY LOCAL CLIMATOLOGICAL DATA (WS FORM: F-6) , PAGE 2
STATION: WILLIAMSPORT PA
MONTH: OCTOBER
YEAR: 2022
LATITUDE: 41 15 N
LONGITUDE: 76 55 W
[TEMPERATURE DATA] [PRECIPITATION DATA] SYMBOLS USED IN COLUMN 16
AVERAGE MONTHLY: 51.8 TOTAL FOR MONTH: 3.08 1 = FOG OR MIST
DPTR FM NORMAL: -1.2 DPTR FM NORMAL: -0.62 2 = FOG REDUCING VISIBILITY
HIGHEST: 76 ON 6 GRTST 24HR 0.99 ON 1- 2 TO 1/4 MILE OR LESS
LOWEST: 28 ON 30 3 = THUNDER
SNOW, ICE PELLETS, HAIL 4 = ICE PELLETS
TOTAL MONTH: 0.0 INCH 5 = HAIL
GRTST 24HR 0.0 6 = FREEZING RAIN OR DRIZZLE
GRTST DEPTH: 0 7 = DUSTSTORM OR SANDSTORM:
VSBY 1/2 MILE OR LESS
8 = SMOKE OR HAZE
[NO. OF DAYS WITH] [WEATHER - DAYS WITH] 9 = BLOWING SNOW
X = TORNADO
MAX 32 OR BELOW: 0 0.01 INCH OR MORE: 8
MAX 90 OR ABOVE: 0 0.10 INCH OR MORE: 6
MIN 32 OR BELOW: 6 0.50 INCH OR MORE: 3
MIN 0 OR BELOW: 0 1.00 INCH OR MORE: 0
[HDD (BASE 65) ]
TOTAL THIS MO. 403 CLEAR (SCALE 0-3) 13
DPTR FM NORMAL 21 PTCLDY (SCALE 4-7) 12
TOTAL FM JUL 1 478 CLOUDY (SCALE 8-10) 6
DPTR FM NORMAL -3
[CDD (BASE 65) ]
TOTAL THIS MO. 0
DPTR FM NORMAL -9 [PRESSURE DATA]
TOTAL FM JAN 1 997 HIGHEST SLP M ON M
DPTR FM NORMAL 199 LOWEST SLP 29.58 ON 17
[REMARKS]
#FINAL-10-22#