000
CXUS51 KCTP 010858
CLSIPT
CLIMATE REPORT
NATIONAL WEATHER SERVICE STATE COLLEGE PA
358 AM EST FRI DEC 01 2023
...................................
...THE WILLIAMSPORT PA CLIMATE SUMMARY FOR THE SEASON, FROM
9/1/2023 TO 11/30/2023...
CLIMATE NORMAL PERIOD 1991 TO 2020
CLIMATE RECORD PERIOD 1895 TO 2023
WEATHER OBSERVED NORMAL DEPART LAST YEAR`S
VALUE DATE(S) VALUE FROM VALUE DATE(S)
NORMAL
................................................................
TEMPERATURE (F)
RECORD
HIGH 102 09/03/1953
LOW 3 11/27/1938
HIGHEST 93 09/04 85 09/18
09/05
LOWEST 20 11/30 17 11/21
AVG. MAXIMUM 64.7 63.0 1.7 64.0
AVG. MINIMUM 45.1 43.4 1.7 43.9
MEAN 54.9 53.2 1.7 54.0
DAYS MAX >= 90 5 1.3 3.7 0
DAYS MAX <= 32 1 0.4 0.6 0
DAYS MIN <= 32 21 18.0 3.0 20
DAYS MIN <= 0 0 0.0 0.0 0
PRECIPITATION (INCHES)
RECORD
MAXIMUM 24.67 2011
MINIMUM 3.10 1930
TOTALS 7.15 11.71 -4.56 12.19
DAILY AVG. 0.08 0.13 -0.05 0.13
DAYS >= .01 29 30.7 -1.7 28
DAYS >= .10 14 18.2 -4.2 20
DAYS >= .50 6 7.4 -1.4 8
DAYS >= 1.00 1 2.8 -1.8 3
GREATEST
24 HR. TOTAL 1.24 1MM21 TO 11/22 2.70
STORM TOTAL 1.24 1.71
(MM/DD(HH)) 11/21(0) TOMM1/22(23)
SNOWFALL (INCHES)
RECORDS
TOTAL 13.8 1995
24 HR TOTAL 1.1 11/27/2021 TO 11/28/2021
SNOW DEPTH 1 11/16/2022
TOTALS T 1.8 -1.8 1.8
LIQUID EQUIV T 0.00 0.00 0.20
SINCE 7/1 T 1.8 -1.8 MM
LIQUID 7/1 -0.10 0.10 -0.20 MM
SNOWDEPTH AVG. 0 0
DAYS >= TRACE 1 1.6 -0.6 4
DAYS >= 1.0 0 0.6 -0.6 1
GREATEST
SNOW DEPTH 0 1 11/16
24 HR TOTAL T 11/28 TO 11/28 MM
STORM TOTAL T 1.8
(MM/DD(HH)) 11/28(0) TOMM1/28(23)
DEGREE DAYS
HEATING TOTAL 1046 1165 -119 1083
SINCE 7/1 1046 1172 -126 MM
COOLING TOTAL 152 88 64 99
SINCE 1/1 864 798 66 MM
FREEZE DATES
RECORD
EARLIEST 09/22/1904
LATEST 05/25/1956
EARLIEST 03/01
LATEST 05/14
................................................................
WIND (MPH)
AVERAGE WIND SPEED 4.8
RESULTANT WIND SPEED/DIRECTION 2/280
HIGHEST WIND SPEED/DIRECTION 30/270 DATE 09/07
HIGHEST GUST SPEED/DIRECTION 46/280 DATE 09/07
SKY COVER
POSSIBLE SUNSHINE (PERCENT) MM
AVERAGE SKY COVER 0.48
NUMBER OF DAYS FAIR 33
NUMBER OF DAYS PC 37
NUMBER OF DAYS CLOUDY 21
WEATHER CONDITIONS. NUMBER OF DAYS WITH
THUNDERSTORM 7 MIXED PRECIP 0
HEAVY RAIN 7 RAIN 18
LIGHT RAIN 33 FREEZING RAIN 0
LT FREEZING RAIN 0 HAIL 0
HEAVY SNOW 0 SNOW 0
LIGHT SNOW 1 SLEET 0
FOG 48 FOG W/VIS <= 1/4 MILE 13
HAZE 9
- INDICATES NEGATIVE NUMBERS.
R INDICATES RECORD WAS SET OR TIED.
MM INDICATES DATA IS MISSING.
T INDICATES TRACE AMOUNT.
$$