000
CXUS51 KCTP 010855
CLSIPT
CLIMATE REPORT
NATIONAL WEATHER SERVICE STATE COLLEGE PA
455 AM EDT THU JUN 01 2023
...................................
...THE WILLIAMSPORT PA CLIMATE SUMMARY FOR THE SEASON, FROM
3/1/2023 TO 5/31/2023...
CLIMATE NORMAL PERIOD 1991 TO 2020
CLIMATE RECORD PERIOD 1895 TO 2023
WEATHER OBSERVED NORMAL DEPART LAST YEAR`S
VALUE DATE(S) VALUE FROM VALUE DATE(S)
NORMAL
................................................................
TEMPERATURE (F)
RECORD
HIGH 96 05/20/1996
05/19/1996
05/23/1925
LOW -5 03/18/1916
HIGHEST 90 04/14 93 05/21
05/29
LOWEST 22 03/19 15 03/04
AVG. MAXIMUM 63.2 60.8 2.4 62.4
AVG. MINIMUM 39.1 39.1 -0.0 40.0
MEAN 51.1 49.9 1.2 51.2
DAYS MAX >= 90 2 1.7 0.3 3
DAYS MAX <= 32 0 1.8 -1.8 2
DAYS MIN <= 32 29 27.9 1.1 25
DAYS MIN <= 0 0 0.1 -0.1 0
PRECIPITATION (INCHES)
RECORD
MAXIMUM 23.75 2011
MINIMUM 4.92 2016
TOTALS 7.18 10.61 -3.43 9.93
DAILY AVG. 0.08 0.12 -0.04 0.11
DAYS >= .01 28 37.5 -9.5 44
DAYS >= .10 19 22.2 -3.2 22
DAYS >= .50 4 6.8 -2.8 5
DAYS >= 1.00 1 2.0 -1.0 1
GREATEST
24 HR. TOTAL 1.72 1.39 05/06 TO 05/07
STORM TOTAL 1.72 1.14
(MM/DD(HH)) MM
SNOWFALL (INCHES)
RECORDS
TOTAL 37.1 1915
24 HR TOTAL 0.2 MM
SNOW DEPTH 4 03/13/2022
TOTALS 6.6 8.1 -1.5 11.2
LIQUID EQUIV 0.70 0.00 0.70 1.10
SINCE 7/1 19.9 35.8 -15.9 MM
LIQUID 7/1 1.99 3.50 -1.51 MM
SNOWDEPTH AVG. 0 0
DAYS >= TRACE 11 4.0 7.0 12
DAYS >= 1.0 2 2.0 0.0 4
GREATEST
SNOW DEPTH 5R 03/07 4 03/13
24 HR TOTAL 5.4R MM
STORM TOTAL 5.4 6.3
(MM/DD(HH)) MM
DEGREE DAYS
HEATING TOTAL 1294 1440 -146 1314
SINCE 7/1 5016 5745 -729 MM
COOLING TOTAL 38 54 -16 68
SINCE 1/1 38 54 -16 MM
FREEZE DATES
RECORD
EARLIEST 09/22/1904
LATEST 05/25/1956
EARLIEST 03/01
LATEST 05/14
................................................................
WIND (MPH)
AVERAGE WIND SPEED 6.8
RESULTANT WIND SPEED/DIRECTION 2/290
HIGHEST WIND SPEED/DIRECTION 47/260 DATE 04/01
HIGHEST GUST SPEED/DIRECTION 55/260 DATE 04/01
SKY COVER
POSSIBLE SUNSHINE (PERCENT) MM
AVERAGE SKY COVER 0.40
NUMBER OF DAYS FAIR 46
NUMBER OF DAYS PC 26
NUMBER OF DAYS CLOUDY 20
WEATHER CONDITIONS. NUMBER OF DAYS WITH
THUNDERSTORM 4 MIXED PRECIP 0
HEAVY RAIN 7 RAIN 10
LIGHT RAIN 26 FREEZING RAIN 0
LT FREEZING RAIN 0 HAIL 0
HEAVY SNOW 0 SNOW 3
LIGHT SNOW 11 SLEET 0
FOG 33 FOG W/VIS <= 1/4 MILE 3
HAZE 10
- INDICATES NEGATIVE NUMBERS.
R INDICATES RECORD WAS SET OR TIED.
MM INDICATES DATA IS MISSING.
T INDICATES TRACE AMOUNT.
$$