000
CXUS53 KEAX 011352
CLMIRK
CLIMATE REPORT
NATIONAL WEATHER SERVICE KANSAS CITY/PLEASANT HILL MO
848 AM CDT SAT JUL 01 2023
...................................
...THE KIRKSVILLE MO CLIMATE SUMMARY FOR THE MONTH OF JUNE 2023...
CLIMATE NORMAL PERIOD: 1991 TO 2020
CLIMATE RECORD PERIOD: 9999 TO 9999
WEATHER OBSERVED NORMAL DEPART LAST YEAR`S
VALUE DATE(S) VALUE FROM VALUE DATE(S)
NORMAL
................................................................
TEMPERATURE (F)
HIGHEST 93 06/28 91 2 94 06/13
LOWEST 43 06/12 48 -5 52 06/02
06/28
AVG. MAXIMUM 84.9 81.9 3.0 83.7
AVG. MINIMUM 57.9 61.3 -3.4 62.0
MEAN 71.4 71.6 -0.2 72.9
DAYS MAX >= 90 7 4.1 2.9 5
DAYS MAX <= 32 0 0.0 0.0 0
DAYS MIN <= 32 0 0.0 0.0 0
DAYS MIN <= 0 0 0.0 0.0 0
PRECIPITATION (INCHES)
TOTALS 3.61 5.07 -1.46 4.93
DAILY AVG. 0.12 0.17 -0.05 0.16
DAYS >= .01 8 11.2 -3.2 12
DAYS >= .10 4 7.7 -3.7 8
DAYS >= .50 3 4.1 -1.1 3
DAYS >= 1.00 2 1.8 0.2 1
GREATEST
24 HR. TOTAL 1.35 06/17 TO 06/18
DEGREE DAYS
HEATING TOTAL 15 16 -1 3
SINCE 7/1 5425 5742 -317 MM
COOLING TOTAL 212 214 -2 247
SINCE 1/1 283 288 -5 MM
................................................................
WIND (MPH)
AVERAGE WIND SPEED 6.4
HIGHEST WIND SPEED/DIRECTION 41/280 DATE 06/29
HIGHEST GUST SPEED/DIRECTION 64/030 DATE 06/02
64/280 06/29
SKY COVER
POSSIBLE SUNSHINE (PERCENT) MM
AVERAGE SKY COVER 0.16
NUMBER OF DAYS FAIR 28
NUMBER OF DAYS PC 1
NUMBER OF DAYS CLOUDY 1
AVERAGE RH (PERCENT) 66
WEATHER CONDITIONS. NUMBER OF DAYS WITH
THUNDERSTORM 9 MIXED PRECIP 0
HEAVY RAIN 3 RAIN 2
LIGHT RAIN 8 FREEZING RAIN 0
LT FREEZING RAIN 0 HAIL 0
HEAVY SNOW 0 SNOW 0
LIGHT SNOW 0 SLEET 0
FOG 15 FOG W/VIS <= 1/4 MILE 3
HAZE 12
- INDICATES NEGATIVE NUMBERS.
R INDICATES RECORD WAS SET OR TIED.
MM INDICATES DATA IS MISSING.
T INDICATES TRACE AMOUNT.
$$