000
CXUS53 KGRB 160522
CF6ISW
PRELIMINARY LOCAL CLIMATOLOGICAL DATA (WS FORM: F-6)
STATION: WISCONSIN RAPIDS ASOS
MONTH: JUNE
YEAR: 2021
LATITUDE: 44 22 N
LONGITUDE: 89 50 W
TEMPERATURE IN F: :PCPN: SNOW: WIND :SUNSHINE: SKY :PK WND
================================================================================
1 2 3 4 5 6A 6B 7 8 9 10 11 12 13 14 15 16 17 18
12Z AVG MX 2MIN
DY MAX MIN AVG DEP HDD CDD WTR SNW DPTH SPD SPD DIR MIN PSBL S-S WX SPD DR
================================================================================
1 79 44 62 0 3 0 0.00 0.0 0 4.1 14 220 M M 3 1 21 190
2 81 50 66 3 0 1 0.00 0.0 0 5.5 15 200 M M 2 20 200
3 86 54 70 7 0 5 0.15 0.0 0 7.4 22 270 M M 4 13 37 270
4 93 63 78 15 0 13 T 0.0 0 11.4 22 240 M M 2 33 260
5 94 68 81 17 0 16 T 0.0 0 11.1 21 230 M M 0 30 220
6 88 71 80 16 0 15 0.00 0.0 0 11.1 22 210 M M 1 35 180
7 89 68 79 15 0 14 0.00 0.0 0 7.0 16 210 M M 1 21 200
8 94 67 81 16 0 16 0.12 0.0 0 4.2 26 60 M M 2 13 37 70
9 93 63 78 13 0 13 0.00 0.0 0 5.2 14 110 M M 0 19 150
10 94 64 79 14 0 14 0.09 0.0 0 4.5 28 40 M M 3 13 37 40
11 91 62 77 11 0 12 0.03 0.0 0 3.5 28 290 M M 1 13 41 290
12 84 57 71 5 0 6 0.00 0.0 0 7.6 20 300 M M 1 12 29 290
13 89 55 72 6 0 7 T 0.0 0 5.9 25 60 M M 1 36 70
14 85 53 69 3 0 4 0.00 0.0 0 8.9 20 340 M M 1 29 300
15 82 58 70 3 0 5 0.00 0.0 0 7.5 14 20 M M 2 21 30
16 83 48 66 -1 0 1 0.00 0.0 0 4.6 14 290 M M 0 26 290
17 91 58 75 8 0 10 0.66 0.0 0 9.6 24 320 M M 3 13 32 310
18 88 63 76 9 0 11 0.00 0.0 0 8.1 21 300 M M 2 12 31 300
19 81 58 70 2 0 5 0.00 0.0 0 6.5 15 300 M M 1 23 290
20 72 53 63 -5 2 0 0.41 0.0 0 6.8 26 340 M M 5 1 38 330
21 65 47 56 -12 9 0 T 0.0 0 12.0 24 330 M M 7 35 340
22 72 44 58 -10 7 0 0.00 0.0 0 5.8 16 300 M M 3 23 270
23 77 51 64 -4 1 0 0.00 0.0 0 7.1 16 210 M M 5 24 220
24 84 65 75 6 0 10 0.57 0.0 0 8.2 22 320 M M 5 13 33 340
25 79 63 71 2 0 6 0.00 0.0 0 4.1 9 80 M M 7 12 14 140
26 71 63 67 -2 0 2 2.38 0.0 0 9.0 18 80 M M 9 1 27 70
27 78 60 69 0 0 4 0.48 0.0 0 6.9 18 20 M M 6 1 25 20
28 83 62 73 4 0 8 0.30 0.0 0 6.1 16 290 M M 3 13 23 140
29 78 64 71 2 0 6 0.70 0.0 0 3.5 25 330 M M 6 128 32 330
30 86 61 74 4 0 9 0.00 0.0 0 4.8 16 320 M M 3 12 21 320
================================================================================
SM 2510 1757 22 213 5.89 0.0 208.0 M 89
================================================================================
AV 83.7 58.6 6.9 FASTST M M 3 MAX(MPH)
MISC ----> # 28 40 41 290
================================================================================
NOTES:
# LAST OF SEVERAL OCCURRENCES
COLUMN 17 PEAK WIND IN M.P.H.
PRELIMINARY LOCAL CLIMATOLOGICAL DATA (WS FORM: F-6) , PAGE 2
STATION: WISCONSIN RAPIDS ASOS
MONTH: JUNE
YEAR: 2021
LATITUDE: 44 22 N
LONGITUDE: 89 50 W
[TEMPERATURE DATA] [PRECIPITATION DATA] SYMBOLS USED IN COLUMN 16
AVERAGE MONTHLY: 71.1 TOTAL FOR MONTH: 5.89 1 = FOG OR MIST
DPTR FM NORMAL: 4.7 DPTR FM NORMAL: 1.31 2 = FOG REDUCING VISIBILITY
HIGHEST: 94 ON 10, 8 GRTST 24HR 2.84 ON 26-27 TO 1/4 MILE OR LESS
LOWEST: 44 ON 22, 1 3 = THUNDER
SNOW, ICE PELLETS, HAIL 4 = ICE PELLETS
TOTAL MONTH: 0.0 INCH 5 = HAIL
GRTST 24HR 0.0 6 = FREEZING RAIN OR DRIZZLE
GRTST DEPTH: 0 7 = DUSTSTORM OR SANDSTORM:
VSBY 1/2 MILE OR LESS
8 = SMOKE OR HAZE
[NO. OF DAYS WITH] [WEATHER - DAYS WITH] 9 = BLOWING SNOW
X = TORNADO
MAX 32 OR BELOW: 0 0.01 INCH OR MORE: 11
MAX 90 OR ABOVE: 7 0.10 INCH OR MORE: 9
MIN 32 OR BELOW: 0 0.50 INCH OR MORE: 4
MIN 0 OR BELOW: 0 1.00 INCH OR MORE: 1
[HDD (BASE 65) ]
TOTAL THIS MO. 22 CLEAR (SCALE 0-3) 20
DPTR FM NORMAL -39 PTCLDY (SCALE 4-7) 9
TOTAL FM JUL 1 7404 CLOUDY (SCALE 8-10) 1
DPTR FM NORMAL -428
[CDD (BASE 65) ]
TOTAL THIS MO. 213
DPTR FM NORMAL 109 [PRESSURE DATA]
TOTAL FM JAN 1 259 HIGHEST SLP 30.20 ON 1
DPTR FM NORMAL 129 LOWEST SLP 29.42 ON 20
[REMARKS]
#FINAL-06-21#