000
CXUS55 KGLD 010800
CF6ITR
PRELIMINARY LOCAL CLIMATOLOGICAL DATA (WS FORM: F-6)
STATION: BURLINGTON CO
MONTH: JULY
YEAR: 2023
LATITUDE: 39 15 N
LONGITUDE: 102 17 W
TEMPERATURE IN F: :PCPN: SNOW: WIND :SUNSHINE: SKY :PK WND
================================================================================
1 2 3 4 5 6A 6B 7 8 9 10 11 12 13 14 15 16 17 18
12Z AVG MX 2MIN
DY MAX MIN AVG DEP HDD CDD WTR SNW DPTH SPD SPD DIR MIN PSBL S-S WX SPD DR
================================================================================
1 80 53 67 -7 0 2 0.00 M M 11.2 23 330 M M 1 32 340
2 91 54 73 -1 0 8 0.00 M M 10.3 17 170 M M 1 3 25 140
3 91 54 73 -1 0 8 0.00 M M 7.8 16 140 M M 1 20 150
4 88 61 75 0 0 10 0.13 M M 16.4 33 70 M M 1 13 45 80
5 72 59 66 -9 0 1 0.16 M M 10.4 26 150 M M 9 13 37 140
6 71 58 65 -10 0 0 0.00 M M 12.5 20 140 M M 9 123 27 140
7 80 59 70 -5 0 5 0.00 M M 9.9 22 20 M M 5 1 28 20
8 76 52 64 -11 1 0 0.19 M M 12.6 28 150 M M 6 13 39 100
9 80 50 65 -10 0 0 0.00 M M 9.5 18 150 M M 0 25 160
10 92 60 76 1 0 11 T M M 10.1 22 230 M M 1 123 31 190
11 96 61 79 3 0 14 0.00 M M 12.0 23 160 M M 0 29 130
12 92 64 78 2 0 13 0.00 M M 10.9 22 30 M M 0 1 32 340
13 79 64 72 -4 0 7 0.16 M M 10.5 32 150 M M 4 123 45 160
14 84 60 72 -4 0 7 0.00 M M 12.5 28 330 M M 2 18 42 350
15 87 57 72 -4 0 7 0.03 M M 8.1 24 140 M M 2 38 30 120
16 90 60 75 -1 0 10 0.00 M M 9.2 21 10 M M 0 8 30 350
17 99 62 81 5 0 16 0.00 M M 8.3 18 170 M M 0 25 170
18 92 63 78 2 0 13 T M M 10.1 21 20 M M 2 1238 30 20
19 93 64 79 3 0 14 0.22 M M 7.2 36 300 M M 3 13 44 310
20 74 62 68 -8 0 3 2.53 M M 10.3 35 30 M M 6 13 53 350
21 78 58 68 -8 0 3 0.01 M M 6.9 10 20 M M 4 1 17 10
22 90 57 74 -2 0 9 0.00 M M M M M M M 0 3 M M
23 94 63 79 3 0 14 0.00 M M M M M M M 0 M M
24 99 61 80 4 0 15 0.00 M M 6.5 15 140 M M 0 21 180
25 100 66 83 7 0 18 T M M 6.8 31 290 M M 1 3 41 290
26 98 63 81 5 0 16 0.05 M M 7.7 36 320 M M 1 3 46 330
27 97 66 82 6 0 17 T M M 9.7 21 220 M M 0 28 230
28 92 60 76 0 0 11 T M M 7.6 35 280 M M 1 38 51 280
29 86 60 73 -3 0 8 0.00 M M 9.9 24 90 M M 0 35 60
30 96 66 81 5 0 16 0.00 M M 8.6 18 210 M M 0 27 210
31 90 65 78 2 0 13 0.00 M M 8.0 16 80 M M 0 24 40
================================================================================
SM 2727 1862 1 289 3.48 M 281.5 M 60
================================================================================
AV 88.0 60.1 9.7 FASTST M M 2 MAX(MPH)
MISC ----> # 36 300 53 350
================================================================================
NOTES:
# LAST OF SEVERAL OCCURRENCES
COLUMN 17 PEAK WIND IN M.P.H.
PRELIMINARY LOCAL CLIMATOLOGICAL DATA (WS FORM: F-6) , PAGE 2
STATION: BURLINGTON CO
MONTH: JULY
YEAR: 2023
LATITUDE: 39 15 N
LONGITUDE: 102 17 W
[TEMPERATURE DATA] [PRECIPITATION DATA] SYMBOLS USED IN COLUMN 16
AVERAGE MONTHLY: 74.0 TOTAL FOR MONTH: 3.48 1 = FOG OR MIST
DPTR FM NORMAL: -1.4 DPTR FM NORMAL: 0.53 2 = FOG REDUCING VISIBILITY
HIGHEST: 100 ON 25 GRTST 24HR 2.54 ON 20-21 TO 1/4 MILE OR LESS
LOWEST: 50 ON 9 3 = THUNDER
SNOW, ICE PELLETS, HAIL 4 = ICE PELLETS
TOTAL MONTH: M 5 = HAIL
GRTST 24HR M ON M 6 = FREEZING RAIN OR DRIZZLE
GRTST DEPTH: M ON M 7 = DUSTSTORM OR SANDSTORM:
VSBY 1/2 MILE OR LESS
8 = SMOKE OR HAZE
[NO. OF DAYS WITH] [WEATHER - DAYS WITH] 9 = BLOWING SNOW
X = TORNADO
MAX 32 OR BELOW: 0 0.01 INCH OR MORE: 9
MAX 90 OR ABOVE: 18 0.10 INCH OR MORE: 6
MIN 32 OR BELOW: 0 0.50 INCH OR MORE: 1
MIN 0 OR BELOW: 0 1.00 INCH OR MORE: 1
[HDD (BASE 65) ]
TOTAL THIS MO. 1 CLEAR (SCALE 0-3) 24
DPTR FM NORMAL -2 PTCLDY (SCALE 4-7) 5
TOTAL FM JUL 1 1 CLOUDY (SCALE 8-10) 2
DPTR FM NORMAL 1
[CDD (BASE 65) ]
TOTAL THIS MO. 289
DPTR FM NORMAL -38 [PRESSURE DATA]
TOTAL FM JAN 1 443 HIGHEST SLP M ON M
DPTR FM NORMAL -111 LOWEST SLP 29.72 ON 12
[REMARKS]
#FINAL-07-23#