000
CXUS55 KEAX 010736
CF6IXD
PRELIMINARY LOCAL CLIMATOLOGICAL DATA (WS FORM: F-6)
STATION: NEW CENTURY AIR CENTER KS
MONTH: MARCH
YEAR: 2020
LATITUDE: 38 49 N
LONGITUDE: 94 54 W
TEMPERATURE IN F: :PCPN: SNOW: WIND :SUNSHINE: SKY :PK WND
================================================================================
1 2 3 4 5 6A 6B 7 8 9 10 11 12 13 14 15 16 17 18
12Z AVG MX 2MIN
DY MAX MIN AVG DEP HDD CDD WTR SNW DPTH SPD SPD DIR MIN PSBL S-S WX SPD DR
================================================================================
1 64 46 55 16 10 0 0.00 M M 12.9 24 200 M M 2 32 200
2 53 32 43 4 22 0 0.00 M M 7.5 21 360 M M 1 28 10
3 61 33 47 7 18 0 0.00 M M 8.0 18 270 M M 0 8 26 270
4 58 38 48 8 17 0 0.00 M M 6.3 18 310 M M 1 25 210
5 59 34 47 7 18 0 0.00 M M 15.3 32 330 M M 0 46 290
6 56 25 41 0 24 0 0.00 M M 7.1 18 330 M M 0 25 340
7 67 33 50 9 15 0 0.00 M M 13.9 25 190 M M 0 35 160
8 69 47 58 16 7 0 0.12 M M 21.0 35 190 M M 2 1 47 190
9 60 36 48 6 17 0 1.35 M M 16.1 25 300 M M 10 13 37 170
10 49 32 41 -1 24 0 0.00 M M 6.5 15 360 M M 7 1 20 320
11 67 39 53 10 12 0 T M M 5.5 17 160 M M 1 1 22 170
12 67 42 55 12 10 0 T M M 12.5 30 320 M M 4 39 320
13 45 33 39 -4 26 0 0.01 M M 9.1 20 50 M M 7 25 60
14 41 35 38 -6 27 0 0.33 M M 12.7 20 40 M M 10 1 34 100
15 37 33 35 -9 30 0 0.01 M M 8.4 16 50 M M 10 1 23 50
16 45 36 41 -3 24 0 0.14 M M 5.6 10 130 M M 10 1 13 130
17 50 40 45 0 20 0 0.06 M M 8.8 17 140 M M 10 1 23 130
18 62 47 55 10 10 0 0.44 M M 7.9 15 130 M M 9 1 20 130
19 71 49 60 14 5 0 0.36 M M 14.0 29 320 M M 6 13 38 330
20 49 26 38 -8 27 0 T M M 18.0 33 340 M M 5 1 45 350
21 47 21 34 -12 31 0 0.00 M M 6.5 13 140 M M 2 17 160
22 45 37 41 -6 24 0 0.25 M M 8.8 17 130 M M 10 1 23 140
23 52 43 48 1 17 0 0.04 M M 6.6 21 120 M M 10 1 30 130
24 56 44 50 3 15 0 0.02 M M 9.6 18 60 M M 8 1 24 110
25 71 44 58 10 7 0 0.00 M M 10.7 22 190 M M 5 12 31 180
26 70 49 60 12 5 0 1.20 M M 8.0 20 70 M M 2 13 25 40
27 65 53 59 11 6 0 0.86 M M 6.0 20 290 M M 8 13 27 290
28 72 47 60 11 5 0 T M M 19.3 39 220 M M 6 1 56 230
29 68 44 56 7 9 0 0.00 M M 12.4 26 280 M M 1 36 290
30 69 43 56 7 9 0 0.00 M M 7.8 14 100 M M 1 20 100
31 69 46 58 8 7 0 0.00 M M 7.3 16 330 M M 2 23 330
================================================================================
SM 1814 1207 498 0 5.19 M 320.1 M 150
================================================================================
AV 58.5 38.9 10.3 FASTST M M 5 MAX(MPH)
MISC ----> 39 220 56 230
================================================================================
NOTES:
# LAST OF SEVERAL OCCURRENCES
COLUMN 17 PEAK WIND IN M.P.H.
PRELIMINARY LOCAL CLIMATOLOGICAL DATA (WS FORM: F-6) , PAGE 2
STATION: NEW CENTURY AIR CENTER KS
MONTH: MARCH
YEAR: 2020
LATITUDE: 38 49 N
LONGITUDE: 94 54 W
[TEMPERATURE DATA] [PRECIPITATION DATA] SYMBOLS USED IN COLUMN 16
AVERAGE MONTHLY: 48.7 TOTAL FOR MONTH: 5.19 1 = FOG OR MIST
DPTR FM NORMAL: 4.3 DPTR FM NORMAL: 2.59 2 = FOG REDUCING VISIBILITY
HIGHEST: 72 ON 28 GRTST 24HR 2.06 ON 26-27 TO 1/4 MILE OR LESS
LOWEST: 21 ON 21 3 = THUNDER
SNOW, ICE PELLETS, HAIL 4 = ICE PELLETS
TOTAL MONTH: M 5 = HAIL
GRTST 24HR M ON M 6 = FREEZING RAIN OR DRIZZLE
GRTST DEPTH: M ON M 7 = DUSTSTORM OR SANDSTORM:
VSBY 1/2 MILE OR LESS
8 = SMOKE OR HAZE
[NO. OF DAYS WITH] [WEATHER - DAYS WITH] 9 = BLOWING SNOW
X = TORNADO
MAX 32 OR BELOW: 0 0.01 INCH OR MORE: 14
MAX 90 OR ABOVE: 0 0.10 INCH OR MORE: 9
MIN 32 OR BELOW: 5 0.50 INCH OR MORE: 3
MIN 0 OR BELOW: 0 1.00 INCH OR MORE: 2
[HDD (BASE 65) ]
TOTAL THIS MO. 498 CLEAR (SCALE 0-3) 14
DPTR FM NORMAL -142 PTCLDY (SCALE 4-7) 8
TOTAL FM JUL 1 4373 CLOUDY (SCALE 8-10) 9
DPTR FM NORMAL -257
[CDD (BASE 65) ]
TOTAL THIS MO. 0
DPTR FM NORMAL -2 [PRESSURE DATA]
TOTAL FM JAN 1 0 HIGHEST SLP M ON M
DPTR FM NORMAL -2 LOWEST SLP 29.45 ON 28
[REMARKS]
#FINAL-03-20#