000
CXUS55 KRIW 011010
CF6JAC
PRELIMINARY LOCAL CLIMATOLOGICAL DATA (WS FORM: F-6)
STATION: JACKSON WY
MONTH: APRIL
YEAR: 2022
LATITUDE: 43 35 N
LONGITUDE: 110 44 W
TEMPERATURE IN F: :PCPN: SNOW: WIND :SUNSHINE: SKY :PK WND
================================================================================
1 2 3 4 5 6A 6B 7 8 9 10 11 12 13 14 15 16 17 18
12Z AVG MX 2MIN
DY MAX MIN AVG DEP HDD CDD WTR SNW DPTH SPD SPD DIR MIN PSBL S-S WX SPD DR
================================================================================
1 45 25 35 3 30 0 T M M 7.7 17 230 M M 4 21 230
2 53 19 36 3 29 0 0.00 M M 10.5 27 230 M M 3 38 230
3 51 18 35 2 30 0 0.00 M M 6.3 15 210 M M 0 22 220
4 43 25 34 1 31 0 0.24 M M 13.6 32 230 M M 7 1 61 230
5 38 21 30 -4 35 0 0.02 M M 13.3 30 230 M M 10 1 54 230
6 38 11 25 -9 40 0 0.00 M M 8.1 17 300 M M 1 44 310
7 51 13 32 -2 33 0 0.00 M M 5.1 12 300 M M 0 M M
8 65 20 43 8 22 0 0.00 M M 7.2 17 200 M M 1 23 200
9 49 23 36 1 29 0 T M M 13.1 17 290 M M 4 1 36 250
10 32 21 27 -8 38 0 T M M 10.5 23 190 M M 9 1 28 190
11 34 21 28 -8 37 0 0.14 M M 7.1 20 290 M M 10 12 29 290
12 27 10 19 -17 46 0 T M M 10.9 21 190 M M 10 1 24 220
13 23 0 12 -24 53 0 T M M 6.9 13 20 M M 8 1 20 280
14 33 18 26 -10 39 0 0.12 M M 10.3 23 190 M M 10 1 27 190
15 35 23 29 -8 36 0 T M M 12.7 21 180 M M 9 1 28 200
16 47 24 36 -1 29 0 0.05 M M 10.1 23 260 M M 9 1 44 260
17 36 27 32 -5 33 0 T M M 13.0 20 230 M M 9 37 250
18 57 25 41 3 24 0 0.00 M M 6.3 13 170 M M 1 M M
19 45 29 37 -1 28 0 T M M 12.0 22 180 M M 7 1 28 180
20 49 26 38 0 27 0 T M M 11.5 21 200 M M 6 27 200
21 56 27 42 3 23 0 T M M 7.8 16 30 M M 8 41 220
22 47 33 40 1 25 0 T M M 7.0 16 180 M M 10 17 240
23 44 24 34 -6 31 0 T M M 8.0 18 310 M M 9 30 290
24 45 21 33 -7 32 0 0.00 M M 5.2 14 280 M M 5 M M
25 52 21 37 -3 28 0 T M M 4.5 13 240 M M 2 20 240
26 58 22 40 0 25 0 T M M 8.4 22 230 M M 3 36 220
27 52 22 37 -4 28 0 T M M 8.2 15 210 M M 4 1 24 280
28 46 30 38 -3 27 0 0.04 M M 4.9 13 10 M M 8 1 21 280
29 42 30 36 -6 29 0 0.01 M M 9.0 16 200 M M 10 18 24 300
30 54 28 41 -1 24 0 T M M 6.1 15 240 M M 6 20 240
================================================================================
SM 1347 657 941 0 0.62 M 265.4 M 183
================================================================================
AV 44.9 21.9 8.8 FASTST M M 6 MAX(MPH)
MISC ----> 32 230 61 230
================================================================================
NOTES:
# LAST OF SEVERAL OCCURRENCES
COLUMN 17 PEAK WIND IN M.P.H.
PRELIMINARY LOCAL CLIMATOLOGICAL DATA (WS FORM: F-6) , PAGE 2
STATION: JACKSON WY
MONTH: APRIL
YEAR: 2022
LATITUDE: 43 35 N
LONGITUDE: 110 44 W
[TEMPERATURE DATA] [PRECIPITATION DATA] SYMBOLS USED IN COLUMN 16
AVERAGE MONTHLY: 33.4 TOTAL FOR MONTH: 0.62 1 = FOG OR MIST
DPTR FM NORMAL: -3.6 DPTR FM NORMAL: -0.87 2 = FOG REDUCING VISIBILITY
HIGHEST: 65 ON 8 GRTST 24HR 0.26 ON 4- 5 TO 1/4 MILE OR LESS
LOWEST: 0 ON 13 3 = THUNDER
SNOW, ICE PELLETS, HAIL 4 = ICE PELLETS
TOTAL MONTH: M 5 = HAIL
GRTST 24HR M ON M 6 = FREEZING RAIN OR DRIZZLE
GRTST DEPTH: M ON M 7 = DUSTSTORM OR SANDSTORM:
VSBY 1/2 MILE OR LESS
8 = SMOKE OR HAZE
[NO. OF DAYS WITH] [WEATHER - DAYS WITH] 9 = BLOWING SNOW
X = TORNADO
MAX 32 OR BELOW: 3 0.01 INCH OR MORE: 7
MAX 90 OR ABOVE: 0 0.10 INCH OR MORE: 3
MIN 32 OR BELOW: 29 0.50 INCH OR MORE: 0
MIN 0 OR BELOW: 1 1.00 INCH OR MORE: 0
[HDD (BASE 65) ]
TOTAL THIS MO. 941 CLEAR (SCALE 0-3) 8
DPTR FM NORMAL 102 PTCLDY (SCALE 4-7) 11
TOTAL FM JUL 1 8560 CLOUDY (SCALE 8-10) 11
DPTR FM NORMAL -569
[CDD (BASE 65) ]
TOTAL THIS MO. 0
DPTR FM NORMAL 0 [PRESSURE DATA]
TOTAL FM JAN 1 0 HIGHEST SLP 30.68 ON 7
DPTR FM NORMAL 0 LOWEST SLP 29.40 ON 11
[REMARKS]
#FINAL-04-22#