000
CXUS54 KSJT 011000
CF6JCT
PRELIMINARY LOCAL CLIMATOLOGICAL DATA (WS FORM: F-6)
STATION: JUNCTION
MONTH: AUGUST
YEAR: 2021
LATITUDE: 30 18 N
LONGITUDE: 99 28 W
TEMPERATURE IN F: :PCPN: SNOW: WIND :SUNSHINE: SKY :PK WND
================================================================================
1 2 3 4 5 6A 6B 7 8 9 10 11 12 13 14 15 16 17 18
12Z AVG MX 2MIN
DY MAX MIN AVG DEP HDD CDD WTR SNW DPTH SPD SPD DIR MIN PSBL S-S WX SPD DR
================================================================================
1 96 73 85 1 0 20 0.22 0.0 0 4.8 22 320 M M 1 3 29 340
2 84 72 78 -6 0 13 0.19 0.0 0 2.7 23 60 M M 5 138 30 50
3 93 69 81 -3 0 16 0.00 0.0 0 3.7 13 40 M M 1 18 19 70
4 93 65 79 -5 0 14 0.00 0.0 0 5.5 16 100 M M 1 18 25 80
5 90 72 81 -3 0 16 0.00 0.0 0 5.3 16 160 M M 2 18 22 130
6 95 70 83 -1 0 18 0.00 0.0 0 4.9 21 160 M M 2 8 29 140
7 96 74 85 1 0 20 0.00 0.0 0 8.1 21 160 M M 2 8 32 160
8 97 75 86 2 0 21 0.00 0.0 0 10.7 21 150 M M 1 28 150
9 97 77 87 3 0 22 0.00 0.0 0 12.2 23 170 M M 2 32 170
10 96 75 86 2 0 21 0.00 0.0 0 11.5 22 160 M M 3 30 130
11 97 72 85 1 0 20 0.00 0.0 0 8.7 21 170 M M 0 32 150
12 98 74 86 2 0 21 0.00 0.0 0 8.6 20 130 M M 1 27 120
13 97 72 85 1 0 20 0.00 0.0 0 6.3 17 140 M M 1 25 140
14 98 71 85 1 0 20 T 0.0 0 4.5 25 40 M M 2 3 34 40
15 90 70 80 -4 0 15 0.09 0.0 0 3.2 15 170 M M 3 1 19 170
16 98 66 82 -2 0 17 0.21 0.0 0 3.9 24 200 M M 2 3 32 200
17 82 71 77 -6 0 12 0.34 0.0 0 3.1 17 20 M M 3 13 24 360
18 90 73 82 -1 0 17 0.11 0.0 0 5.8 16 200 M M 7 1 23 200
19 94 77 86 3 0 21 0.00 0.0 0 8.7 16 150 M M 5 8 25 160
20 96 74 85 2 0 20 0.00 0.0 0 9.4 18 160 M M 0 26 160
21 95 72 84 1 0 19 0.00 0.0 0 8.8 18 140 M M 3 24 160
22 96 74 85 3 0 20 0.00 0.0 0 8.1 20 170 M M 0 25 170
23 97 69 83 1 0 18 0.00 0.0 0 6.4 17 160 M M 0 25 180
24 98 74 86 4 0 21 0.00 0.0 0 7.4 17 140 M M 0 22 150
25 97 73 85 3 0 20 0.00 0.0 0 6.5 15 140 M M 1 23 150
26 95 71 83 1 0 18 0.02 0.0 0 2.1 24 130 M M 1 3 32 130
27 95 69 82 0 0 17 T 0.0 0 4.2 21 140 M M 1 13 27 120
28 93 70 82 1 0 17 T 0.0 0 5.5 20 120 M M 5 1 25 120
29 86 71 79 -2 0 14 0.01 0.0 0 2.1 15 200 M M 6 3 24 200
30 94 70 82 1 0 17 T 0.0 0 2.1 16 250 M M 6 3 26 250
31 98 69 84 4 0 19 0.00 M M 3.7 14 190 M M 2 12 18 190
================================================================================
SM 2921 2224 0 564 1.19 0.0 188.5 M 69
================================================================================
AV 94.2 71.7 6.1 FASTST M M 2 MAX(MPH)
MISC ----> 25 40 34 40
================================================================================
NOTES:
# LAST OF SEVERAL OCCURRENCES
COLUMN 17 PEAK WIND IN M.P.H.
PRELIMINARY LOCAL CLIMATOLOGICAL DATA (WS FORM: F-6) , PAGE 2
STATION: JUNCTION
MONTH: AUGUST
YEAR: 2021
LATITUDE: 30 18 N
LONGITUDE: 99 28 W
[TEMPERATURE DATA] [PRECIPITATION DATA] SYMBOLS USED IN COLUMN 16
AVERAGE MONTHLY: 83.0 TOTAL FOR MONTH: 1.19 1 = FOG OR MIST
DPTR FM NORMAL: -0.2 DPTR FM NORMAL: -0.84 2 = FOG REDUCING VISIBILITY
HIGHEST: 98 ON 31,24 GRTST 24HR 0.45 ON 17-18 TO 1/4 MILE OR LESS
LOWEST: 65 ON 4 3 = THUNDER
SNOW, ICE PELLETS, HAIL 4 = ICE PELLETS
TOTAL MONTH: 0.0 INCH 5 = HAIL
GRTST 24HR 0.0 6 = FREEZING RAIN OR DRIZZLE
GRTST DEPTH: 0 7 = DUSTSTORM OR SANDSTORM:
VSBY 1/2 MILE OR LESS
8 = SMOKE OR HAZE
[NO. OF DAYS WITH] [WEATHER - DAYS WITH] 9 = BLOWING SNOW
X = TORNADO
MAX 32 OR BELOW: 0 0.01 INCH OR MORE: 8
MAX 90 OR ABOVE: 28 0.10 INCH OR MORE: 5
MIN 32 OR BELOW: 0 0.50 INCH OR MORE: 0
MIN 0 OR BELOW: 0 1.00 INCH OR MORE: 0
[HDD (BASE 65) ]
TOTAL THIS MO. 0 CLEAR (SCALE 0-3) 22
DPTR FM NORMAL 0 PTCLDY (SCALE 4-7) 9
TOTAL FM JUL 1 0 CLOUDY (SCALE 8-10) 0
DPTR FM NORMAL 0
[CDD (BASE 65) ]
TOTAL THIS MO. 564
DPTR FM NORMAL 0 [PRESSURE DATA]
TOTAL FM JAN 1 1954 HIGHEST SLP 30.09 ON 14
DPTR FM NORMAL -155 LOWEST SLP 29.65 ON 31
[REMARKS]
#FINAL-08-21#