000
CXUS55 KBOI 011002
CF6JER
PRELIMINARY LOCAL CLIMATOLOGICAL DATA (WS FORM: F-6)
STATION: JEROME ID
MONTH: FEBRUARY
YEAR: 2021
LATITUDE: 42 43 N
LONGITUDE: 114 27 W
TEMPERATURE IN F: :PCPN: SNOW: WIND :SUNSHINE: SKY :PK WND
================================================================================
1 2 3 4 5 6A 6B 7 8 9 10 11 12 13 14 15 16 17 18
12Z AVG MX 2MIN
DY MAX MIN AVG DEP HDD CDD WTR SNW DPTH SPD SPD DIR MIN PSBL S-S WX SPD DR
================================================================================
1 46 29 38 10 27 0 0.00 M M 21.6 31 80 M M 3 39 80
2 58 33 46 18 19 0 0.07 M M 12.9 22 280 M M 5 1 29 70
3 39 26 33 5 32 0 0.09 M M 13.5 22 280 M M 5 1 28 270
4 38 27 33 5 32 0 0.00 M M 16.8 29 280 M M 6 1 37 260
5 45 34 40 12 25 0 0.00 M M 20.5 41 280 M M 5 60 290
6 47 33 40 12 25 0 0.00 M M 15.6 26 280 M M 1 34 280
7 45 31 38 10 27 0 0.00 M M 17.6 31 290 M M 1 40 300
8 40 24 32 3 33 0 0.00 M M 12.7 24 280 M M 0 32 280
9 43 29 36 7 29 0 0.00 M M 6.9 17 270 M M 5 21 280
10 47 26 37 8 28 0 0.00 M M 9.2 21 290 M M 0 29 290
11 43 27 35 6 30 0 0.06 M M 6.6 15 280 M M 7 1 19 280
12 35 30 33 3 32 0 0.03 M M 13.7 26 270 M M 10 12 34 270
13 32 22 27 -3 38 0 0.05 M M 15.5 26 270 M M 8 12 35 280
14 31 20 26 -4 39 0 T M M 5.8 13 100 M M 8 128 16 70
15 38 24 31 1 34 0 0.08 M M 11.1 28 260 M M 9 13 42 260
16 35 28 32 1 33 0 0.00 M M 24.1 36 290 M M 6 1 45 280
17 34 25 30 -1 35 0 0.00 M M 18.0 28 280 M M 3 34 280
18 34 21 28 -3 37 0 T M M 9.6 20 70 M M 3 1 23 70
19 43 27 35 3 30 0 0.02 M M 7.3 15 50 M M 9 12 19 50
20 38 29 34 2 31 0 0.01 M M 20.3 35 280 M M 4 1 44 280
21 40 27 34 2 31 0 0.00 M M 18.6 28 290 M M 4 35 280
22 52 32 42 9 23 0 0.00 M M 8.2 15 280 M M 2 20 240
23 42 29 36 3 29 0 T M M 17.8 36 280 M M 3 45 280
24 38 24 31 -3 34 0 0.00 M M 6.5 21 280 M M 4 26 280
25 35 22 29 -5 36 0 0.00 M M 6.9 16 260 M M 4 21 270
26 38 25 32 -2 33 0 T M M 16.9 31 280 M M 5 128 41 290
27 39 23 31 -4 34 0 0.00 M M 14.1 26 290 M M 3 36 280
28 41 20 31 -4 34 0 0.00 M M 10.5 21 270 M M 1 29 230
================================================================================
SM 1136 747 870 0 0.41 M 378.8 M 124
================================================================================
AV 40.6 26.7 13.5 FASTST M M 4 MAX(MPH)
MISC ----> 41 280 60 290
================================================================================
NOTES:
# LAST OF SEVERAL OCCURRENCES
COLUMN 17 PEAK WIND IN M.P.H.
PRELIMINARY LOCAL CLIMATOLOGICAL DATA (WS FORM: F-6) , PAGE 2
STATION: JEROME ID
MONTH: FEBRUARY
YEAR: 2021
LATITUDE: 42 43 N
LONGITUDE: 114 27 W
[TEMPERATURE DATA] [PRECIPITATION DATA] SYMBOLS USED IN COLUMN 16
AVERAGE MONTHLY: 33.6 TOTAL FOR MONTH: 0.41 1 = FOG OR MIST
DPTR FM NORMAL: 3.0 DPTR FM NORMAL: -0.47 2 = FOG REDUCING VISIBILITY
HIGHEST: 58 ON 2 GRTST 24HR 0.16 ON 2- 3 TO 1/4 MILE OR LESS
LOWEST: 20 ON 28,14 3 = THUNDER
SNOW, ICE PELLETS, HAIL 4 = ICE PELLETS
TOTAL MONTH: M 5 = HAIL
GRTST 24HR M ON M 6 = FREEZING RAIN OR DRIZZLE
GRTST DEPTH: M ON M 7 = DUSTSTORM OR SANDSTORM:
VSBY 1/2 MILE OR LESS
8 = SMOKE OR HAZE
[NO. OF DAYS WITH] [WEATHER - DAYS WITH] 9 = BLOWING SNOW
X = TORNADO
MAX 32 OR BELOW: 2 0.01 INCH OR MORE: 8
MAX 90 OR ABOVE: 0 0.10 INCH OR MORE: 0
MIN 32 OR BELOW: 25 0.50 INCH OR MORE: 0
MIN 0 OR BELOW: 0 1.00 INCH OR MORE: 0
[HDD (BASE 65) ]
TOTAL THIS MO. 870 CLEAR (SCALE 0-3) 10
DPTR FM NORMAL -92 PTCLDY (SCALE 4-7) 13
TOTAL FM JUL 1 4175 CLOUDY (SCALE 8-10) 5
DPTR FM NORMAL -711
[CDD (BASE 65) ]
TOTAL THIS MO. 0
DPTR FM NORMAL 0 [PRESSURE DATA]
TOTAL FM JAN 1 0 HIGHEST SLP 30.54 ON 21
DPTR FM NORMAL 0 LOWEST SLP 29.68 ON 15
[REMARKS]
#FINAL-02-21#