000
CXUS55 KBOI 011002
CF6JER
PRELIMINARY LOCAL CLIMATOLOGICAL DATA (WS FORM: F-6)
STATION: JEROME ID
MONTH: NOVEMBER
YEAR: 2023
LATITUDE: 42 43 N
LONGITUDE: 114 27 W
TEMPERATURE IN F: :PCPN: SNOW: WIND :SUNSHINE: SKY :PK WND
================================================================================
1 2 3 4 5 6A 6B 7 8 9 10 11 12 13 14 15 16 17 18
12Z AVG MX 2MIN
DY MAX MIN AVG DEP HDD CDD WTR SNW DPTH SPD SPD DIR MIN PSBL S-S WX SPD DR
================================================================================
1 52 32 42 -2 23 0 0.00 M M 5.5 17 60 M M 1 22 60
2 60 37 49 5 16 0 0.08 M M 5.2 14 290 M M 9 1 18 290
3 59 42 51 7 14 0 0.00 M M 4.4 13 300 M M 4 17 300
4 61 38 50 7 15 0 0.03 M M 12.3 17 70 M M 4 23 60
5 57 43 50 7 15 0 0.07 M M 7.0 22 100 M M 4 1 28 90
6 58 37 48 6 17 0 0.06 M M 7.3 25 320 M M 5 3 35 280
7 49 35 42 0 23 0 0.10 M M 12.3 24 270 M M 4 1 32 280
8 45 30 38 -4 27 0 0.00 M M 10.9 21 250 M M 0 27 250
9 47 24 36 -5 29 0 0.00 M M 7.3 17 60 M M 0 21 60
10 49 29 39 -2 26 0 0.00 M M 8.9 17 50 M M 3 24 60
11 55 31 43 3 22 0 0.00 M M 6.3 10 120 M M 1 8 12 280
12 60 33 47 7 18 0 0.00 M M 14.0 22 60 M M 0 28 70
13 58 37 48 9 17 0 0.00 M M 9.1 15 50 M M 0 20 70
14 61 29 45 6 20 0 0.00 M M 7.0 16 60 M M 0 19 60
15 62 34 48 9 17 0 0.00 M M 9.2 15 50 M M 0 18 60
16 57 36 47 9 18 0 0.00 M M 8.5 20 280 M M 2 24 280
17 57 30 44 6 21 0 0.00 M M 9.5 16 60 M M 0 20 80
18 55 36 46 9 19 0 T M M 10.4 21 70 M M 2 27 70
19 46 31 39 2 26 0 0.23 M M 21.4 44 270 M M 6 1 60 270
20 40 27 34 -2 31 0 0.00 M M 8.1 20 260 M M 1 27 250
21 47 24 36 0 29 0 0.00 M M 14.7 22 70 M M 0 27 60
22 48 27 38 2 27 0 T M M 5.9 18 70 M M 2 25 70
23 35 29 32 -3 33 0 0.47 M M 5.3 12 270 M M 10 12 16 270
24 29 27 28 -7 37 0 0.09 M M 7.6 15 250 M M 10 1 18 250
25 29 15 22 -12 43 0 0.00 M M 6.2 13 100 M M 7 12 14 100
26 22 10 16 -18 49 0 T M M 10.2 20 90 M M 4 16 23 90
27 27 12 20 -14 45 0 0.00 M M 16.4 25 80 M M 0 31 80
28 31 15 23 -10 42 0 0.00 M M 17.2 28 80 M M 0 36 80
29 27 13 20 -13 45 0 0.00 M M 5.5 17 80 M M 0 20 90
30 29 14 22 -11 43 0 0.02 M M 4.6 10 110 M M 8 1 12 110
================================================================================
SM 1412 857 807 0 1.15 M 278.2 M 87
================================================================================
AV 47.1 28.6 9.3 FASTST M M 3 MAX(MPH)
MISC ----> 44 270 60 270
================================================================================
NOTES:
# LAST OF SEVERAL OCCURRENCES
COLUMN 17 PEAK WIND IN M.P.H.
PRELIMINARY LOCAL CLIMATOLOGICAL DATA (WS FORM: F-6) , PAGE 2
STATION: JEROME ID
MONTH: NOVEMBER
YEAR: 2023
LATITUDE: 42 43 N
LONGITUDE: 114 27 W
[TEMPERATURE DATA] [PRECIPITATION DATA] SYMBOLS USED IN COLUMN 16
AVERAGE MONTHLY: 37.8 TOTAL FOR MONTH: 1.15 1 = FOG OR MIST
DPTR FM NORMAL: -0.6 DPTR FM NORMAL: 0.19 2 = FOG REDUCING VISIBILITY
HIGHEST: 62 ON 15 GRTST 24HR 0.49 ON 23-24 TO 1/4 MILE OR LESS
LOWEST: 10 ON 26 3 = THUNDER
SNOW, ICE PELLETS, HAIL 4 = ICE PELLETS
TOTAL MONTH: M 5 = HAIL
GRTST 24HR M ON M 6 = FREEZING RAIN OR DRIZZLE
GRTST DEPTH: M ON M 7 = DUSTSTORM OR SANDSTORM:
VSBY 1/2 MILE OR LESS
8 = SMOKE OR HAZE
[NO. OF DAYS WITH] [WEATHER - DAYS WITH] 9 = BLOWING SNOW
X = TORNADO
MAX 32 OR BELOW: 7 0.01 INCH OR MORE: 9
MAX 90 OR ABOVE: 0 0.10 INCH OR MORE: 3
MIN 32 OR BELOW: 19 0.50 INCH OR MORE: 0
MIN 0 OR BELOW: 0 1.00 INCH OR MORE: 0
[HDD (BASE 65) ]
TOTAL THIS MO. 807 CLEAR (SCALE 0-3) 18
DPTR FM NORMAL 9 PTCLDY (SCALE 4-7) 9
TOTAL FM JUL 1 1299 CLOUDY (SCALE 8-10) 3
DPTR FM NORMAL -88
[CDD (BASE 65) ]
TOTAL THIS MO. 0
DPTR FM NORMAL 0 [PRESSURE DATA]
TOTAL FM JAN 1 712 HIGHEST SLP 30.74 ON 21
DPTR FM NORMAL -3 LOWEST SLP 29.68 ON 6
[REMARKS]
#FINAL-11-23#