000
CXUS51 KOKX 010910
CF6JFK
PRELIMINARY LOCAL CLIMATOLOGICAL DATA (WS FORM: F-6)
STATION: KENNEDY NY
MONTH: SEPTEMBER
YEAR: 2021
LATITUDE: 40 39 N
LONGITUDE: 73 47 W
TEMPERATURE IN F: :PCPN: SNOW: WIND :SUNSHINE: SKY :PK WND
================================================================================
1 2 3 4 5 6A 6B 7 8 9 10 11 12 13 14 15 16 17 18
12Z AVG MX 2MIN
DY MAX MIN AVG DEP HDD CDD WTR SNW DPTH SPD SPD DIR MIN PSBL S-S WX SPD DR
================================================================================
1 78 64 71 -2 0 6 2.56 0.0 0 12.7 33 150 M M 10 138 44 150
2 78 61 70 -2 0 5 0.21 0.0 0 17.3 30 10 M M 5 1 38 10
3 77 58 68 -4 0 3 0.00 0.0 0 8.6 18 330 M M 3 23 330
4 78 61 70 -2 0 5 0.00 0.0 0 9.5 20 200 M M 4 23 190
5 74 65 70 -2 0 5 T 0.0 0 11.9 23 180 M M 9 1 28 180
6 84 69 77 5 0 12 0.00 0.0 0 10.9 22 270 M M 6 29 300
7 80 63 72 1 0 7 0.00 0.0 0 9.1 18 180 M M 2 23 180
8 80 68 74 3 0 9 0.00 0.0 0 16.7 29 180 M M 5 36 170
9 74 69 72 1 0 7 0.37 0.0 0 5.3 16 200 M M 10 1 19 200
10 76 63 70 0 0 5 0.00 0.0 0 15.1 25 340 M M 4 32 340
11 76 58 67 -3 0 2 0.00 0.0 0 9.0 18 230 M M 3 22 230
12 82 67 75 5 0 10 0.00 0.0 M 14.6 21 240 M M 5 27 230
13 87 68 78 9 0 13 0.18 0.0 0 10.5 26 320 M M 7 3 32 310
14 78 67 73 4 0 8 0.00 0.0 0 7.0 13 130 M M 8 1 16 140
15 81 71 76 7 0 11 0.00 0.0 0 12.0 28 180 M M 8 1 35 180
16 80 70 75 7 0 10 T 0.0 M 10.0 18 30 M M 9 23 40
17 78 70 74 6 0 9 T 0.0 0 9.7 16 60 M M 9 1 19 50
18 86 68 77 9 0 12 0.00 0.0 0 7.8 17 360 M M 5 21 10
19 79 64 72 5 0 7 0.00 0.0 0 10.2 21 360 M M 2 26 30
20 76 60 68 1 0 3 0.00 0.0 0 7.2 15 130 M M 4 20 170
21 77 58 68 1 0 3 0.03 0.0 0 8.8 15 100 M M 7 1 19 100
22 80 71 76 10 0 11 0.00 0.0 0 12.7 18 140 M M 8 24 160
23 81 64 73 7 0 8 0.66 0.0 0 17.3 28 130 M M 8 13 36 130
24 74 58 66 0 0 1 0.45 0.0 0 9.1 17 320 M M 6 1 20 320
25 76 57 67 2 0 2 0.00 0.0 0 5.0 14 260 M M 4 16 260
26 74 62 68 3 0 3 0.00 0.0 0 14.1 23 300 M M 3 30 290
27 80 61 71 7 0 6 0.00 0.0 0 14.0 22 200 M M 5 27 200
28 76 62 69 5 0 4 0.09 0.0 0 10.9 20 250 M M 7 3 24 260
29 72 54 63 -1 2 0 0.00 0.0 0 10.4 22 350 M M 6 26 350
30 67 54 61 -2 4 0 0.00 0.0 0 9.1 18 330 M M 7 25 320
================================================================================
SM 2339 1905 6 187 4.55 0.0 326.5 M 179
================================================================================
AV 78.0 63.5 10.9 FASTST M M 6 MAX(MPH)
MISC ----> 33 150 44 150
================================================================================
NOTES:
# LAST OF SEVERAL OCCURRENCES
COLUMN 17 PEAK WIND IN M.P.H.
PRELIMINARY LOCAL CLIMATOLOGICAL DATA (WS FORM: F-6) , PAGE 2
STATION: KENNEDY NY
MONTH: SEPTEMBER
YEAR: 2021
LATITUDE: 40 39 N
LONGITUDE: 73 47 W
[TEMPERATURE DATA] [PRECIPITATION DATA] SYMBOLS USED IN COLUMN 16
AVERAGE MONTHLY: 70.7 TOTAL FOR MONTH: 4.55 1 = FOG OR MIST
DPTR FM NORMAL: 2.3 DPTR FM NORMAL: 0.97 2 = FOG REDUCING VISIBILITY
HIGHEST: 87 ON 13 GRTST 24HR 2.77 ON 1- 2 TO 1/4 MILE OR LESS
LOWEST: 54 ON 30,29 3 = THUNDER
SNOW, ICE PELLETS, HAIL 4 = ICE PELLETS
TOTAL MONTH: 0.0 INCH 5 = HAIL
GRTST 24HR 0.0 6 = FREEZING RAIN OR DRIZZLE
GRTST DEPTH: 0 7 = DUSTSTORM OR SANDSTORM:
VSBY 1/2 MILE OR LESS
8 = SMOKE OR HAZE
[NO. OF DAYS WITH] [WEATHER - DAYS WITH] 9 = BLOWING SNOW
X = TORNADO
MAX 32 OR BELOW: 0 0.01 INCH OR MORE: 8
MAX 90 OR ABOVE: 0 0.10 INCH OR MORE: 6
MIN 32 OR BELOW: 0 0.50 INCH OR MORE: 2
MIN 0 OR BELOW: 0 1.00 INCH OR MORE: 1
[HDD (BASE 65) ]
TOTAL THIS MO. 6 CLEAR (SCALE 0-3) 5
DPTR FM NORMAL -27 PTCLDY (SCALE 4-7) 18
TOTAL FM JUL 1 7 CLOUDY (SCALE 8-10) 7
DPTR FM NORMAL -25
[CDD (BASE 65) ]
TOTAL THIS MO. 187
DPTR FM NORMAL 52 [PRESSURE DATA]
TOTAL FM JAN 1 1161 HIGHEST SLP M ON M
DPTR FM NORMAL 160 LOWEST SLP 29.46 ON 1
[REMARKS]
#FINAL-09-21#