000
CXUS51 KOKX 011010
CF6JFK
PRELIMINARY LOCAL CLIMATOLOGICAL DATA (WS FORM: F-6)
STATION: KENNEDY NY
MONTH: JANUARY
YEAR: 2021
LATITUDE: 40 39 N
LONGITUDE: 73 47 W
TEMPERATURE IN F: :PCPN: SNOW: WIND :SUNSHINE: SKY :PK WND
================================================================================
1 2 3 4 5 6A 6B 7 8 9 10 11 12 13 14 15 16 17 18
12Z AVG MX 2MIN
DY MAX MIN AVG DEP HDD CDD WTR SNW DPTH SPD SPD DIR MIN PSBL S-S WX SPD DR
================================================================================
1 40 30 35 1 30 0 0.63 T 0 7.3 17 90 M M 7 14 20 90
2 53 36 45 11 20 0 0.07 0.0 0 13.1 30 310 M M 7 1 39 310
3 39 33 36 3 29 0 0.12 T 0 12.1 21 40 M M 10 14 27 40
4 45 35 40 7 25 0 0.01 0.0 0 10.5 18 340 M M 8 21 340
5 43 36 40 7 25 0 0.00 0.0 0 9.8 17 330 M M 9 23 330
6 43 33 38 5 27 0 0.00 0.0 0 15.6 25 310 M M 5 31 310
7 43 31 37 4 28 0 0.00 0.0 0 15.1 23 330 M M 2 28 310
8 38 27 33 0 32 0 0.00 0.0 0 12.2 22 350 M M 5 26 350
9 38 26 32 -1 33 0 T T 0 16.8 24 350 M M 5 35 350
10 43 29 36 3 29 0 0.00 0.0 0 11.5 21 340 M M 3 25 350
11 38 26 32 -1 33 0 0.00 0.0 0 4.7 10 350 M M 6 14 310
12 45 28 37 5 28 0 0.00 0.0 0 5.5 10 360 M M 3 13 320
13 44 28 36 4 29 0 0.00 0.0 0 6.9 20 260 M M 8 23 280
14 50 32 41 9 24 0 0.00 0.0 0 3.5 9 10 M M 8 18 13 350
15 48 31 40 8 25 0 0.36 0.0 0 13.8 30 90 M M 9 128 43 100
16 50 38 44 12 21 0 0.88 0.0 0 14.4 26 100 M M 8 1 36 70
17 45 35 40 8 25 0 0.00 0.0 0 18.2 29 260 M M 5 35 260
18 48 34 41 9 24 0 0.00 0.0 0 14.3 24 270 M M 5 29 280
19 43 32 38 6 27 0 0.00 0.0 0 14.0 25 270 M M 5 32 270
20 44 26 35 3 30 0 0.02 0.2 0 13.2 31 310 M M 7 1 37 300
21 42 21 32 0 33 0 0.00 0.0 0 7.9 21 230 M M 5 24 230
22 48 33 41 9 24 0 0.00 0.0 0 14.8 25 270 M M 5 32 280
23 36 24 30 -2 35 0 0.00 0.0 0 22.0 32 310 M M 5 40 310
24 33 22 28 -4 37 0 0.00 0.0 0 18.6 31 310 M M 4 40 320
25 38 22 30 -2 35 0 0.00 0.0 0 9.2 16 330 M M 8 21 310
26 36 31 34 1 31 0 0.13 T 0 9.5 20 310 M M 10 168 25 70
27 39 31 35 2 30 0 T T 0 12.3 23 320 M M 9 1 28 320
28 35 20 28 -5 37 0 0.00 0.0 0 22.0 39 330 M M 5 49 320
29 27 16 22 -11 43 0 T T T 24.5 45 320 M M 3 54 310
30 33 15 24 -9 41 0 0.00 0.0 0 14.1 23 330 M M 3 29 330
31 27 20 24 -9 41 0 0.06 0.7 0 9.1 21 40 M M 9 1 25 40
================================================================================
SM 1274 881 931 0 2.28 0.9 396.5 M 191
================================================================================
AV 41.1 28.4 12.8 FASTST M M 6 MAX(MPH)
MISC ----> 45 320 54 310
================================================================================
NOTES:
# LAST OF SEVERAL OCCURRENCES
COLUMN 17 PEAK WIND IN M.P.H.
PRELIMINARY LOCAL CLIMATOLOGICAL DATA (WS FORM: F-6) , PAGE 2
STATION: KENNEDY NY
MONTH: JANUARY
YEAR: 2021
LATITUDE: 40 39 N
LONGITUDE: 73 47 W
[TEMPERATURE DATA] [PRECIPITATION DATA] SYMBOLS USED IN COLUMN 16
AVERAGE MONTHLY: 34.8 TOTAL FOR MONTH: 2.28 1 = FOG OR MIST
DPTR FM NORMAL: 2.1 DPTR FM NORMAL: -0.88 2 = FOG REDUCING VISIBILITY
HIGHEST: 53 ON 2 GRTST 24HR 0.88 ON 16-16 TO 1/4 MILE OR LESS
LOWEST: 15 ON 30 3 = THUNDER
SNOW, ICE PELLETS, HAIL 4 = ICE PELLETS
TOTAL MONTH: 0.9 INCH 5 = HAIL
GRTST 24HR 0.7 ON 31-31 6 = FREEZING RAIN OR DRIZZLE
GRTST DEPTH: T 7 = DUSTSTORM OR SANDSTORM:
VSBY 1/2 MILE OR LESS
8 = SMOKE OR HAZE
[NO. OF DAYS WITH] [WEATHER - DAYS WITH] 9 = BLOWING SNOW
X = TORNADO
MAX 32 OR BELOW: 2 0.01 INCH OR MORE: 9
MAX 90 OR ABOVE: 0 0.10 INCH OR MORE: 5
MIN 32 OR BELOW: 22 0.50 INCH OR MORE: 2
MIN 0 OR BELOW: 0 1.00 INCH OR MORE: 0
[HDD (BASE 65) ]
TOTAL THIS MO. 931 CLEAR (SCALE 0-3) 4
DPTR FM NORMAL -70 PTCLDY (SCALE 4-7) 20
TOTAL FM JUL 1 2403 CLOUDY (SCALE 8-10) 7
DPTR FM NORMAL -269
[CDD (BASE 65) ]
TOTAL THIS MO. 0
DPTR FM NORMAL 0 [PRESSURE DATA]
TOTAL FM JAN 1 0 HIGHEST SLP M ON M
DPTR FM NORMAL 0 LOWEST SLP 29.36 ON 16
[REMARKS]
#FINAL-01-21#