000
CXUS53 KJKL 021420
CLSJKL
CLIMATE REPORT
NATIONAL WEATHER SERVICE JACKSON KY
920 AM EST WED MAR 02 2022
...................................
...THE JACKSON KY CLIMATE SUMMARY FOR THE SEASON, FROM
12/1/2021 TO 2/28/2022...
CLIMATE NORMAL PERIOD 1991 TO 2020
CLIMATE RECORD PERIOD 1981 TO 2022
WEATHER OBSERVED NORMAL DEPART LAST YEAR`S
VALUE DATE(S) VALUE FROM VALUE DATE(S)
NORMAL
................................................................
TEMPERATURE (F)
RECORD
HIGH 80 02/23/2018
02/21/2018
02/20/2018
LOW -18 01/19/1994
01/21/1985
01/20/1985
HIGHEST 72 12/03 MM MM 73 02/24
01/01
LOWEST 6 01/29 MM MM 9 12/26
AVG. MAXIMUM 50.9 46.9 4.0 43.9
AVG. MINIMUM 32.1 29.9 2.2 30.0
MEAN 41.5 38.4 3.1 37.0
DAYS MAX >= 90 0 0.0 0.0 0
DAYS MAX <= 32 6 14.2 -8.2 13
DAYS MIN <= 32 54 54.8 -0.8 59
DAYS MIN <= 0 0 0.5 -0.5 0
PRECIPITATION (INCHES)
RECORD
MAXIMUM 20.60 2019
MINIMUM 6.06 2007
TOTALS 16.03 12.49 3.54 16.55
DAILY AVG. 0.18 0.14 0.04 0.19
DAYS >= .01 35 42.1 -7.1 47
DAYS >= .10 22 24.9 -2.9 23
DAYS >= .50 11 8.2 2.8 9
DAYS >= 1.00 5 3.0 2.0 5
GREATEST
24 HR. TOTAL 3.42 01/01 TO 01/02 3.70
SNOWFALL (INCHES)
RECORDS
TOTAL 50.3 2010
24 HR TOTAL 15.7 01/22/2016 TO 01/22/2016
TOTALS 15.8 18.2 -2.4 27.0
SINCE 7/1 15.8 19.0 -3.2 28.4
SNOWDEPTH AVG. T 1
DAYS >= 1.0 4 5.6 -1.6 7
GREATEST
24 HR TOTAL 7.7 01/06 TO 01/07 9.6
DEGREE DAYS
HEATING TOTAL 2093 2400 -307 2493
SINCE 7/1 2832 3184 -352 3096
COOLING TOTAL 0 1 -1 0
SINCE 1/1 0 0 0 0
................................................................
WIND (MPH)
AVERAGE WIND SPEED 5.2
RESULTANT WIND SPEED/DIRECTION 2/210
HIGHEST WIND SPEED/DIRECTION 31/280 DATE 02/17
HIGHEST GUST SPEED/DIRECTION 48/280 DATE 02/17
SKY COVER
POSSIBLE SUNSHINE (PERCENT) MM
NUMBER OF DAYS FAIR 36
NUMBER OF DAYS PC 27
NUMBER OF DAYS CLOUDY 27
AVERAGE RH (PERCENT) 62
WEATHER CONDITIONS. NUMBER OF DAYS WITH
THUNDERSTORM 2 MIXED PRECIP 0
HEAVY RAIN 10 RAIN 17
LIGHT RAIN 33 FREEZING RAIN 4
LT FREEZING RAIN 4 HAIL 0
HEAVY SNOW 2 SNOW 3
LIGHT SNOW 21 SLEET 1
FOG 36 FOG W/VIS <= 1/4 MILE 13
HAZE 2
- INDICATES NEGATIVE NUMBERS.
R INDICATES RECORD WAS SET OR TIED.
MM INDICATES DATA IS MISSING.
T INDICATES TRACE AMOUNT.
$$
CARICO