000
CXUS53 KBIS 010830
CF6JMS
PRELIMINARY LOCAL CLIMATOLOGICAL DATA (WS FORM: F-6)
STATION: JAMESTOWN ND
MONTH: AUGUST
YEAR: 2021
LATITUDE: 46 55 N
LONGITUDE: 98 40 W
TEMPERATURE IN F: :PCPN: SNOW: WIND :SUNSHINE: SKY :PK WND
================================================================================
1 2 3 4 5 6A 6B 7 8 9 10 11 12 13 14 15 16 17 18
12Z AVG MX 2MIN
DY MAX MIN AVG DEP HDD CDD WTR SNW DPTH SPD SPD DIR MIN PSBL S-S WX SPD DR
================================================================================
1 84 49 67 -3 0 2 0.00 M M 4.8 10 340 M M 0 18 17 330
2 90 53 72 2 0 7 0.00 M M 3.8 12 250 M M 1 18 17 280
3 91 59 75 5 0 10 0.00 M M 5.5 15 170 M M 0 8 19 170
4 80 65 73 3 0 8 0.01 M M 8.6 15 170 M M 3 24 170
5 81 57 69 -1 0 4 0.00 M M 8.6 23 320 M M 3 18 27 320
6 82 51 67 -2 0 2 0.00 M M 4.8 13 80 M M 1 128 19 80
7 85 61 73 4 0 8 0.25 M M 8.1 23 210 M M 4 138 33 220
8 88 57 73 4 0 8 0.00 M M 6.2 14 170 M M 2 12 19 180
9 92 63 78 9 0 13 0.00 M M 11.0 31 310 M M 1 18 41 300
10 91 59 75 6 0 10 0.00 M M 12.0 26 250 M M 2 37 260
11 89 55 72 3 0 7 T M M 13.9 29 270 M M 3 39 310
12 82 51 67 -2 0 2 0.00 M M 15.3 30 290 M M 1 42 300
13 83 48 66 -2 0 1 0.00 M M 9.6 24 330 M M 0 34 350
14 96 53 75 7 0 10 0.00 M M 10.2 18 190 M M 0 25 170
15 97 65 81 13 0 16 0.00 M M 14.0 23 180 M M 0 30 190
16 93 70 82 14 0 17 0.00 M M 15.0 23 180 M M 0 32 170
17 90 70 80 12 0 15 0.00 M M 11.8 18 170 M M 0 24 170
18 96 71 84 17 0 19 0.00 M M 15.7 25 170 M M 0 38 150
19 87 64 76 9 0 11 0.00 M M 7.2 16 190 M M 1 23 170
20 82 58 70 3 0 5 0.94 M M 11.4 28 240 M M 7 13 39 260
21 77 52 65 -2 0 0 0.00 M M 12.6 25 290 M M 4 34 300
22 77 55 66 -1 0 1 0.01 M M 15.5 33 160 M M 3 50 180
23 84 55 70 4 0 5 0.01 M M 9.8 35 150 M M 0 3 48 180
24 81 55 68 2 0 3 0.02 M M 9.1 44 130 M M 5 3 60 120
25 75 50 63 -3 2 0 T M M 5.0 13 330 M M 1 3 22 340
26 67 54 61 -5 4 0 0.51 M M 10.3 28 90 M M 9 138 44 90
27 77 60 69 4 0 4 T M M 6.8 16 90 M M 8 18 24 90
28 79 62 71 6 0 6 0.07 M M 5.5 17 290 M M 6 12 25 300
29 82 55 69 4 0 4 0.00 M M 8.9 22 270 M M 2 28 300
30 83 49 66 2 0 1 T M M 6.2 13 100 M M 1 20 100
31 82 55 69 5 0 4 0.00 M M 9.5 20 140 M M 1 27 140
================================================================================
SM 2623 1781 6 203 1.82 M 296.7 M 69
================================================================================
AV 84.6 57.5 9.6 FASTST M M 2 MAX(MPH)
MISC ----> 44 130 60 120
================================================================================
NOTES:
# LAST OF SEVERAL OCCURRENCES
COLUMN 17 PEAK WIND IN M.P.H.
PRELIMINARY LOCAL CLIMATOLOGICAL DATA (WS FORM: F-6) , PAGE 2
STATION: JAMESTOWN ND
MONTH: AUGUST
YEAR: 2021
LATITUDE: 46 55 N
LONGITUDE: 98 40 W
[TEMPERATURE DATA] [PRECIPITATION DATA] SYMBOLS USED IN COLUMN 16
AVERAGE MONTHLY: 71.0 TOTAL FOR MONTH: 1.82 1 = FOG OR MIST
DPTR FM NORMAL: 3.5 DPTR FM NORMAL: -0.60 2 = FOG REDUCING VISIBILITY
HIGHEST: 97 ON 15 GRTST 24HR 0.94 ON 20-20 TO 1/4 MILE OR LESS
LOWEST: 48 ON 13 3 = THUNDER
SNOW, ICE PELLETS, HAIL 4 = ICE PELLETS
TOTAL MONTH: M 5 = HAIL
GRTST 24HR M ON M 6 = FREEZING RAIN OR DRIZZLE
GRTST DEPTH: M ON M 7 = DUSTSTORM OR SANDSTORM:
VSBY 1/2 MILE OR LESS
8 = SMOKE OR HAZE
[NO. OF DAYS WITH] [WEATHER - DAYS WITH] 9 = BLOWING SNOW
X = TORNADO
MAX 32 OR BELOW: 0 0.01 INCH OR MORE: 8
MAX 90 OR ABOVE: 9 0.10 INCH OR MORE: 3
MIN 32 OR BELOW: 0 0.50 INCH OR MORE: 2
MIN 0 OR BELOW: 0 1.00 INCH OR MORE: 0
[HDD (BASE 65) ]
TOTAL THIS MO. 6 CLEAR (SCALE 0-3) 21
DPTR FM NORMAL -38 PTCLDY (SCALE 4-7) 9
TOTAL FM JUL 1 11 CLOUDY (SCALE 8-10) 1
DPTR FM NORMAL -53
[CDD (BASE 65) ]
TOTAL THIS MO. 203
DPTR FM NORMAL 80 [PRESSURE DATA]
TOTAL FM JAN 1 753 HIGHEST SLP 30.29 ON 1
DPTR FM NORMAL 367 LOWEST SLP 29.50 ON 20
[REMARKS]
#FINAL-08-21#