000
CXUS51 KCTP 010800
CF6JST
PRELIMINARY LOCAL CLIMATOLOGICAL DATA (WS FORM: F-6)
STATION: JOHNSTOWN
MONTH: MARCH
YEAR: 2020
LATITUDE: 40 18 N
LONGITUDE: 78 50 W
TEMPERATURE IN F: :PCPN: SNOW: WIND :SUNSHINE: SKY :PK WND
================================================================================
1 2 3 4 5 6A 6B 7 8 9 10 11 12 13 14 15 16 17 18
12Z AVG MX 2MIN
DY MAX MIN AVG DEP HDD CDD WTR SNW DPTH SPD SPD DIR MIN PSBL S-S WX SPD DR
================================================================================
1 41 18 30 0 35 0 0.00 M M 10.4 21 280 M M 0 26 280
2 55 40 48 17 17 0 0.20 M M 12.3 25 250 M M 7 12 36 250
3 51 38 45 14 20 0 0.33 M M 11.3 38 290 M M 10 123 51 290
4 49 33 41 10 24 0 T M M 14.1 29 270 M M 8 40 270
5 48 27 38 6 27 0 0.00 M M 6.6 22 310 M M 0 1 28 300
6 41 30 36 4 29 0 0.01 M M 13.5 28 330 M M 8 12 38 330
7 39 27 33 1 32 0 T M M 14.3 23 330 M M 5 32 320
8 57 27 42 9 23 0 0.00 M M 8.6 14 220 M M 0 18 230
9 64 49 57 24 8 0 0.00 M M 11.3 21 260 M M 0 29 230
10 56 35 46 13 19 0 0.17 M M 14.0 26 240 M M 10 1 35 240
11 42 31 37 3 28 0 0.02 M M 4.1 9 270 M M 8 128 12 210
12 58 39 49 15 16 0 0.11 M M 8.3 25 160 M M 8 12 33 160
13 56 38 47 13 18 0 0.10 M M 19.6 31 280 M M 5 1 43 260
14 40 29 35 0 30 0 0.11 M M 8.1 29 290 M M 5 1 37 290
15 45 31 38 3 27 0 0.04 M M 6.9 13 50 M M 7 1 17 40
16 41 27 34 -1 31 0 0.04 M M 9.7 20 170 M M 5 26 180
17 42 36 39 3 26 0 0.05 M M 9.2 18 270 M M 10 12 24 280
18 50 31 41 5 24 0 0.41 M M 9.8 21 170 M M 4 1 29 140
19 61 44 53 16 12 0 0.69 M M 9.9 18 170 M M 9 12 27 260
20 66 38 52 15 13 0 0.32 M M 14.4 31 240 M M 10 1 44 240
21 39 28 34 -3 31 0 T M M 8.4 17 330 M M 8 22 360
22 43 27 35 -3 30 0 T M M 9.7 21 150 M M 6 1 28 160
23 41 33 37 -1 28 0 0.37 M M 11.6 21 320 M M 10 12 27 140
24 47 33 40 1 25 0 T M M 6.6 15 310 M M 9 1 20 310
25 42 32 37 -2 28 0 0.12 M M 6.4 13 100 M M 9 12 19 90
26 66 34 50 11 15 0 0.07 M M 6.9 17 250 M M 6 12 26 210
27 58 46 52 12 13 0 0.12 M M 4.6 13 160 M M 8 1 19 350
28 59 49 54 14 11 0 1.55 M M 9.2 17 160 M M 10 123 24 140
29 75 54 65 25 0 0 0.14 M M 14.7 33 240 M M 4 13 47 260
30 54 37 46 5 19 0 0.01 M M 16.4 30 260 M M 6 41 260
31 42 36 39 -2 26 0 0.05 M M 6.1 10 320 M M 10 1 15 300
================================================================================
SM 1568 1077 685 0 5.03 M 317.0 M 205
================================================================================
AV 50.6 34.7 10.2 FASTST M M 7 MAX(MPH)
MISC ----> 38 290 51 290
================================================================================
NOTES:
# LAST OF SEVERAL OCCURRENCES
COLUMN 17 PEAK WIND IN M.P.H.
PRELIMINARY LOCAL CLIMATOLOGICAL DATA (WS FORM: F-6) , PAGE 2
STATION: JOHNSTOWN
MONTH: MARCH
YEAR: 2020
LATITUDE: 40 18 N
LONGITUDE: 78 50 W
[TEMPERATURE DATA] [PRECIPITATION DATA] SYMBOLS USED IN COLUMN 16
AVERAGE MONTHLY: 42.7 TOTAL FOR MONTH: 5.03 1 = FOG OR MIST
DPTR FM NORMAL: 7.2 DPTR FM NORMAL: 1.74 2 = FOG REDUCING VISIBILITY
HIGHEST: 75 ON 29 GRTST 24HR 1.61 ON 28-29 TO 1/4 MILE OR LESS
LOWEST: 18 ON 1 3 = THUNDER
SNOW, ICE PELLETS, HAIL 4 = ICE PELLETS
TOTAL MONTH: M 5 = HAIL
GRTST 24HR M ON M 6 = FREEZING RAIN OR DRIZZLE
GRTST DEPTH: M ON M 7 = DUSTSTORM OR SANDSTORM:
VSBY 1/2 MILE OR LESS
8 = SMOKE OR HAZE
[NO. OF DAYS WITH] [WEATHER - DAYS WITH] 9 = BLOWING SNOW
X = TORNADO
MAX 32 OR BELOW: 0 0.01 INCH OR MORE: 22
MAX 90 OR ABOVE: 0 0.10 INCH OR MORE: 14
MIN 32 OR BELOW: 13 0.50 INCH OR MORE: 2
MIN 0 OR BELOW: 0 1.00 INCH OR MORE: 1
[HDD (BASE 65) ]
TOTAL THIS MO. 685 CLEAR (SCALE 0-3) 4
DPTR FM NORMAL -228 PTCLDY (SCALE 4-7) 16
TOTAL FM JUL 1 4853 CLOUDY (SCALE 8-10) 11
DPTR FM NORMAL -943
[CDD (BASE 65) ]
TOTAL THIS MO. 0
DPTR FM NORMAL 0 [PRESSURE DATA]
TOTAL FM JAN 1 0 HIGHEST SLP 30.56 ON 22
DPTR FM NORMAL 0 LOWEST SLP 29.45 ON 3
[REMARKS]
#FINAL-03-20#