207
CXUS51 KCTP 050158
CLSJST
CLIMATE REPORT
NATIONAL WEATHER SERVICE STATE COLLEGE PA
858 PM EST WED DEC 04 2019
...................................
...THE JOHNSTOWN CLIMATE SUMMARY FOR THE SEASON, FROM
9/1/2019 TO 11/30/2019...
CLIMATE NORMAL PERIOD 1981 TO 2010
CLIMATE RECORD PERIOD 1892 TO 2019
WEATHER OBSERVED NORMAL DEPART LAST YEAR`S
VALUE DATE(S) VALUE FROM VALUE DATE(S)
NORMAL
................................................................
TEMPERATURE (F)
RECORD
HIGH 104 09/03/1953
LOW 1 11/29/1930
HIGHEST 85 09/11 MM MM 88 09/04
LOWEST 13 11/13 MM MM 14 11/22
AVG. MAXIMUM 60.3 57.4 2.9 57.3
AVG. MINIMUM 43.4 42.0 1.4 44.8
MEAN 51.9 49.7 2.2 51.1
DAYS MAX >= 90 0 MM MM 0
DAYS MAX <= 32 3 MM MM 9
DAYS MIN <= 32 24 MM MM 26
DAYS MIN <= 0 0 MM MM 0
PRECIPITATION (INCHES)
RECORD
MAXIMUM 18.76 2018
MINIMUM 1.59 1908
TOTALS 6.63 10.18 -3.55 18.76
DAILY AVG. 0.07 0.11 -0.04 0.21
DAYS >= .01 27 MM MM 48
DAYS >= .10 18 MM MM 35
DAYS >= .50 4 MM MM 13
DAYS >= 1.00 0 MM MM 3
GREATEST
24 HR. TOTAL 0.79 10/03 TO 10/03 2.73
STORM TOTAL 0.78 MM MM
(MM/DD(HH)) MM
DEGREE DAYS
HEATING TOTAL 1266 1421 -155 1416
SINCE 7/1 1284 1463 -179 1426
COOLING TOTAL 97 28 69 171
SINCE 1/1 564 388 176 711
FREEZE DATES
RECORD
EARLIEST 08/31/1894
LATEST 05/27/1915
EARLIEST 10/13
LATEST 04/29
................................................................
WIND (MPH)
AVERAGE WIND SPEED 8.4
RESULTANT WIND SPEED/DIRECTION 4/240
HIGHEST WIND SPEED/DIRECTION 38/260 DATE 10/31
HIGHEST GUST SPEED/DIRECTION 56/250 DATE 10/31
SKY COVER
POSSIBLE SUNSHINE (PERCENT) MM
AVERAGE SKY COVER 0.45
NUMBER OF DAYS FAIR 39
NUMBER OF DAYS PC 33
NUMBER OF DAYS CLOUDY 19
WEATHER CONDITIONS. NUMBER OF DAYS WITH
THUNDERSTORM 5 MIXED PRECIP 0
HEAVY RAIN 12 RAIN 13
LIGHT RAIN 33 FREEZING RAIN 0
LT FREEZING RAIN 1 HAIL 0
HEAVY SNOW 1 SNOW 1
LIGHT SNOW 9 SLEET 0
FOG 48 FOG W/VIS <= 1/4 MILE 18
HAZE 6
- INDICATES NEGATIVE NUMBERS.
R INDICATES RECORD WAS SET OR TIED.
MM INDICATES DATA IS MISSING.
T INDICATES TRACE AMOUNT.
$$