000
CXUS54 KFWD 070343
CF6JWY
PRELIMINARY LOCAL CLIMATOLOGICAL DATA (WS FORM: F-6)
STATION: WAXAHACHIE
MONTH: NOVEMBER
YEAR: 2020
LATITUDE: 32 27 N
LONGITUDE: 96 54 W
TEMPERATURE IN F: :PCPN: SNOW: WIND :SUNSHINE: SKY :PK WND
================================================================================
1 2 3 4 5 6A 6B 7 8 9 10 11 12 13 14 15 16 17 18
12Z AVG MX 2MIN
DY MAX MIN AVG DEP HDD CDD WTR SNW DPTH SPD SPD DIR MIN PSBL S-S WX SPD DR
================================================================================
1 73 45 59 -2 6 0 0.00 M M 5.5 13 360 M M 0 21 50
2 72 37 55 -6 10 0 0.00 M M 2.1 7 190 M M 0 M M
3 78 44 61 1 4 0 0.00 M M 4.9 14 210 M M 0 17 200
4 75 45 60 0 5 0 0.00 M M 7.0 15 180 M M 0 21 170
5 76 54 65 6 0 0 0.00 M M 4.9 13 170 M M 4 12 20 180
6 76 57 67 8 0 2 0.00 M M 3.7 12 150 M M 5 1 17 160
7 77 48 63 4 2 0 0.00 M M 2.2 8 140 M M 1 M M
8 73 55 64 6 1 0 0.00 M M 4.5 13 160 M M 5 1 17 110
9 80 62 71 13 0 6 0.00 M M 8.2 18 190 M M 5 1 25 190
10 77 52 65 7 0 0 0.00 M M 8.5 14 180 M M 5 1 22 160
11 75 41 58 1 7 0 0.00 M M 1.2 7 40 M M 1 8 M M
12 82 49 66 9 0 1 0.00 M M 4.7 14 190 M M 3 8 17 180
13 76 56 66 10 0 1 0.00 M M 3.5 14 310 M M 5 M M
14 83 66 75 19 0 10 0.00 M M 12.8 23 200 M M 5 31 200
15 71 41 56 0 9 0 0.00 M M 6.9 24 350 M M 0 33 350
16 71 35 53 -2 12 0 0.00 M M 1.2 6 140 M M 0 M M
17 74 37 56 1 9 0 0.00 M M 1.1 8 120 M M 0 M M
18 75 44 60 6 5 0 0.00 M M 5.4 12 150 M M 0 24 180
19 77 50 64 10 1 0 0.00 M M 9.6 21 170 M M 3 28 190
20 75 60 68 15 0 3 0.00 M M 7.6 13 180 M M 5 1 18 180
21 79 60 70 17 0 5 0.00 M M 4.2 12 180 M M 6 1 20 210
22 65 47 56 3 9 0 0.00 M M 6.3 14 360 M M 9 21 50
23 58 47 53 1 12 0 0.00 M M 5.1 9 160 M M 9 1 16 160
24 74 51 63 11 2 0 0.39 M M 8.7 17 180 M M 7 1 22 170
25 64 42 53 2 12 0 0.00 M M 5.2 18 300 M M 1 24 300
26 73 41 57 6 8 0 0.00 M M 5.1 13 170 M M 0 17 160
27 64 54 59 8 6 0 0.00 M M 6.3 15 350 M M 7 20 360
28 56 48 52 2 13 0 0.39 M M 5.4 10 50 M M 10 17 50
29 51 43 47 -3 18 0 0.05 M M 9.2 21 330 M M 7 1 30 330
30 50 30 40 -10 25 0 0.00 M M 9.1 18 340 M M 0 28 330
================================================================================
SM 2150 1441 176 28 0.83 M 170.1 M 103
================================================================================
AV 71.7 48.0 5.7 FASTST M M 3 MAX(MPH)
MISC ----> 24 350 33 350
================================================================================
NOTES:
# LAST OF SEVERAL OCCURRENCES
COLUMN 17 PEAK WIND IN M.P.H.
PRELIMINARY LOCAL CLIMATOLOGICAL DATA (WS FORM: F-6) , PAGE 2
STATION: WAXAHACHIE
MONTH: NOVEMBER
YEAR: 2020
LATITUDE: 32 27 N
LONGITUDE: 96 54 W
[TEMPERATURE DATA] [PRECIPITATION DATA] SYMBOLS USED IN COLUMN 16
AVERAGE MONTHLY: 59.9 TOTAL FOR MONTH: 0.83 1 = FOG OR MIST
DPTR FM NORMAL: 4.5 DPTR FM NORMAL: -2.20 2 = FOG REDUCING VISIBILITY
HIGHEST: 83 ON 14 GRTST 24HR 0.39 ON 24-24 TO 1/4 MILE OR LESS
LOWEST: 30 ON 30 3 = THUNDER
SNOW, ICE PELLETS, HAIL 4 = ICE PELLETS
TOTAL MONTH: M 5 = HAIL
GRTST 24HR M ON M 6 = FREEZING RAIN OR DRIZZLE
GRTST DEPTH: M ON M 7 = DUSTSTORM OR SANDSTORM:
VSBY 1/2 MILE OR LESS
8 = SMOKE OR HAZE
[NO. OF DAYS WITH] [WEATHER - DAYS WITH] 9 = BLOWING SNOW
X = TORNADO
MAX 32 OR BELOW: 0 0.01 INCH OR MORE: 3
MAX 90 OR ABOVE: 0 0.10 INCH OR MORE: 2
MIN 32 OR BELOW: 1 0.50 INCH OR MORE: 0
MIN 0 OR BELOW: 0 1.00 INCH OR MORE: 0
[HDD (BASE 65) ]
TOTAL THIS MO. 176 CLEAR (SCALE 0-3) 14
DPTR FM NORMAL -134 PTCLDY (SCALE 4-7) 13
TOTAL FM JUL 1 322 CLOUDY (SCALE 8-10) 3
DPTR FM NORMAL -76
[CDD (BASE 65) ]
TOTAL THIS MO. 28
DPTR FM NORMAL 10 [PRESSURE DATA]
TOTAL FM JAN 1 2510 HIGHEST SLP M ON M
DPTR FM NORMAL 79 LOWEST SLP M ON M
[REMARKS]
#FINAL-11-20#