000
CXUS53 KGRR 010910
CF6JXN
PRELIMINARY LOCAL CLIMATOLOGICAL DATA (WS FORM: F-6)
STATION: JACKSON
MONTH: JULY
YEAR: 2022
LATITUDE: 42 16 N
LONGITUDE: 84 28 W
TEMPERATURE IN F: :PCPN: SNOW: WIND :SUNSHINE: SKY :PK WND
================================================================================
1 2 3 4 5 6A 6B 7 8 9 10 11 12 13 14 15 16 17 18
12Z AVG MX 2MIN
DY MAX MIN AVG DEP HDD CDD WTR SNW DPTH SPD SPD DIR MIN PSBL S-S WX SPD DR
================================================================================
1 84 59 72 1 0 7 0.15 M M 6.9 20 210 M M 2 13 29 220
2 83 54 69 -2 0 4 0.00 M M 4.9 13 230 M M 0 1 19 240
3 86 56 71 0 0 6 0.00 M M 2.3 10 220 M M 1 1 16 120
4 91 55 73 1 0 8 0.00 M M 5.3 13 180 M M 1 12 20 170
5 87 68 78 6 0 13 1.12 M M 9.1 20 330 M M 8 13 33 310
6 76 64 70 -2 0 5 0.64 M M 5.0 14 220 M M 7 13 20 240
7 84 59 72 0 0 7 0.00 M M 2.2 7 180 M M 1 11 180
8 83 62 73 1 0 8 0.56 M M 3.6 14 20 M M 5 18 21 340
9 80 54 67 -5 0 2 0.00 M M 7.9 15 20 M M 0 22 40
10 83 47 65 -7 0 0 0.00 M M 2.6 9 200 M M 0 1 14 160
11 83 56 70 -2 0 5 0.07 M M 8.6 21 190 M M 3 3 29 230
12 80 62 71 -1 0 6 0.01 M M 8.4 18 240 M M 3 27 240
13 80 57 69 -3 0 4 0.25 M M 4.3 14 320 M M 6 13 20 330
14 81 54 68 -4 0 3 0.00 M M 2.0 9 30 M M 3 1 14 260
15 79 55 67 -5 0 2 0.75 M M 5.2 14 150 M M 5 18 18 150
16 82 60 71 -1 0 6 T M M 3.3 12 160 M M 8 12 15 150
17 78 68 73 1 0 8 0.00 M M 4.5 13 90 M M 7 1 19 100
18 86 65 76 4 0 11 0.04 M M 4.5 12 250 M M 4 18 18 250
19 87 63 75 3 0 10 0.00 M M 6.7 14 200 M M 1 8 21 220
20 89 71 80 8 0 15 0.00 M M 12.7 25 250 M M 2 40 230
21 86 66 76 4 0 11 0.12 M M 8.0 17 240 M M 2 3 26 240
22 85 65 75 3 0 10 0.00 M M 6.1 15 260 M M 1 1 25 260
23 85 68 77 5 0 12 T M M 6.1 23 280 M M 2 40 260
24 85 68 77 5 0 12 0.56 M M 10.0 29 220 M M 6 13 45 250
25 76 58 67 -5 0 2 0.00 M M 6.0 16 260 M M 1 23 270
26 79 54 67 -5 0 2 0.00 M M 3.2 9 200 M M 1 14 240
27 81 59 70 -1 0 5 0.05 M M 5.0 15 210 M M 5 1 19 220
28 79 59 69 -2 0 4 T M M 7.4 17 250 M M 2 1 28 250
29 77 56 67 -4 0 2 0.00 M M 6.0 15 260 M M 2 23 240
30 81 53 67 -4 0 2 0.00 M M 3.4 10 220 M M 1 1 15 200
31 84 56 70 -1 0 5 0.00 M M 4.4 13 170 M M 1 1 17 170
================================================================================
SM 2560 1851 0 197 4.32 M 175.6 M 91
================================================================================
AV 82.6 59.7 5.7 FASTST M M 3 MAX(MPH)
MISC ----> 29 220 45 250
================================================================================
NOTES:
# LAST OF SEVERAL OCCURRENCES
COLUMN 17 PEAK WIND IN M.P.H.
PRELIMINARY LOCAL CLIMATOLOGICAL DATA (WS FORM: F-6) , PAGE 2
STATION: JACKSON
MONTH: JULY
YEAR: 2022
LATITUDE: 42 16 N
LONGITUDE: 84 28 W
[TEMPERATURE DATA] [PRECIPITATION DATA] SYMBOLS USED IN COLUMN 16
AVERAGE MONTHLY: 71.1 TOTAL FOR MONTH: 4.32 1 = FOG OR MIST
DPTR FM NORMAL: -0.5 DPTR FM NORMAL: 0.97 2 = FOG REDUCING VISIBILITY
HIGHEST: 91 ON 4 GRTST 24HR 1.33 ON 5- 6 TO 1/4 MILE OR LESS
LOWEST: 47 ON 10 3 = THUNDER
SNOW, ICE PELLETS, HAIL 4 = ICE PELLETS
TOTAL MONTH: M 5 = HAIL
GRTST 24HR M ON M 6 = FREEZING RAIN OR DRIZZLE
GRTST DEPTH: M ON M 7 = DUSTSTORM OR SANDSTORM:
VSBY 1/2 MILE OR LESS
8 = SMOKE OR HAZE
[NO. OF DAYS WITH] [WEATHER - DAYS WITH] 9 = BLOWING SNOW
X = TORNADO
MAX 32 OR BELOW: 0 0.01 INCH OR MORE: 12
MAX 90 OR ABOVE: 1 0.10 INCH OR MORE: 8
MIN 32 OR BELOW: 0 0.50 INCH OR MORE: 5
MIN 0 OR BELOW: 0 1.00 INCH OR MORE: 1
[HDD (BASE 65) ]
TOTAL THIS MO. 0 CLEAR (SCALE 0-3) 21
DPTR FM NORMAL -9 PTCLDY (SCALE 4-7) 10
TOTAL FM JUL 1 0 CLOUDY (SCALE 8-10) 0
DPTR FM NORMAL 0
[CDD (BASE 65) ]
TOTAL THIS MO. 197
DPTR FM NORMAL -16 [PRESSURE DATA]
TOTAL FM JAN 1 423 HIGHEST SLP 30.22 ON 30
DPTR FM NORMAL 29 LOWEST SLP 29.50 ON 20
[REMARKS]
#FINAL-07-22#