000
CXUS53 KGRR 010843
CLMJXN
CLIMATE REPORT
NATIONAL WEATHER SERVICE GRAND RAPIDS, MICHIGAN
343 AM EST THU FEB 01 2024
...................................
...THE JACKSON CLIMATE SUMMARY FOR THE MONTH OF JANUARY 2024...
CLIMATE NORMAL PERIOD: 1991 TO 2020
CLIMATE RECORD PERIOD: 1944 TO 2024
WEATHER OBSERVED NORMAL DEPART LAST YEAR`S
VALUE DATE(S) VALUE FROM VALUE DATE(S)
NORMAL
................................................................
TEMPERATURE (F)
HIGHEST 40 01/25 MM MM 53 01/04
01/26
01/27
LOWEST -8 01/15 MM MM 1 01/31
AVG. MAXIMUM 30.4 31.3 -0.9 36.8
AVG. MINIMUM 21.5 17.5 4.0 27.3
MEAN 25.9 24.4 1.5 32.0
DAYS MAX >= 90 0 0.0 0.0 0
DAYS MAX <= 32 11 17.8 -6.8 8
DAYS MIN <= 32 25 28.2 -3.2 23
DAYS MIN <= 0 3 3.3 -0.3 0
PRECIPITATION (INCHES)
TOTALS 3.66 1.67 1.99 2.24
DAILY AVG. 0.12 0.05 0.07 0.07
DAYS >= .01 13 12.7 0.3 15
DAYS >= .10 9 4.4 4.6 8
DAYS >= .50 3 0.7 2.3 1
DAYS >= 1.00 1 0.1 0.9 0
GREATEST
24 HR. TOTAL 1.48 01/25 TO 01/26
DEGREE DAYS
HEATING TOTAL 1205 1258 -53 1015
SINCE 7/1 3317 3691 -374 MM
COOLING TOTAL 0 0 0 0
SINCE 1/1 0 0 0 MM
................................................................
WIND (MPH)
AVERAGE WIND SPEED 8.6
RESULTANT WIND SPEED/DIRECTION 4/220
HIGHEST WIND SPEED/DIRECTION 32/210 DATE 01/13
32/220 01/14
HIGHEST GUST SPEED/DIRECTION 47/210 DATE 01/13
SKY COVER
POSSIBLE SUNSHINE (PERCENT) MM
AVERAGE SKY COVER 0.85
NUMBER OF DAYS FAIR 1
NUMBER OF DAYS PC 6
NUMBER OF DAYS CLOUDY 24
AVERAGE RH (PERCENT) 85
WEATHER CONDITIONS. NUMBER OF DAYS WITH
THUNDERSTORM 0 MIXED PRECIP 0
HEAVY RAIN 2 RAIN 3
LIGHT RAIN 6 FREEZING RAIN 1
LT FREEZING RAIN 2 HAIL 0
HEAVY SNOW 1 SNOW 3
LIGHT SNOW 17 SLEET 0
FOG 25 FOG W/VIS <= 1/4 MILE 6
HAZE 6
- INDICATES NEGATIVE NUMBERS.
R INDICATES RECORD WAS SET OR TIED.
MM INDICATES DATA IS MISSING.
T INDICATES TRACE AMOUNT.
$$