000
CXUS53 KIND 010700
CF6LAF
PRELIMINARY LOCAL CLIMATOLOGICAL DATA (WS FORM: F-6)
STATION: LAFAYETTE IN
MONTH: JANUARY
YEAR: 2022
LATITUDE: 40 25 N
LONGITUDE: 86 56 W
TEMPERATURE IN F: :PCPN: SNOW: WIND :SUNSHINE: SKY :PK WND
================================================================================
1 2 3 4 5 6A 6B 7 8 9 10 11 12 13 14 15 16 17 18
12Z AVG MX 2MIN
DY MAX MIN AVG DEP HDD CDD WTR SNW DPTH SPD SPD DIR MIN PSBL S-S WX SPD DR
================================================================================
1 50 31 41 14 24 0 0.28 M M 10.1 20 30 M M 10 12 27 40
2 31 23 27 0 38 0 T M M 10.6 20 360 M M 10 1 25 30
3 28 14 21 -6 44 0 0.00 M M 6.0 13 250 M M 2 17 220
4 39 22 31 4 34 0 0.00 M M 8.6 18 210 M M 1 31 190
5 37 12 25 -1 40 0 T M M 18.1 31 260 M M 5 8 47 260
6 16 4 10 -16 55 0 T M M 12.4 20 270 M M 6 8 30 280
7 17 0 9 -17 56 0 0.00 M M 6.7 15 270 M M 1 8 20 280
8 38 15 27 1 38 0 0.06 M M 8.4 16 160 M M 5 1 25 150
9 39 13 26 0 39 0 0.07 M M 12.7 23 320 M M 5 1 34 330
10 28 9 19 -7 46 0 0.00 M M 9.3 20 320 M M 3 26 330
11 35 6 21 -5 44 0 0.00 M M 6.7 18 200 M M 0 18 28 210
12 42 31 37 11 28 0 0.00 M M 5.4 17 270 M M 2 24 230
13 46 26 36 10 29 0 0.00 M M 4.4 15 340 M M 1 18 21 10
14 37 28 33 7 32 0 0.00 M M 7.2 18 80 M M 10 18 23 80
15 32 17 25 0 40 0 T M M 14.3 21 80 M M 4 1 29 70
16 33 13 23 -2 42 0 0.00 M M 8.1 14 320 M M 1 19 80
17 28 23 26 1 39 0 0.00 M M 10.8 17 300 M M 10 8 25 300
18 45 22 34 9 31 0 0.00 M M 8.6 20 180 M M 6 32 190
19 44 17 31 6 34 0 0.00 M M 11.9 20 320 M M 3 36 210
20 23 9 16 -9 49 0 0.01 M M 8.2 17 320 M M 7 18 22 330
21 24 11 18 -7 47 0 T M M 5.2 13 50 M M 4 17 50
22 34 11 23 -2 42 0 0.00 M M 8.2 20 230 M M 4 29 240
23 36 17 27 2 38 0 T M M 8.1 23 350 M M 9 1 31 360
24 33 13 23 -2 42 0 0.04 M M 9.0 21 300 M M 9 18 28 290
25 17 1 9 -16 56 0 0.00 M M 7.5 17 320 M M 0 24 290
26 18 -6 6 -20 59 0 0.00 M M 4.0 8 260 M M 0 13 280
27 31 11 21 -5 44 0 T M M 7.3 17 240 M M 8 1 26 220
28 29 8 19 -7 46 0 T M M 8.2 22 40 M M 8 18 27 40
29 24 -1 12 -14 53 0 0.00 M M 4.0 12 210 M M 3 19 210
30 30 10 20 -6 45 0 0.00 M M 4.4 13 310 M M 0 1 17 340
31 38 10 24 -2 41 0 0.00 M M 4.2 13 110 M M 1 18 18 120
================================================================================
SM 1002 420 1295 0 0.46 M 258.6 M 138
================================================================================
AV 32.3 13.5 8.3 FASTST M M 4 MAX(MPH)
MISC ----> 31 260 47 260
================================================================================
NOTES:
# LAST OF SEVERAL OCCURRENCES
COLUMN 17 PEAK WIND IN M.P.H.
PRELIMINARY LOCAL CLIMATOLOGICAL DATA (WS FORM: F-6) , PAGE 2
STATION: LAFAYETTE IN
MONTH: JANUARY
YEAR: 2022
LATITUDE: 40 25 N
LONGITUDE: 86 56 W
[TEMPERATURE DATA] [PRECIPITATION DATA] SYMBOLS USED IN COLUMN 16
AVERAGE MONTHLY: 22.9 TOTAL FOR MONTH: 0.46 1 = FOG OR MIST
DPTR FM NORMAL: -2.9 DPTR FM NORMAL: -1.73 2 = FOG REDUCING VISIBILITY
HIGHEST: 50 ON 1 GRTST 24HR 0.89 ON 1- 1 TO 1/4 MILE OR LESS
LOWEST: -6 ON 26 3 = THUNDER
SNOW, ICE PELLETS, HAIL 4 = ICE PELLETS
TOTAL MONTH: M 5 = HAIL
GRTST 24HR M ON M 6 = FREEZING RAIN OR DRIZZLE
GRTST DEPTH: M ON M 7 = DUSTSTORM OR SANDSTORM:
VSBY 1/2 MILE OR LESS
8 = SMOKE OR HAZE
[NO. OF DAYS WITH] [WEATHER - DAYS WITH] 9 = BLOWING SNOW
X = TORNADO
MAX 32 OR BELOW: 15 0.01 INCH OR MORE: 5
MAX 90 OR ABOVE: 0 0.10 INCH OR MORE: 1
MIN 32 OR BELOW: 31 0.50 INCH OR MORE: 0
MIN 0 OR BELOW: 3 1.00 INCH OR MORE: 0
[HDD (BASE 65) ]
TOTAL THIS MO. 1295 CLEAR (SCALE 0-3) 12
DPTR FM NORMAL 80 PTCLDY (SCALE 4-7) 11
TOTAL FM JUL 1 3087 CLOUDY (SCALE 8-10) 8
DPTR FM NORMAL -354
[CDD (BASE 65) ]
TOTAL THIS MO. 0
DPTR FM NORMAL 0 [PRESSURE DATA]
TOTAL FM JAN 1 0 HIGHEST SLP M ON M
DPTR FM NORMAL 0 LOWEST SLP 29.63 ON 5
[REMARKS]
#FINAL-01-22#