000
CXUS53 KIND 011726
CLMLAF
CLIMATE REPORT
NATIONAL WEATHER SERVICE INDIANAPOLIS IN
1226 PM EST FRI DEC 01 2023
...................................
...THE LAFAYETTE IN CLIMATE SUMMARY FOR THE MONTH OF NOVEMBER 2023...
CLIMATE NORMAL PERIOD 1991 TO 2020
CLIMATE RECORD PERIOD 9999 TO 9999
WEATHER OBSERVED NORMAL DEPART LAST YEAR`S
VALUE DATE(S) VALUE FROM VALUE DATE(S)
NORMAL
................................................................
TEMPERATURE (F)
HIGHEST 77 11/08 76 11/04
LOWEST 17 11/28 12 11/20
AVG. MAXIMUM 53.8 50.0 3.8 52.7
AVG. MINIMUM 31.4 32.6 -1.2 32.5
MEAN 42.6 41.3 1.3 42.6
DAYS MAX >= 90 0 0.0 0.0 0
DAYS MAX <= 32 2 1.3 0.7 3
DAYS MIN <= 32 19 14.6 4.4 16
DAYS MIN <= 0 0 0.0 0.0 0
PRECIPITATION (INCHES)
TOTALS 0.48R 2.87 -2.39 1.48
DAILY AVG. 0.02 0.10 -0.08 0.05
DAYS >= .01 4 10.1 -6.1 3
DAYS >= .10 2 5.7 -3.7 3
DAYS >= .50 0 1.9 -1.9 1
DAYS >= 1.00 0 0.6 -0.6 0
GREATEST
24 HR. TOTAL 0.29 11/20 TO 11/21
DEGREE DAYS
HEATING TOTAL 664 711 -47 667
SINCE 7/1 1004 1171 -167 MM
COOLING TOTAL 0 0 0 1
SINCE 1/1 898 883 15 MM
................................................................
WIND (MPH)
AVERAGE WIND SPEED 6.4
HIGHEST WIND SPEED/DIRECTION 26/280 DATE 11/26
HIGHEST GUST SPEED/DIRECTION 38/210 DATE 11/08
SKY COVER
AVERAGE SKY COVER 0.29
AVERAGE RH (PERCENT) 66
WEATHER CONDITIONS. NUMBER OF DAYS WITH
THUNDERSTORM 0 MIXED PRECIP 1
HEAVY RAIN 0 RAIN 5
LIGHT RAIN 4 FREEZING RAIN 0
LT FREEZING RAIN 0 HAIL 0
HEAVY SNOW 0 SNOW 2
LIGHT SNOW 3 SLEET 0
FOG 11 FOG W/VIS <= 1/4 MILE 2
HAZE 1
- INDICATES NEGATIVE NUMBERS.
R INDICATES RECORD WAS SET OR TIED.
MM INDICATES DATA IS MISSING.
T INDICATES TRACE AMOUNT.
$$