000
CXUS55 KCYS 011530
CLMLAR
CLIMATE REPORT
NATIONAL WEATHER SERVICE CHEYENNE WY
930 AM MDT MON MAY 01 2023
...................................
...THE LARAMIE WYOMING AIRPORT CLIMATE SUMMARY FOR THE MONTH OF APRIL 2023...
CLIMATE NORMAL PERIOD 1991 TO 2020
CLIMATE RECORD PERIOD 1948 TO 2023
WEATHER OBSERVED NORMAL DEPART LAST YEAR`S
VALUE DATE(S) VALUE FROM VALUE DATE(S)
NORMAL
................................................................
TEMPERATURE (F)
RECORD
HIGH 77 04/24/2012
LOW -14 04/02/1975
HIGHEST 71 04/11 MM MM 72
04/12
LOWEST 2 04/05 MM MM 6
AVG. MAXIMUM 50.8 51.2 -0.4 51.6
AVG. MINIMUM 22.5 24.5 -2.0 23.1
MEAN 36.7 37.9 -1.2 37.4
DAYS MAX >= 90 0 0.0 0.0 0
DAYS MAX <= 32 2 1.8 0.2 1
DAYS MIN <= 32 27 26.1 0.9 26
DAYS MIN <= 0 0 0.4 -0.4 0
PRECIPITATION (INCHES)
RECORD
MAXIMUM 3.71 1983
TOTALS 0.08 1.04 -0.96 0.28
DAYS >= .01 3 8.6 -5.6 5
DAYS >= .10 0 3.4 -3.4 0
DAYS >= .50 0 0.2 -0.2 0
DAYS >= 1.00 0 0.0 0.0 0
GREATEST
24 HR. TOTAL 0.04 04/27 TO 04/28 0.09 04/12 TO 04/12
DEGREE DAYS
HEATING TOTAL 843 814 29 820
SINCE 7/1 7980 7912 68 MM
COOLING TOTAL 0 0 0 0
SINCE 1/1 0 0 0 MM
................................................................
WIND (MPH)
AVERAGE WIND SPEED 12.8
HIGHEST WIND SPEED/DIRECTION 43/240 DATE 04/02
43/270 04/18
HIGHEST GUST SPEED/DIRECTION 60/260 DATE 04/18
SKY COVER
POSSIBLE SUNSHINE (PERCENT) MM
AVERAGE SKY COVER 0.36
NUMBER OF DAYS FAIR 17
NUMBER OF DAYS PC 8
NUMBER OF DAYS CLOUDY 5
AVERAGE RH (PERCENT) 54
WEATHER CONDITIONS. NUMBER OF DAYS WITH
THUNDERSTORM 0 MIXED PRECIP 0
HEAVY RAIN 0 RAIN 0
LIGHT RAIN 4 FREEZING RAIN 0
LT FREEZING RAIN 0 HAIL 0
HEAVY SNOW 2 SNOW 5
LIGHT SNOW 10 SLEET 0
FOG 9 FOG W/VIS <= 1/4 MILE 4
HAZE 6
- INDICATES NEGATIVE NUMBERS.
R INDICATES RECORD WAS SET OR TIED.
MM INDICATES DATA IS MISSING.
T INDICATES TRACE AMOUNT.
$$