000
CXUS54 KLUB 010730
CF6LBB
PRELIMINARY LOCAL CLIMATOLOGICAL DATA (WS FORM: F-6)
STATION: LUBBOCK
MONTH: SEPTEMBER
YEAR: 2020
LATITUDE: 33 39 N
LONGITUDE: 101 49 W
TEMPERATURE IN F: :PCPN: SNOW: WIND :SUNSHINE: SKY :PK WND
================================================================================
1 2 3 4 5 6A 6B 7 8 9 10 11 12 13 14 15 16 17 18
12Z AVG MX 2MIN
DY MAX MIN AVG DEP HDD CDD WTR SNW DPTH SPD SPD DIR MIN PSBL S-S WX SPD DR
================================================================================
1 96 71 84 8 0 19 0.02 0.0 0 10.8 32 330 M M 7 378 40 340
2 83 62 73 -3 0 8 0.79 0.0 0 8.5 26 40 M M 5 13 35 40
3 93 64 79 3 0 14 0.00 0.0 0 6.5 16 80 M M 1 1 19 80
4 90 63 77 1 0 12 0.00 0.0 0 8.5 15 110 M M 1 20 80
5 88 63 76 1 0 11 0.00 0.0 0 7.1 16 200 M M 2 22 180
6 92 69 81 6 0 16 0.00 0.0 0 12.7 20 190 M M 1 25 180
7 93 68 81 6 0 16 0.00 0.0 0 14.8 26 180 M M 6 36 180
8 79 45 62 -12 3 0 0.05 0.0 0 19.3 35 20 M M 8 18 42 10
9 46 41 44 -30 21 0 0.17 0.0 0 19.3 32 20 M M 10 1 41 20
10 58 43 51 -23 14 0 0.01 0.0 0 9.2 20 10 M M 10 1 24 10
11 76 51 64 -9 1 0 0.00 0.0 0 6.8 16 170 M M 6 24 220
12 84 58 71 -2 0 6 0.00 0.0 0 6.5 15 210 M M 8 1 19 200
13 85 60 73 0 0 8 0.00 0.0 0 7.0 15 100 M M 7 17 120
14 81 59 70 -2 0 5 0.00 0.0 0 6.6 13 110 M M 7 21 110
15 84 61 73 1 0 8 0.00 0.0 0 5.9 12 160 M M 6 16 110
16 89 60 75 3 0 10 0.00 0.0 0 5.6 17 100 M M 4 22 90
17 85 60 73 2 0 8 0.00 0.0 0 7.5 20 40 M M 3 23 30
18 83 55 69 -2 0 4 0.00 0.0 0 7.6 17 50 M M 4 8 22 70
19 82 50 66 -4 0 1 0.00 0.0 0 7.2 18 160 M M 3 21 170
20 84 52 68 -2 0 3 0.00 0.0 0 7.1 16 140 M M 0 18 20 140
21 81 47 64 -6 1 0 0.00 0.0 0 6.1 15 130 M M 1 18 120
22 85 50 68 -2 0 3 0.00 0.0 0 5.9 14 130 M M 0 17 130
23 86 62 74 5 0 9 0.00 0.0 0 7.2 17 130 M M 4 22 140
24 92 54 73 4 0 8 0.00 0.0 0 7.9 17 200 M M 0 1 21 210
25 95 62 79 11 0 14 0.00 0.0 0 12.8 22 170 M M 0 27 170
26 100 63 82 14 0 17 0.00 0.0 0 14.3 25 200 M M 0 31 210
27 92 58 75 7 0 10 0.00 0.0 0 20.2 33 40 M M 2 7 50 40
28 70 45 58 -9 7 0 0.00 0.0 0 13.3 35 30 M M 5 46 20
29 82 38 60 -7 5 0 0.00 0.0 0 8.1 22 290 M M 1 8 25 280
30 92 48 70 3 0 5 0.00 0.0 0 6.4 14 170 M M 0 16 170
================================================================================
SM 2526 1682 52 215 1.04 0.0 286.7 M 112
================================================================================
AV 84.2 56.1 9.6 FASTST M M 4 MAX(MPH)
MISC ----> # 35 20 50 40
================================================================================
NOTES:
# LAST OF SEVERAL OCCURRENCES
COLUMN 17 PEAK WIND IN M.P.H.
PRELIMINARY LOCAL CLIMATOLOGICAL DATA (WS FORM: F-6) , PAGE 2
STATION: LUBBOCK
MONTH: SEPTEMBER
YEAR: 2020
LATITUDE: 33 39 N
LONGITUDE: 101 49 W
[TEMPERATURE DATA] [PRECIPITATION DATA] SYMBOLS USED IN COLUMN 16
AVERAGE MONTHLY: 70.1 TOTAL FOR MONTH: 1.04 1 = FOG OR MIST
DPTR FM NORMAL: -1.6 DPTR FM NORMAL: -1.47 2 = FOG REDUCING VISIBILITY
HIGHEST: 100 ON 26 GRTST 24HR 0.79 ON 1- 2 TO 1/4 MILE OR LESS
LOWEST: 38 ON 29 3 = THUNDER
SNOW, ICE PELLETS, HAIL 4 = ICE PELLETS
TOTAL MONTH: 0.0 INCH 5 = HAIL
GRTST 24HR 0.0 6 = FREEZING RAIN OR DRIZZLE
GRTST DEPTH: 0 7 = DUSTSTORM OR SANDSTORM:
VSBY 1/2 MILE OR LESS
8 = SMOKE OR HAZE
[NO. OF DAYS WITH] [WEATHER - DAYS WITH] 9 = BLOWING SNOW
X = TORNADO
MAX 32 OR BELOW: 0 0.01 INCH OR MORE: 5
MAX 90 OR ABOVE: 10 0.10 INCH OR MORE: 2
MIN 32 OR BELOW: 0 0.50 INCH OR MORE: 1
MIN 0 OR BELOW: 0 1.00 INCH OR MORE: 0
[HDD (BASE 65) ]
TOTAL THIS MO. 52 CLEAR (SCALE 0-3) 14
DPTR FM NORMAL 29 PTCLDY (SCALE 4-7) 13
TOTAL FM JUL 1 52 CLOUDY (SCALE 8-10) 3
DPTR FM NORMAL 29
[CDD (BASE 65) ]
TOTAL THIS MO. 215
DPTR FM NORMAL -8 [PRESSURE DATA]
TOTAL FM JAN 1 2206 HIGHEST SLP M ON M
DPTR FM NORMAL 457 LOWEST SLP 29.56 ON 26
[REMARKS]
#FINAL-09-20#