000
CXUS54 KLUB 011312
CF6LBB
PRELIMINARY LOCAL CLIMATOLOGICAL DATA (WS FORM: F-6)
STATION: LUBBOCK
MONTH: AUGUST
YEAR: 2020
LATITUDE: 33 39 N
LONGITUDE: 101 49 W
TEMPERATURE IN F: :PCPN: SNOW: WIND :SUNSHINE: SKY :PK WND
================================================================================
1 2 3 4 5 6A 6B 7 8 9 10 11 12 13 14 15 16 17 18
12Z AVG MX 2MIN
DY MAX MIN AVG DEP HDD CDD WTR SNW DPTH SPD SPD DIR MIN PSBL S-S WX SPD DR
================================================================================
1 97 63 80 0 0 15 0.00 0.0 0 6.5 18 10 M M 5 22 10
2 95 67 81 1 0 16 0.11 0.0 0 8.4 40 360 M M 6 138 40 360
3 88 65 77 -3 0 12 0.20 0.0 0 6.4 16 170 M M 5 13 21 160
4 96 68 82 2 0 17 0.00 0.0 0 11.5 22 180 M M 4 29 150
5 92 68 80 0 0 15 0.00 0.0 0 12.2 24 70 M M 4 29 70
6 102 72 87 7 0 22 0.00 0.0 0 15.0 31 210 M M 7 42 210
7 100 74 87 7 0 22 T 0.0 0 15.7 28 280 M M 6 3 35 280
8 98 75 87 7 0 22 0.00 0.0 0 14.0 22 170 M M 4 31 170
9 98 75 87 7 0 22 0.00 0.0 0 15.1 26 280 M M 4 33 180
10 98 75 87 7 0 22 0.00 0.0 0 15.1 24 190 M M 4 29 150
11 100 74 87 7 0 22 0.06 0.0 0 15.4 29 200 M M 5 3 37 180
12 104 78 91 11 0 26 0.00 0.0 0 14.2 24 210 M M 3 32 210
13 107 75 91 11 0 26 0.00 0.0 0 11.8 22 220 M M 2 3 27 220
14 107 80 94 14 0 29 0.00 0.0 0 12.3 33 70 M M 7 8 42 70
15 102 69 86 7 0 21 0.00 0.0 0 9.8 30 300 M M 6 8 35 300
16 98 72 85 6 0 20 0.00 0.0 0 8.4 30 120 M M 8 37 130
17 91 68 80 1 0 15 T 0.0 0 5.8 22 30 M M 7 29 30
18 94 63 79 0 0 14 0.00 0.0 0 6.1 14 130 M M 2 16 130
19 96 66 81 2 0 16 T 0.0 0 10.8 21 120 M M 4 25 130
20 93 69 81 2 0 16 T 0.0 0 15.4 26 140 M M 4 35 150
21 94 65 80 1 0 15 0.00 0.0 0 9.1 20 190 M M 4 28 180
22 95 66 81 3 0 16 0.00 0.0 0 9.1 16 140 M M 2 21 130
23 95 65 80 2 0 15 0.00 0.0 0 8.7 17 120 M M 1 21 120
24 93 65 79 1 0 14 0.00 0.0 0 9.3 21 150 M M 1 24 130
25 93 64 79 1 0 14 0.00 0.0 0 6.6 15 140 M M 1 20 150
26 94 62 78 0 0 13 0.00 0.0 0 8.5 17 140 M M 1 23 140
27 98 67 83 5 0 18 0.00 0.0 0 9.0 17 170 M M 1 27 190
28 103 75 89 12 0 24 0.00 0.0 0 13.1 21 200 M M 1 26 200
29 97 69 83 6 0 18 0.02 0.0 0 10.8 31 30 M M 3 78 37 30
30 97 67 82 5 0 17 0.15 0.0 0 10.4 24 40 M M 6 1 31 40
31 91 73 82 6 0 17 T 0.0 0 10.2 18 340 M M 7 23 260
================================================================================
SM 3006 2154 0 571 0.54 0.0 334.7 M 125
================================================================================
AV 97.0 69.5 10.8 FASTST M M 4 MAX(MPH)
MISC ----> 40 360 # 42 210
================================================================================
NOTES:
# LAST OF SEVERAL OCCURRENCES
COLUMN 17 PEAK WIND IN M.P.H.
PRELIMINARY LOCAL CLIMATOLOGICAL DATA (WS FORM: F-6) , PAGE 2
STATION: LUBBOCK
MONTH: AUGUST
YEAR: 2020
LATITUDE: 33 39 N
LONGITUDE: 101 49 W
[TEMPERATURE DATA] [PRECIPITATION DATA] SYMBOLS USED IN COLUMN 16
AVERAGE MONTHLY: 83.2 TOTAL FOR MONTH: 0.54 1 = FOG OR MIST
DPTR FM NORMAL: 4.2 DPTR FM NORMAL: -1.37 2 = FOG REDUCING VISIBILITY
HIGHEST: 107 ON 14,13 GRTST 24HR 0.31 ON 2- 3 TO 1/4 MILE OR LESS
LOWEST: 62 ON 26 3 = THUNDER
SNOW, ICE PELLETS, HAIL 4 = ICE PELLETS
TOTAL MONTH: 0.0 INCH 5 = HAIL
GRTST 24HR 0.0 6 = FREEZING RAIN OR DRIZZLE
GRTST DEPTH: 0 7 = DUSTSTORM OR SANDSTORM:
VSBY 1/2 MILE OR LESS
8 = SMOKE OR HAZE
[NO. OF DAYS WITH] [WEATHER - DAYS WITH] 9 = BLOWING SNOW
X = TORNADO
MAX 32 OR BELOW: 0 0.01 INCH OR MORE: 5
MAX 90 OR ABOVE: 30 0.10 INCH OR MORE: 3
MIN 32 OR BELOW: 0 0.50 INCH OR MORE: 0
MIN 0 OR BELOW: 0 1.00 INCH OR MORE: 0
[HDD (BASE 65) ]
TOTAL THIS MO. 0 CLEAR (SCALE 0-3) 10
DPTR FM NORMAL 0 PTCLDY (SCALE 4-7) 21
TOTAL FM JUL 1 0 CLOUDY (SCALE 8-10) 0
DPTR FM NORMAL 0
[CDD (BASE 65) ]
TOTAL THIS MO. 571
DPTR FM NORMAL 138 [PRESSURE DATA]
TOTAL FM JAN 1 1991 HIGHEST SLP 30.23 ON 17
DPTR FM NORMAL 465 LOWEST SLP 29.59 ON 30
[REMARKS]
#FINAL-08-20#