000
CXUS54 KLUB 011441
CLMLBB
CLIMATE REPORT
NATIONAL WEATHER SERVICE LUBBOCK TX
841 AM CST THU FEB 01 2024
...................................
...THE LUBBOCK CLIMATE SUMMARY FOR THE MONTH OF JANUARY 2024...
CLIMATE NORMAL PERIOD 1991 TO 2020
CLIMATE RECORD PERIOD 1911 TO 2024
WEATHER OBSERVED NORMAL DEPART LAST YEAR`S
VALUE DATE(S) VALUE FROM VALUE DATE(S)
NORMAL
................................................................
TEMPERATURE (F)
RECORD
HIGH 87 01/17/1914
LOW -16 01/13/1963
HIGHEST 71 01/18 77 01/06
01/10
LOWEST 5 01/16 17 01/30
01/31
AVG. MAXIMUM 51.1 55.0 -3.9 57.2
AVG. MINIMUM 25.5 27.2 -1.7 30.7
MEAN 38.3 41.1 -2.8 44.0
DAYS MAX >= 90 0 0.0 0.0 0
DAYS MAX <= 32 3 1.6 1.4 2
DAYS MIN <= 32 24 24.2 -0.2 18
DAYS MIN <= 0 0 0.0 0.0 0
PRECIPITATION (INCHES)
RECORD
MAXIMUM 4.05 1949
MINIMUM 0.00 2014
TOTALS 0.94 0.65 0.29 0.60
DAILY AVG. 0.03 0.02 0.01 0.02
DAYS >= .01 5 3.5 1.5 3
DAYS >= .10 3 1.4 1.6 1
DAYS >= .50 0 0.4 -0.4 1
DAYS >= 1.00 0 0.1 -0.1 0
GREATEST
24 HR. TOTAL 0.44 01/23 TO 01/24
SNOWFALL (INCHES)
RECORDS
TOTAL 25.3 1983
24 HR TOTAL 16.3 01/20/1983 TO 01/21/1983
SNOW DEPTH 17 01/21/1983
01/22/1983
TOTALS T 1.6 -1.6 7.2
SINCE 7/1 T 5.1 -5.1 MM
SNOWDEPTH AVG. 0 0
DAYS >= TRACE 2 1.6 0.4 2
DAYS >= 1.0 0 0.6 -0.6 1
GREATEST
SNOW DEPTH 0 4 01/24
24 HR TOTAL T 7.2 01/24 TO 01/24
DEGREE DAYS
HEATING TOTAL 819 741 78 646
SINCE 7/1 1954 2096 -142 MM
COOLING TOTAL 0 0 0 0
SINCE 1/1 0 0 0 MM
................................................................
WIND (MPH)
AVERAGE WIND SPEED 10.7
HIGHEST WIND SPEED/DIRECTION 47/320 DATE 01/08
HIGHEST GUST SPEED/DIRECTION 68/310 DATE 01/08
SKY COVER
POSSIBLE SUNSHINE (PERCENT) MM
AVERAGE SKY COVER 0.48
NUMBER OF DAYS FAIR 11
NUMBER OF DAYS PC 13
NUMBER OF DAYS CLOUDY 7
AVERAGE RH (PERCENT) 61
WEATHER CONDITIONS. NUMBER OF DAYS WITH
THUNDERSTORM 0 MIXED PRECIP 0
HEAVY RAIN 0 RAIN 2
LIGHT RAIN 7 FREEZING RAIN 0
LT FREEZING RAIN 0 HAIL 0
HEAVY SNOW 0 SNOW 0
LIGHT SNOW 2 SLEET 0
FOG 10 FOG W/VIS <= 1/4 MILE 8
HAZE 3
- INDICATES NEGATIVE NUMBERS.
R INDICATES RECORD WAS SET OR TIED.
MM INDICATES DATA IS MISSING.
T INDICATES TRACE AMOUNT.
$$