000
CXUS52 KMLB 010632
CF6LEE
PRELIMINARY LOCAL CLIMATOLOGICAL DATA (WS FORM: F-6)
STATION: LEESBURG
MONTH: APRIL
YEAR: 2021
LATITUDE: 28 49 N
LONGITUDE: 81 49 W
TEMPERATURE IN F: :PCPN: SNOW: WIND :SUNSHINE: SKY :PK WND
================================================================================
1 2 3 4 5 6A 6B 7 8 9 10 11 12 13 14 15 16 17 18
12Z AVG MX 2MIN
DY MAX MIN AVG DEP HDD CDD WTR SNW DPTH SPD SPD DIR MIN PSBL S-S WX SPD DR
================================================================================
1 73 54 64 -4 1 0 0.00 0.0 0 10.2 25 330 M M 4 8 32 340
2 67 46 57 -11 8 0 0.00 0.0 0 12.1 21 50 M M 0 26 20
3 72 45 59 -10 6 0 0.00 0.0 0 10.3 18 60 M M 2 26 40
4 75 52 64 -5 1 0 0.00 0.0 0 5.8 12 90 M M 0 16 70
5 78 54 66 -3 0 1 0.00 0.0 0 3.8 12 100 M M 1 15 80
6 80 56 68 -1 0 3 0.00 0.0 0 3.1 8 290 M M 0 8 12 260
7 83 57 70 1 0 5 0.00 0.0 0 2.1 10 270 M M 0 16 260
8 83 59 71 1 0 6 0.00 0.0 0 4.1 12 180 M M 0 33 210
9 86 62 74 4 0 9 0.00 0.0 0 6.1 16 120 M M 1 21 100
10 88 62 75 5 0 10 0.40 0.0 0 10.5 30 270 M M 2 13 44 300
11 69 60 65 -5 0 0 2.46 0.0 0 6.1 24 130 M M 6 123 31 150
12 83 63 73 3 0 8 0.00 0.0 0 5.1 10 290 M M 3 1 14 10
13 90 62 76 6 0 11 0.00 0.0 0 6.3 14 70 M M 0 18 40
14 87 63 75 4 0 10 0.00 0.0 0 4.6 14 140 M M 1 18 170
15 84 67 76 5 0 11 0.00 0.0 0 8.5 22 260 M M 2 33 260
16 82 67 75 4 0 10 0.00 0.0 0 4.3 14 30 M M 6 3 19 210
17 86 67 77 6 0 12 0.18 0.0 0 7.4 26 10 M M 7 13 34 360
18 80 68 74 3 0 9 0.61 0.0 0 3.5 21 310 M M 7 13 31 310
19 74 64 69 -3 0 4 0.30 0.0 0 4.2 14 350 M M 7 1 17 330
20 72 66 69 -3 0 4 1.98 0.0 0 5.6 16 60 M M 7 123 20 60
21 84 65 75 3 0 10 0.15 0.0 0 5.7 15 280 M M 4 1 20 280
22 79 57 68 -4 0 3 0.00 0.0 0 9.1 17 10 M M 0 23 10
23 81 58 70 -2 0 5 0.00 0.0 0 9.9 17 110 M M 1 22 110
24 88 68 78 6 0 13 0.00 0.0 0 10.8 18 190 M M 2 25 190
25 86 66 76 3 0 11 T 0.0 0 7.7 15 280 M M 3 13 22 260
26 86 61 74 1 0 9 0.00 0.0 0 7.3 17 70 M M 1 1 23 80
27 84 65 75 2 0 10 0.00 0.0 0 8.2 16 100 M M 1 20 110
28 85 63 74 1 0 9 0.00 0.0 0 6.8 14 100 M M 1 1 18 150
29 90 69 80 6 0 15 0.00 0.0 0 6.1 15 170 M M 2 1 21 180
30 88 68 78 4 0 13 0.00 0.0 0 5.6 14 290 M M 2 19 280
================================================================================
SM 2443 1834 16 211 6.08 0.0 200.9 M 73
================================================================================
AV 81.4 61.1 6.7 FASTST M M 2 MAX(MPH)
MISC ----> 30 270 44 300
================================================================================
NOTES:
# LAST OF SEVERAL OCCURRENCES
COLUMN 17 PEAK WIND IN M.P.H.
PRELIMINARY LOCAL CLIMATOLOGICAL DATA (WS FORM: F-6) , PAGE 2
STATION: LEESBURG
MONTH: APRIL
YEAR: 2021
LATITUDE: 28 49 N
LONGITUDE: 81 49 W
[TEMPERATURE DATA] [PRECIPITATION DATA] SYMBOLS USED IN COLUMN 16
AVERAGE MONTHLY: 71.3 TOTAL FOR MONTH: 6.08 1 = FOG OR MIST
DPTR FM NORMAL: 0.4 DPTR FM NORMAL: 3.57 2 = FOG REDUCING VISIBILITY
HIGHEST: 90 ON 29,13 GRTST 24HR 2.86 ON 10-11 TO 1/4 MILE OR LESS
LOWEST: 45 ON 3 3 = THUNDER
SNOW, ICE PELLETS, HAIL 4 = ICE PELLETS
TOTAL MONTH: 0.0 INCH 5 = HAIL
GRTST 24HR 0.0 6 = FREEZING RAIN OR DRIZZLE
GRTST DEPTH: 0 7 = DUSTSTORM OR SANDSTORM:
VSBY 1/2 MILE OR LESS
8 = SMOKE OR HAZE
[NO. OF DAYS WITH] [WEATHER - DAYS WITH] 9 = BLOWING SNOW
X = TORNADO
MAX 32 OR BELOW: 0 0.01 INCH OR MORE: 7
MAX 90 OR ABOVE: 2 0.10 INCH OR MORE: 7
MIN 32 OR BELOW: 0 0.50 INCH OR MORE: 3
MIN 0 OR BELOW: 0 1.00 INCH OR MORE: 2
[HDD (BASE 65) ]
TOTAL THIS MO. 16 CLEAR (SCALE 0-3) 21
DPTR FM NORMAL 0 PTCLDY (SCALE 4-7) 9
TOTAL FM JUL 1 568 CLOUDY (SCALE 8-10) 0
DPTR FM NORMAL -132
[CDD (BASE 65) ]
TOTAL THIS MO. 211
DPTR FM NORMAL 16 [PRESSURE DATA]
TOTAL FM JAN 1 543 HIGHEST SLP M ON M
DPTR FM NORMAL 173 LOWEST SLP 29.67 ON 11
[REMARKS]
#FINAL-04-21#