000
CXUS54 KFWD 010730
CF6LHB
PRELIMINARY LOCAL CLIMATOLOGICAL DATA (WS FORM: F-6)
STATION: HEARNE
MONTH: OCTOBER
YEAR: 2022
LATITUDE: 30 52 N
LONGITUDE: 96 36 W
TEMPERATURE IN F: :PCPN: SNOW: WIND :SUNSHINE: SKY :PK WND
================================================================================
1 2 3 4 5 6A 6B 7 8 9 10 11 12 13 14 15 16 17 18
12Z AVG MX 2MIN
DY MAX MIN AVG DEP HDD CDD WTR SNW DPTH SPD SPD DIR MIN PSBL S-S WX SPD DR
================================================================================
1 86 48 67 M 0 2 0.00 M M 1.0 6 50 M M 0 M M
2 86 49 68 M 0 3 0.00 M M 1.0 9 30 M M 0 8 M M
3 89 49 69 M 0 4 0.00 M M 0.8 6 80 M M 0 M M
4 89 59 74 M 0 9 0.00 M M 1.9 8 60 M M 0 M M
5 90 53 72 M 0 7 0.00 M M 1.1 9 30 M M 0 M M
6 91 58 75 M 0 10 0.00 M M 1.2 7 50 M M 0 16 340
7 88 61 75 M 0 10 0.00 M M 1.5 8 30 M M 0 M M
8 89 58 74 M 0 9 0.00 M M 4.1 9 50 M M 0 17 50
9 88 56 72 M 0 7 0.00 M M 0.9 6 130 M M 0 M M
10 88 58 73 M 0 8 0.00 M M 2.5 8 150 M M 0 M M
11 89 63 76 M 0 11 0.00 M M 5.6 15 160 M M 1 22 190
12 96 69 83 M 0 18 0.00 M M 5.4 13 60 M M 4 1 17 230
13 89 59 74 M 0 9 0.00 M M 5.8 12 60 M M 0 18 50
14 90 51 71 M 0 6 0.00 M M 3.7 12 180 M M 0 M M
15 94 66 80 M 0 15 0.00 M M 5.3 12 170 M M 2 20 190
16 91 69 80 M 0 15 0.00 M M 6.1 13 10 M M 5 23 360
17 75 53 64 M 1 0 0.29 M M 10.0 18 10 M M 4 27 360
18 69 44 57 M 8 0 0.00 M M 6.6 16 350 M M 0 22 350
19 70 37 54 M 11 0 0.00 M M 1.2 8 360 M M 0 M M
20 84 48 66 M 0 1 0.00 M M 4.9 18 210 M M 0 22 210
21 87 57 72 M 0 7 0.00 M M 7.1 15 160 M M 0 21 190
22 88 61 75 M 0 10 0.00 M M 11.7 22 180 M M 2 28 180
23 89 65 77 M 0 12 0.00 M M 11.2 18 160 M M 5 28 160
24 86 58 72 M 0 7 0.87 M M 12.7 20 160 M M 10 3 30 160
25 74 48 61 M 4 0 0.12 M M 8.8 21 340 M M 1 31 300
26 76 43 60 M 5 0 0.00 M M 0.4 6 120 M M 0 M M
27 79 46 63 M 2 0 0.00 M M 3.5 9 140 M M 2 21 140
28 66 57 62 M 3 0 0.92 M M 7.8 22 330 M M 10 26 330
29 64 55 60 M 5 0 0.00 M M 6.7 14 300 M M 8 18 300
30 76 51 64 M 1 0 0.00 M M 2.2 9 290 M M 0 1 21 290
31 77 50 64 M 1 0 0.00 M M 0.3 3 150 M M 0 M M
================================================================================
SM 2593 1699 41 180 2.20 M 142.9 M 54
================================================================================
AV 83.6 54.8 4.6 FASTST M M 2 MAX(MPH)
MISC ----> 22 180 31 300
================================================================================
NOTES:
# LAST OF SEVERAL OCCURRENCES
COLUMN 17 PEAK WIND IN M.P.H.
PRELIMINARY LOCAL CLIMATOLOGICAL DATA (WS FORM: F-6) , PAGE 2
STATION: HEARNE
MONTH: OCTOBER
YEAR: 2022
LATITUDE: 30 52 N
LONGITUDE: 96 36 W
[TEMPERATURE DATA] [PRECIPITATION DATA] SYMBOLS USED IN COLUMN 16
AVERAGE MONTHLY: 69.2 TOTAL FOR MONTH: 2.20 1 = FOG OR MIST
DPTR FM NORMAL: 0.0 DPTR FM NORMAL: M 2 = FOG REDUCING VISIBILITY
HIGHEST: 96 ON 12 GRTST 24HR 0.92 ON 28-28 TO 1/4 MILE OR LESS
LOWEST: 37 ON 19 3 = THUNDER
SNOW, ICE PELLETS, HAIL 4 = ICE PELLETS
TOTAL MONTH: M 5 = HAIL
GRTST 24HR M ON M 6 = FREEZING RAIN OR DRIZZLE
GRTST DEPTH: M ON M 7 = DUSTSTORM OR SANDSTORM:
VSBY 1/2 MILE OR LESS
8 = SMOKE OR HAZE
[NO. OF DAYS WITH] [WEATHER - DAYS WITH] 9 = BLOWING SNOW
X = TORNADO
MAX 32 OR BELOW: 0 0.01 INCH OR MORE: 4
MAX 90 OR ABOVE: 6 0.10 INCH OR MORE: 4
MIN 32 OR BELOW: 0 0.50 INCH OR MORE: 2
MIN 0 OR BELOW: 0 1.00 INCH OR MORE: 0
[HDD (BASE 65) ]
TOTAL THIS MO. 41 CLEAR (SCALE 0-3) 24
DPTR FM NORMAL M PTCLDY (SCALE 4-7) 4
TOTAL FM JUL 1 41 CLOUDY (SCALE 8-10) 3
DPTR FM NORMAL M
[CDD (BASE 65) ]
TOTAL THIS MO. 180
DPTR FM NORMAL M [PRESSURE DATA]
TOTAL FM JAN 1 3476 HIGHEST SLP M ON M
DPTR FM NORMAL M LOWEST SLP M ON M
[REMARKS]
#FINAL-10-22#