000
CXHW51 PHFO 231250
CF6LIH
PRELIMINARY LOCAL CLIMATOLOGICAL DATA (WS FORM: F-6)
STATION: LIHUE HI
MONTH: APRIL
YEAR: 2024
LATITUDE: 21 58 N
LONGITUDE: 159 21 W
TEMPERATURE IN F: :PCPN: SNOW: WIND :SUNSHINE: SKY :PK WND
================================================================================
1 2 3 4 5 6A 6B 7 8 9 10 11 12 13 14 15 16 17 18
12Z AVG MX 2MIN
DY MAX MIN AVG DEP HDD CDD WTR SNW DPTH SPD SPD DIR MIN PSBL S-S WX SPD DR
================================================================================
1 80 71 76 2 0 11 0.01 M M 15.6 24 70 M M 8 18 28 70
2 80 70 75 1 0 10 0.00 M M 17.6 24 80 M M 6 8 29 80
3 81 73 77 3 0 12 0.00 M M 21.7 28 80 M M 9 34 80
4 81 73 77 3 0 12 0.00 M M 19.8 28 70 M M 8 32 70
5 78 68 73 -1 0 8 0.00 M M 22.7 31 70 M M 9 18 38 70
6 79 69 74 0 0 9 0.00 M M 22.4 29 60 M M 8 8 33 60
7 79 67 73 -1 0 8 0.00 M M 17.9 29 90 M M 9 18 36 60
8 81 70 76 2 0 11 0.00 M M 15.4 23 70 M M 5 8 28 70
9 80 72 76 2 0 11 0.00 M M 15.7 22 70 M M 6 8 25 70
10 80 71 76 2 0 11 0.00 M M 9.5 16 70 M M 5 8 20 90
11 77 68 73 -1 0 8 3.65 M M 8.2 30 110 M M 8 18 39 110
12 80 69 75 1 0 10 8.17 M M 13.1 32 360 M M 8 12 38 60
13 82 72 77 2 0 12 0.24 M M 10.6 22 180 M M 9 18 27 200
14 76 67 72 -3 0 7 M M M 9.3 22 180 M M 8 18 29 180
15 81 65 73 -2 0 8 0.00 M M 8.6 18 80 M M 3 18 80
16 80 66 73 -2 0 8 0.00 M M 11.2 23 30 M M 7 18 30 50
17 79 66 73 -2 0 8 T M M 11.7 21 60 M M 6 8 26 70
18 74 67 71 -4 0 6 0.29 M M 15.6 23 50 M M 10 18 29 60
19 76 70 73 -2 0 8 0.02 M M 16.8 25 40 M M 8 18 31 50
20 79 64 72 -3 0 7 0.00 M M 12.6 20 50 M M 4 24 40
21 80 71 76 1 0 11 T M M 17.3 24 50 M M 4 30 50
22 79 69 74 -1 0 9 0.02 M M 17.3 24 40 M M 5 1 33 70
================================================================================
SM 1742 1518 0 205 12.40 M 330.6 M 153
================================================================================
AV 79.2 69.0 15.0 FASTST M M 7 MAX(MPH)
MISC ----> 32 360 39 110
================================================================================
NOTES:
# LAST OF SEVERAL OCCURRENCES
COLUMN 17 PEAK WIND IN M.P.H.
PRELIMINARY LOCAL CLIMATOLOGICAL DATA (WS FORM: F-6) , PAGE 2
STATION: LIHUE HI
MONTH: APRIL
YEAR: 2024
LATITUDE: 21 58 N
LONGITUDE: 159 21 W
[TEMPERATURE DATA] [PRECIPITATION DATA] SYMBOLS USED IN COLUMN 16
AVERAGE MONTHLY: 74.1 TOTAL FOR MONTH: 12.40 1 = FOG OR MIST
DPTR FM NORMAL: -0.4 DPTR FM NORMAL: 10.83 2 = FOG REDUCING VISIBILITY
HIGHEST: 82 ON 13 GRTST 24HR 11.82 ON 11-12 TO 1/4 MILE OR LESS
LOWEST: 64 ON 20 3 = THUNDER
SNOW, ICE PELLETS, HAIL 4 = ICE PELLETS
TOTAL MONTH: M 5 = HAIL
GRTST 24HR M ON M 6 = FREEZING RAIN OR DRIZZLE
GRTST DEPTH: M ON M 7 = DUSTSTORM OR SANDSTORM:
VSBY 1/2 MILE OR LESS
8 = SMOKE OR HAZE
[NO. OF DAYS WITH] [WEATHER - DAYS WITH] 9 = BLOWING SNOW
X = TORNADO
MAX 32 OR BELOW: 0 0.01 INCH OR MORE: 7
MAX 90 OR ABOVE: 0 0.10 INCH OR MORE: 4
MIN 32 OR BELOW: 0 0.50 INCH OR MORE: 2
MIN 0 OR BELOW: 0 1.00 INCH OR MORE: 2
[HDD (BASE 65) ]
TOTAL THIS MO. 0 CLEAR (SCALE 0-3) 1
DPTR FM NORMAL 0 PTCLDY (SCALE 4-7) 15
TOTAL FM JUL 1 0 CLOUDY (SCALE 8-10) 6
DPTR FM NORMAL 0
[CDD (BASE 65) ]
TOTAL THIS MO. 205
DPTR FM NORMAL -5 [PRESSURE DATA]
TOTAL FM JAN 1 878 HIGHEST SLP M ON M
DPTR FM NORMAL -3 LOWEST SLP 29.84 ON 15
[REMARKS]