000
CXHW51 PHFO 011712 CCA
CLMLIH
CLIMATE REPORT
NATIONAL WEATHER SERVICE HONOLULU HI
625 AM HST FRI SEP 01 2023
...................................
...THE LIHUE HI CLIMATE SUMMARY FOR THE MONTH OF AUGUST 2023...
CLIMATE NORMAL PERIOD 1991 TO 2020
CLIMATE RECORD PERIOD 1950 TO 2023
WEATHER OBSERVED NORMAL DEPART LAST YEAR`S
VALUE DATE(S) VALUE FROM VALUE DATE(S)
NORMAL
................................................................
TEMPERATURE (F)
RECORD
HIGH 91 08/31/2019
08/25/2019
LOW 66 08/10/1957
08/08/1979
08/09/1979
HIGHEST 89 08/22 85 4 86 08/02
08/24
08/29
08/24
08/25
LOWEST 75 08/02 75 0 68 08/21
08/19
08/17
AVG. MAXIMUM 87.9 85.2 2.7 83.4
AVG. MINIMUM 78.0 75.2 2.8 72.8
MEAN 83.0 80.2 2.8 78.1
DAYS MAX >= 93 0 0
DAYS MAX >= 90 0 0
DAYS MAX <= 80 0 0
DAYS MIN >= 72 31 22
DAYS MIN <= 60 0 0
DAYS MIN <= 55 0 0
PRECIPITATION (INCHES)
RECORD
MAXIMUM 8.13 1959
MINIMUM 0.44 2007
TOTALS 0.89 2.33 -1.44 2.19
DAILY AVG. 0.03 0.08 -0.05 0.07
DAYS >= .01 16 18.0 -2.0 15
DAYS >= .10 3 5.3 -2.3 4
DAYS >= .50 0 0.9 -0.9 1
DAYS >= 1.00 0 0.4 -0.4 0
GREATEST
24 HR. TOTAL 0.17 08/24 TO 08/25 0.93
SNOWFALL (INCHES)
RECORDS
TOTAL MM MM
TOTALS MM MM MM MM
SINCE 7/1 MM 0.0 MM MM
SNOWDEPTH AVG. MM MM
DAYS >= 1.0 MM MM MM MM
GREATEST
SNOW DEPTH MM MM MM
24 HR TOTAL MM MM
DEGREE DAYS
HEATING TOTAL 0 0 0 0
SINCE 7/1 0 0 0 MM
COOLING TOTAL 562 471 91 373
SINCE 1/1 2998 2634 364 MM
................................................................
WIND (MPH)
AVERAGE WIND SPEED 14.9
HIGHEST WIND SPEED/DIRECTION 31/070 DATE 08/29
HIGHEST GUST SPEED/DIRECTION 37/070 DATE 08/29
SKY COVER
POSSIBLE SUNSHINE (PERCENT) MM
AVERAGE SKY COVER 0.50
NUMBER OF DAYS FAIR 7
NUMBER OF DAYS PC 20
NUMBER OF DAYS CLOUDY 4
AVERAGE RH (PERCENT) 68
WEATHER CONDITIONS. NUMBER OF DAYS WITH
THUNDERSTORM MM MIXED PRECIP MM
HEAVY RAIN 3 RAIN 2
LIGHT RAIN 16 FREEZING RAIN MM
LT FREEZING RAIN MM HAIL MM
HEAVY SNOW MM SNOW MM
LIGHT SNOW MM SLEET MM
FOG 3 FOG W/VIS <= 1/4 MILE MM
HAZE 9
- INDICATES NEGATIVE NUMBERS.
R INDICATES RECORD WAS SET OR TIED.
MM INDICATES DATA IS MISSING.
T INDICATES TRACE AMOUNT.
$$