000
CXUS55 KPIH 011100
CF6LLJ
PRELIMINARY LOCAL CLIMATOLOGICAL DATA (WS FORM: F-6)
STATION: CHALLIS
MONTH: AUGUST
YEAR: 2023
LATITUDE: 44 31 N
LONGITUDE: 114 13 W
TEMPERATURE IN F: :PCPN: SNOW: WIND :SUNSHINE: SKY :PK WND
================================================================================
1 2 3 4 5 6A 6B 7 8 9 10 11 12 13 14 15 16 17 18
12Z AVG MX 2MIN
DY MAX MIN AVG DEP HDD CDD WTR SNW DPTH SPD SPD DIR MIN PSBL S-S WX SPD DR
================================================================================
1 94 49 72 1 0 7 0.00 M M 3.7 13 180 M M 0 18 170
2 87 56 72 2 0 7 0.00 M M 4.5 14 320 M M 1 19 310
3 84 55 70 0 0 5 0.00 M M 3.2 17 30 M M 2 24 30
4 74 56 65 -5 0 0 0.01 M M 3.3 15 10 M M 9 1 22 20
5 78 51 65 -5 0 0 0.04 M M 4.6 29 200 M M 4 13 41 190
6 72 46 59 -11 6 0 0.09 M M 3.7 26 270 M M 3 3 35 270
7 75 45 60 -10 5 0 0.30 M M 3.3 13 290 M M 4 13 17 300
8 72 51 62 -8 3 0 0.05 M M 2.0 8 120 M M 7 12 140
9 84 48 66 -3 0 1 0.00 M M 3.3 16 330 M M 2 22 310
10 85 49 67 -2 0 2 0.00 M M 5.4 21 250 M M 0 37 240
11 89 47 68 -1 0 3 0.00 M M 4.7 14 310 M M 0 24 260
12 90 48 69 0 0 4 0.00 M M 4.1 14 350 M M 0 21 340
13 87 50 69 1 0 4 0.00 M M 5.0 13 20 M M 0 18 20
14 93 53 73 5 0 8 0.00 M M 1.7 10 130 M M 0 13 130
15 97 53 75 7 0 10 0.00 M M 3.4 12 270 M M 0 18 270
16 97 57 77 9 0 12 0.00 M M 3.3 10 310 M M 0 14 310
17 98 54 76 9 0 11 T M M 5.2 16 260 M M 2 22 260
18 90 64 77 10 0 12 0.00 M M 9.2 29 260 M M 2 42 290
19 82 55 69 2 0 4 0.05 M M 4.1 20 150 M M 4 13 30 140
20 62 58 60 -6 5 0 1.04 M M 2.1 8 330 M M 9 1 9 330
21 75 58 67 1 0 2 0.34 M M 3.5 20 160 M M 9 1 27 160
22 81 54 68 2 0 3 0.20 M M 6.0 26 190 M M 3 13 36 200
23 80 49 65 -1 0 0 0.04 M M 4.4 15 270 M M 3 1 26 290
24 85 47 66 1 0 1 T M M 2.5 12 320 M M 1 16 310
25 86 54 70 5 0 5 T M M 5.0 21 260 M M 2 3 26 360
26 81 52 67 2 0 2 T M M 3.4 23 240 M M 0 3 32 220
27 86 55 71 7 0 6 0.02 M M 3.3 24 290 M M 1 3 39 240
28 88 51 70 6 0 5 0.00 M M 2.2 7 240 M M 1 10 90
29 88 50 69 5 0 4 0.01 M M 5.1 39 210 M M 2 3 60 210
30 73 48 61 -3 4 0 0.00 M M 7.5 20 280 M M 0 28 280
31 81 42 62 -1 3 0 0.00 M M 2.4 9 220 M M 0 13 10
================================================================================
SM 2594 1605 26 118 2.19 M 125.1 M 71
================================================================================
AV 83.7 51.8 4.0 FASTST M M 2 MAX(MPH)
MISC ----> 39 210 60 210
================================================================================
NOTES:
# LAST OF SEVERAL OCCURRENCES
COLUMN 17 PEAK WIND IN M.P.H.
PRELIMINARY LOCAL CLIMATOLOGICAL DATA (WS FORM: F-6) , PAGE 2
STATION: CHALLIS
MONTH: AUGUST
YEAR: 2023
LATITUDE: 44 31 N
LONGITUDE: 114 13 W
[TEMPERATURE DATA] [PRECIPITATION DATA] SYMBOLS USED IN COLUMN 16
AVERAGE MONTHLY: 67.7 TOTAL FOR MONTH: 2.19 1 = FOG OR MIST
DPTR FM NORMAL: 0.3 DPTR FM NORMAL: 1.74 2 = FOG REDUCING VISIBILITY
HIGHEST: 98 ON 17 GRTST 24HR 1.18 ON 20-21 TO 1/4 MILE OR LESS
LOWEST: 42 ON 31 3 = THUNDER
SNOW, ICE PELLETS, HAIL 4 = ICE PELLETS
TOTAL MONTH: M 5 = HAIL
GRTST 24HR M ON M 6 = FREEZING RAIN OR DRIZZLE
GRTST DEPTH: M ON M 7 = DUSTSTORM OR SANDSTORM:
VSBY 1/2 MILE OR LESS
8 = SMOKE OR HAZE
[NO. OF DAYS WITH] [WEATHER - DAYS WITH] 9 = BLOWING SNOW
X = TORNADO
MAX 32 OR BELOW: 0 0.01 INCH OR MORE: 12
MAX 90 OR ABOVE: 7 0.10 INCH OR MORE: 4
MIN 32 OR BELOW: 0 0.50 INCH OR MORE: 1
MIN 0 OR BELOW: 0 1.00 INCH OR MORE: 1
[HDD (BASE 65) ]
TOTAL THIS MO. 26 CLEAR (SCALE 0-3) 24
DPTR FM NORMAL -10 PTCLDY (SCALE 4-7) 4
TOTAL FM JUL 1 28 CLOUDY (SCALE 8-10) 3
DPTR FM NORMAL -24
[CDD (BASE 65) ]
TOTAL THIS MO. 118
DPTR FM NORMAL 8 [PRESSURE DATA]
TOTAL FM JAN 1 327 HIGHEST SLP 30.18 ON 14
DPTR FM NORMAL 29 LOWEST SLP 29.63 ON 17
[REMARKS]
#FINAL-08-23#